-- phpMyAdmin SQL Dump
-- version 5.2.1
-- https://www.phpmyadmin.net/
--
-- Host: localhost
-- Erstellungszeit: 30. Okt 2023 um 06:42
-- Server-Version: 10.11.4-MariaDB-1~deb12u1
-- PHP-Version: 8.2.7

SET SQL_MODE = "NO_AUTO_VALUE_ON_ZERO";
START TRANSACTION;
SET time_zone = "+00:00";


/*!40101 SET @OLD_CHARACTER_SET_CLIENT=@@CHARACTER_SET_CLIENT */;
/*!40101 SET @OLD_CHARACTER_SET_RESULTS=@@CHARACTER_SET_RESULTS */;
/*!40101 SET @OLD_COLLATION_CONNECTION=@@COLLATION_CONNECTION */;
/*!40101 SET NAMES utf8mb4 */;

--
-- Datenbank: `terra2023`
--

-- --------------------------------------------------------

--
-- Tabellenstruktur für Tabelle `aufgaben`
--

CREATE TABLE `aufgaben` (
  `id` int(11) NOT NULL,
  `aufgabe` text NOT NULL,
  `loesung` text NOT NULL,
  `schwierigkeit` int(11) DEFAULT NULL,
  `hinweis` varchar(250) NOT NULL
) ENGINE=MyISAM DEFAULT CHARSET=latin1 COLLATE=latin1_swedish_ci;

--
-- Daten für Tabelle `aufgaben`
--

INSERT INTO `aufgaben` (`id`, `aufgabe`, `loesung`, `schwierigkeit`, `hinweis`) VALUES
(1, 'Nenne alle Städte in Deutschland, die über eine Million Einwohner haben!', 'SELECT * FROM STADT WHERE EINWOHNER > 1000000 AND L_ID = \"D\"', 2, ''),
(2, 'Finde alle Länder, die eine Hauptstadt mit dem Anfangsbuchstaben A haben. ', '\r\nSELECT * FROM LAND WHERE left(HAUPTSTADT,1)=\"A\" ', 3, 'Benutze \"left()\"!'),
(3, 'Finde alle Inseln mit \"ka\" im Namen!', 'SELECT * FROM INSEL WHERE I_NAME LIKE \"%ka%\"', 4, 'Denke an die %!'),
(4, 'Nenne alle Berge, die größer als 3000 Meter sind!', 'SELECT * FROM BERG WHERE HOEHE > 3000', 1, ''),
(5, 'Liste alle eindeutigen Länderkürzel, alphabetisch sortiert!', 'SELECT DISTINCT L_ID FROM LAND ORDER BY L_ID', 5, 'Benutze anstelle von * DISTINCT'),
(6, 'Nenne alle Wüsten die mit E anfangen!', 'SELECT * FROM WUESTE WHERE left(W_NAME,1) = \"E\"', 3, 'Spalte der Tabelle WUESTE: W_NAME'),
(7, 'Nenne alle Städte mit 4008000 Einwohnern oder mehr!', 'SELECT * FROM STADT WHERE EINWOHNER >= 4008000', 2, 'Nutze Größer-Gleich-Zeichen!'),
(8, 'Nenne alle Flüsse die mit Z anfangen und eine Länge von 1030 haben!\r\n', 'SELECT * FROM FLUSS WHERE left(FLUSS, 1) = \"Z\" AND LAENGE = 1030', 4, 'Nutze \"(Spaltenname, 1)\"!'),
(9, 'Nenne alle Städte in Deutschland alphabetisch geordnet!\r\n', 'SELECT * FROM STADT WHERE L_ID=\"D\" ORDER BY L_ID', 5, 'Nutze \"ORDER BY L_ID\"!'),
(10, 'Nenne wie viele Werte die Spalte L_ID der Tabelle Stadt hat!\r\n', 'SELECT COUNT(L_ID) FROM STADT', 3, 'Nutze \"COUNT()\"!'),
(11, 'Nenne die Anzahl der vorhandenen Werte in der Spalte Einwohner, der Tabelle Stadt ,die über oder 1000000 Einwohner haben!', 'SELECT COUNT(EINWOHNER) FROM STADT WHERE EINWOHNER >= 1000000', 3, 'Nutze \"COUNT()\"!'),
(12, 'Nenne die Anzahl der vorhanden Werte in der Spalte \"EINWOHNER\", der Tabelle \"STADT\" die unter oder 1000000 Einwohner haben und in den USA liegen!', 'SELECT COUNT(L_ID) FROM STADT WHERE L_ID = \"USA\" AND EINWOHNER <= 1000000', 4, 'Nutze \"COUNT()\"!'),
(13, 'Welche Stadt fängt mit doppeltem A an und liegt in Nordrhein-Westfalen (LT_ID: NRW)?', 'SELECT * FROM STADT WHERE ST_NAME LIKE \"Aa%\" AND LT_ID = \"NRW\"\r\n', 4, 'Nutze das Prozentzeichen in der Syntax!');

-- --------------------------------------------------------

--
-- Tabellenstruktur für Tabelle `BERG`
--

CREATE TABLE `BERG` (
  `B_NAME` varchar(20) DEFAULT NULL,
  `GEBIRGE` varchar(25) DEFAULT NULL,
  `HOEHE` double(16,4) DEFAULT NULL,
  `JAHR` int(11) DEFAULT NULL,
  `LAENGE` double(16,4) DEFAULT NULL,
  `BREITE` double(16,4) DEFAULT NULL
) ENGINE=MyISAM DEFAULT CHARSET=latin1 COLLATE=latin1_swedish_ci PACK_KEYS=1;

--
-- Daten für Tabelle `BERG`
--

INSERT INTO `BERG` (`B_NAME`, `GEBIRGE`, `HOEHE`, `JAHR`, `LAENGE`, `BREITE`) VALUES
('Aconcagua', 'Anden', 6962.0000, NULL, -70.0000, -32.5000),
('Allahu_Akbar', 'Sagrosgebirge', 2804.0000, NULL, NULL, NULL),
('Baghe_Bala', 'Sagrosgebirge', 3775.0000, NULL, NULL, NULL),
('Bahraseman', 'Sagrosgebirge', 3886.0000, NULL, NULL, NULL),
('Bjelucha', 'Altai', 4506.0000, 1933, 86.4000, 49.4800),
('Blue_Mountain_Peak', 'Blue_Mountains', 2256.0000, NULL, -76.4000, 18.1000),
('Borah_Peak', 'Rocky_Mountains', 3861.0000, NULL, -114.0000, 44.1000),
('Boundary_Peak', 'Sierra_Nevada', 4006.0000, NULL, -118.3000, 37.5000),
('Cathkin-Peak', 'Drakensberge', 3181.0000, NULL, 29.3000, -29.2000),
('Cerro_Tlaloc', 'Trans-Mexican_Volcanic_Be', 4150.0000, NULL, NULL, NULL),
('Chimborazo', 'Anden', 6287.0000, NULL, -78.5000, -1.2000),
('Clingmans_Dome', 'Great_Smokey_Mountains', 2025.0000, NULL, -83.2000, 35.3000),
('Cofre_de_Perote', '', 4282.0000, NULL, NULL, NULL),
('Damavand', 'Elburs', 5671.0000, NULL, 35.5600, 52.0800),
('Djalaspitze', 'Sudirmangebirge', 4884.0000, NULL, 137.0000, -4.0000),
('Djebel_Aures', 'Atlas', 2328.0000, NULL, 6.5000, 35.5000),
('Djebel_Marra', 'Darfur', 3042.0000, NULL, 24.6000, 13.0000),
('Elbrus', 'Kaukasus', 0.0000, NULL, 42.2600, 43.2100),
('Emi_Kussi', 'Tibesti', 3445.0000, NULL, 18.5000, 20.0000),
('Feldberg', 'Schwarzwald', 1277.0000, NULL, 7.5000, 47.5000),
('Fuji-Yama', 'Japanische_Alpen', 3776.0000, NULL, 139.0000, 35.0000),
('Galdhoeppig', 'Skandinavisches_Gebirge', 2469.0000, NULL, 8.0000, 61.4000),
('Gannett_Peak', 'Rocky_Mountains', 4207.0000, NULL, -110.0000, 43.2000),
('Glittertind', 'Jotunheimen-Gebirge', 2465.0000, NULL, 8.1000, 61.4000),
('Granite_Peak', 'Rocky_Mountains', 3901.0000, NULL, -109.5000, 45.0000),
('Grosser_Arber', 'Bayrischer_Wald', 1456.0000, NULL, 13.0000, 49.1000),
('Grossglockner', 'Ost-Alpen', 3797.0000, NULL, 12.5000, 47.0000),
('Guadalupe_Peak', 'Guadalupe_Mountains', 2667.0000, NULL, -105.0000, 32.0000),
('Haltiatunturi', 'Skandinavisches_Gebirge', 1365.0000, NULL, 21.4000, 67.0000),
('Harney_Peak', 'Black_Hills', 2207.0000, NULL, -103.4000, 44.0000),
('Hotaka-Dake', 'Hidagebirge', 3190.0000, NULL, 138.0000, 36.0000),
('Huascaran', 'Anden', 6768.0000, NULL, -77.3000, -9.0000),
('Humphreys_Peak', 'San_Francisco_Mountains', 3850.0000, NULL, -112.0000, 35.4000),
('Illampu', 'Anden', 6368.0000, NULL, -68.5000, -15.2000),
('Iztaccihuatl', NULL, 5326.0000, NULL, NULL, NULL),
('Jezerca', 'Albanische_Alpen', 2694.0000, NULL, 19.4000, 42.3000),
('Joekul', 'Skandinavisches_Gebirge', 1876.0000, NULL, 7.2000, 60.3000),
('Jostedalsbre', 'Skandinavisches_Gebirge', 2083.0000, NULL, 5.5000, 61.4000),
('Kamerunberg', 'Adamaua', 4040.0000, NULL, 9.0000, 4.0000),
('Kasbek', 'Kaukasus', 5033.0000, 1868, 44.3100, 42.4200),
('Kebnekaise', 'Skandinavisches_Gebirge', 2114.0000, NULL, 18.3000, 67.5000),
('Mount-Kenya-Massiv', 'Aberdaregebirge', 5199.0000, NULL, 7.4000, 0.0000),
('Kilimandscharo', 'Usambara', 5895.0000, NULL, 37.0000, -3.0000),
('Kinabalu', 'Crocker-Gebirge', 4101.0000, NULL, 117.0000, 7.0000),
('Kings_Peak', 'Wasatch_Mountains', 4123.0000, NULL, -110.4000, 40.5000),
('Korab', NULL, 2764.0000, NULL, 20.3000, 41.4000),
('La_Malinche', NULL, 4460.0000, NULL, NULL, NULL),
('Gunung Leuser', 'Bindjai', 3404.0000, NULL, 98.0000, 3.0000),
('Llullaillaco', 'Anden', 6740.0000, NULL, -68.0000, -24.5000),
('Mauna_Kea', NULL, 4205.0000, NULL, -155.3000, 19.5000),
('Meru', 'Himalaya', 6660.0000, NULL, 6.8000, -3.2000),
('Montblanc', 'West-Alpen', 4807.0000, 1786, 6.0000, 45.0000),
('Mount_Everest', 'Himalaya', 8848.0000, 1953, 87.0000, 28.0000),
('K2', 'Himalaya', 8611.0000, 1954, 77.0000, 36.0000),
('Mount_Morrison', 'Chungyang Shanmo', 3731.0000, NULL, 121.0000, 23.0000),
('Mpika', 'Mutschingagebirge', 1840.0000, NULL, 31.0000, -12.0000),
('Mt-Grebun', 'Air', 2310.0000, NULL, 9.0000, 20.0000),
('Mt_Aylmer', 'Rocky_Mountains', 3162.0000, NULL, -115.4000, 51.4000),
('Mt_Elbert', 'Rocky_Mountains', 4401.0000, NULL, -106.3000, 39.0000),
('Mt_Hood', 'Rocky_Mountains', 3429.0000, NULL, -121.5000, 45.2000),
('Mt_McKinley', 'Alaska_Range', 6190.0000, NULL, -152.0000, 62.0000),
('Mt_Mitchell', 'Appalachen', 2037.0000, NULL, -82.1000, 35.4000),
('Mt_Rainier', 'Cascade_Range', 4392.0000, NULL, -122.0000, 46.5000),
('Mt_Robson', 'Rocky_Mountains', 3954.0000, NULL, -119.1000, 52.3000),
('Mt_Washington', 'White_Mountains', 1917.0000, NULL, -71.2000, 44.2000),
('Mt_Whitney', 'Sierra_Nevada', 4418.0000, NULL, -118.2000, 36.4000),
('Nevado_de_Colima', NULL, 4330.0000, NULL, NULL, NULL),
('Nevado_de_Toluca', NULL, 4558.0000, NULL, NULL, NULL),
('Nimba', 'Oberguineaschwe', 1752.0000, NULL, -8.5000, 7.7000),
('Norikura-dake', 'Hida-Gebirges', 3026.0000, NULL, NULL, NULL),
('Oeraefajoekull', NULL, 2110.0000, NULL, -17.0000, 64.1000),
('Ontake-San', NULL, 3067.0000, NULL, NULL, NULL),
('Pico_de_Orizaba', NULL, 5636.0000, NULL, NULL, NULL),
('Pico_Duarte', 'Zentralkordillere', 3098.0000, NULL, -71.3000, 18.3000),
('Pik_Chan-Tengri', 'Tienshan', 7001.0000, 1931, 80.0000, 43.0000),
('Pik_Karl-Marx', 'Pamir', 6726.0000, 1946, 71.3000, 38.0000),
('Pik_Kommunismus', 'Pamir', 7494.0000, 1933, 72.0000, 39.0000),
('Pik_Lenin', 'Tienshan', 7134.0000, 1928, 72.5500, 39.2000),
('Pik_Moskwa', 'Pamir', 6785.0000, NULL, 71.5000, 39.0000),
('Pik_Pobeda', 'Tienshan', 7439.0000, 1938, 80.1000, 42.0000),
('Pik_Revoluzija', 'Pamir', 6974.0000, 1954, 72.2000, 38.3000),
('Polvar', 'Sagrosgebirge', 4233.0000, NULL, NULL, NULL),
('Popocatepetl', 'Sierra Volcania', 5426.0000, NULL, NULL, NULL),
('Portefjaellen', 'Skandinavisches_Gebirge', 2021.0000, NULL, 17.4000, 67.1000),
('Pulog', NULL, 2954.0000, NULL, 121.0000, 17.0000),
('Ras_Daschan', 'Amhara', 4550.0000, NULL, 38.0000, 13.0000),
('Sabalan', 'Sagrosgebirge', 4811.0000, NULL, 38.1500, 47.4900),
('Sarektjakka', 'Skandinavisches_Gebirge', 2089.0000, NULL, 17.4000, 67.3000),
('Semeru', NULL, 3676.0000, NULL, 113.0000, -8.0000),
('Kusatsu-Shirane', NULL, 2171.0000, NULL, NULL, NULL),
('Snoefell', NULL, 1833.0000, NULL, -15.2000, 64.5000),
('Snoehetta', 'Skandinavisches_Gebirge', 2286.0000, NULL, 9.0000, 62.1000),
('Sulitjelma', 'Skandinavisches_Gebirge', 1907.0000, NULL, 16.2000, 67.1000),
('Tacana', NULL, 4060.0000, NULL, NULL, NULL),
('Tahan', 'Pahang', 2190.0000, NULL, 108.0000, 4.0000),
('Tahat', 'Ahaggar', 2908.0000, NULL, 6.0000, 23.0000),
('Take-Yama', NULL, 3015.0000, NULL, NULL, NULL),
('Tamgak', 'Air', 1988.0000, NULL, 9.0000, 19.0000),
('Tarrekaise', 'Skandinavisches_Gebirge', 1828.0000, NULL, 17.3000, 67.0000),
('Towtschal', 'Sagrosgebirge', 3933.0000, NULL, NULL, NULL),
('Jbel Toubkal', 'Atlas', 4167.0000, NULL, -8.0000, 31.0000),
('Uige', 'Niederguineasch', 1381.0000, NULL, NULL, NULL),
('Yari-ga-take', NULL, 3180.0000, NULL, NULL, NULL),
('Zugspitze', 'Ost-Alpen', 2963.0000, NULL, 11.1000, 47.3000),
('Kantschenzönga', 'Himalaya', 8586.0000, 1955, NULL, NULL),
('Lhotse', 'Himalaya', 8516.0000, 1956, NULL, NULL),
('Makalu', 'Himalaya', 8463.0000, 1955, NULL, NULL),
('Cho_Oyu', 'Himalaya', 8201.0000, 1954, NULL, NULL),
('Dhaulagiri', 'Himalaya', 8167.0000, 1960, NULL, NULL),
('Manaslu', 'Himalaya', 8163.0000, 1956, NULL, NULL),
('Nanga_Parbat', 'Himalaya', 8125.0000, 1953, NULL, NULL),
('Annapurna', 'Himalaya', 8091.0000, 1950, NULL, NULL),
('Hidden_Peak', 'Karakorum', 8068.0000, 1958, NULL, NULL),
('Broad_Peak', 'Karakorum', 8047.0000, 1957, NULL, NULL),
('Gasherbrum II', 'Karakorum', 8035.0000, 1956, NULL, NULL),
('Shisha Pangma', 'Himalaya', 8046.0000, 1964, NULL, NULL);

-- --------------------------------------------------------

--
-- Tabellenstruktur für Tabelle `EBENE`
--

CREATE TABLE `EBENE` (
  `E_NAME` varchar(25) DEFAULT NULL,
  `HOEHE` double(16,4) DEFAULT NULL,
  `FLAECHE` double(16,4) DEFAULT NULL
) ENGINE=MyISAM DEFAULT CHARSET=latin1 COLLATE=latin1_swedish_ci PACK_KEYS=1;

--
-- Daten für Tabelle `EBENE`
--

INSERT INTO `EBENE` (`E_NAME`, `HOEHE`, `FLAECHE`) VALUES
('Franzoesisches_Tiefland', 100.0000, NULL),
('Gran_Chaco', 400.0000, 800000.0000),
('Hochland_der_Schotts', 1070.0000, NULL),
('Hochland_von_Kastilien', 900.0000, 200000.0000),
('Kimberley_Plateau', 800.0000, 424517.0000),
('Mittelschwedische_Senke', 100.0000, NULL),
('Norddeutsches_Tiefland', 75.0000, NULL),
('Nullarboreebene', 50.0000, NULL),
('Pampa', 200.0000, 551000.0000),
('Pannonisches_Tiefland', 100.0000, 58805.0000),
('Poebene', 75.0000, 22123.0000),
('Suedafrikan._Hochland', 600.0000, NULL);

-- --------------------------------------------------------

--
-- Tabellenstruktur für Tabelle `FLUSS`
--

CREATE TABLE `FLUSS` (
  `F_NAME` varchar(20) NOT NULL DEFAULT '',
  `FLUSS` varchar(20) DEFAULT NULL,
  `SEE` varchar(25) DEFAULT NULL,
  `MEER` varchar(25) DEFAULT NULL,
  `LAENGE` int(11) DEFAULT NULL,
  `LAENGEU` double(16,4) DEFAULT NULL,
  `BREITEU` double(16,4) DEFAULT NULL,
  `LAENGEM` double(16,4) DEFAULT NULL,
  `BREITEM` double(16,4) DEFAULT NULL
) ENGINE=MyISAM DEFAULT CHARSET=latin1 COLLATE=latin1_swedish_ci PACK_KEYS=1;

--
-- Daten für Tabelle `FLUSS`
--

INSERT INTO `FLUSS` (`F_NAME`, `FLUSS`, `SEE`, `MEER`, `LAENGE`, `LAENGEU`, `BREITEU`, `LAENGEM`, `BREITEM`) VALUES
('Ajan-Jurjach', 'Kolyma', NULL, NULL, 237, NULL, NULL, NULL, NULL),
('Amazonas', '', NULL, 'Atlantischer_Ozean', 6400, -73.3000, -4.2000, -51.3000, -1.0000),
('Amudarja', '', 'Aralsee', NULL, 2743, NULL, NULL, NULL, NULL),
('Amur', '', NULL, 'Ochotskisches_Meer', 2824, NULL, NULL, NULL, NULL),
('Aruwimi', 'Zaire', NULL, NULL, 1030, NULL, NULL, NULL, NULL),
('Argun', 'Amur', NULL, NULL, 1620, NULL, NULL, NULL, NULL),
('Arkansas_River', 'Mississippi_River', NULL, NULL, 2334, -103.0000, 38.0000, -91.2000, 33.4000),
('Atbara', 'Nil', NULL, NULL, 1120, NULL, NULL, NULL, NULL),
('Bahr_al-Dschabal', 'Weisser_Nil', NULL, NULL, 956, NULL, NULL, NULL, NULL),
('Bahr_al-Ghazal', 'Weisser_Nil', NULL, NULL, 716, NULL, NULL, NULL, NULL),
('Bani', 'Niger', NULL, NULL, 1050, NULL, NULL, NULL, NULL),
('Baro', 'Sobat', NULL, NULL, 306, NULL, NULL, NULL, NULL),
('Benue', 'Niger', NULL, NULL, 1400, NULL, NULL, NULL, NULL),
('Bija', 'Ob', NULL, NULL, 301, NULL, NULL, NULL, NULL),
('Blauer_Nil', 'Nil', NULL, NULL, 1783, NULL, NULL, NULL, NULL),
('Bomu', 'Ubangi', NULL, NULL, 800, NULL, NULL, NULL, NULL),
('Busira', 'Ruki', NULL, NULL, 830, NULL, NULL, NULL, NULL),
('Chatanga', '', NULL, 'Laptewsee', 227, NULL, NULL, NULL, NULL),
('Colorado_River', '', NULL, 'Pazifischer_Ozean', 2333, -107.2000, 39.3000, -115.0000, 31.4000),
('Columbia_River', '', NULL, 'Pazifischer_Ozean', 2240, -118.1000, 52.0000, -124.0000, 46.1000),
('Connecticut_River', '', NULL, 'Atlantischer_Ozean', 660, -71.3000, 45.2000, -72.2000, 41.1000),
('Dalaelv', '', NULL, 'Ostsee', 520, 15.0000, 60.3000, 17.3000, 60.4000),
('Djuba', '', NULL, 'Indischer_Ozean', 1004, NULL, NULL, NULL, NULL),
('Dnepr', '', NULL, 'Schwarzes_Meer', 2201, NULL, NULL, NULL, NULL),
('Don', '', NULL, 'Asowsches_Meer', 1904, NULL, NULL, NULL, NULL),
('Donau', '', NULL, 'Schwarzes_Meer', 2857, 8.3000, 47.5000, 29.4000, 45.2000),
('Drin', '', NULL, 'Mittelmeer', 335, 20.2000, 42.1000, 19.3000, 41.5000),
('Elbe', '', NULL, 'Nordsee', 1094, 11.5000, 51.5000, 9.0000, 53.5000),
('Fulda', 'Weser', NULL, NULL, 218, 9.3000, 50.4000, 9.4000, 51.3000),
('Gambia', '', NULL, 'Atlantischer_Ozean', 1120, NULL, NULL, NULL, NULL),
('Garonne', '', NULL, 'Atlantischer_Ozean', 602, 1.0000, 44.1000, 1.1000, 45.4000),
('Gelber_Fluss', '', NULL, 'Gelbes_Meer', 4845, 96.0000, 35.0000, 119.0000, 37.0000),
('Glomma\n', '', NULL, 'Nordsee', 621, 10.3000, 62.4000, 10.3000, 59.2000),
('Goetaaelv', '', NULL, 'Ostsee', 93, 12.2000, 58.2000, 12.0000, 57.4000),
('Grosser_Jenissej', 'Jenissej', NULL, NULL, 605, NULL, NULL, NULL, NULL),
('Hangang\n', '', NULL, 'Gelbes_Meer', 494, 129.0000, 38.0000, 127.0000, 37.0000),
('Hudson_River', '', NULL, 'Atlantischer_Ozean', 507, -74.2000, 43.1000, -74.0000, 40.4000),
('Ingoda', 'Schilka', NULL, NULL, 708, NULL, NULL, NULL, NULL),
('Irtysch', 'Ob', NULL, NULL, 4248, NULL, NULL, NULL, NULL),
('Ischim', 'Irtysch', NULL, NULL, 2450, NULL, NULL, NULL, NULL),
('Jangtse-Kiang', '', NULL, 'Ostchinesisches_Meer', 6380, 91.0000, 34.0000, 120.0000, 32.0000),
('Jenissej', '', NULL, 'Karasee', 4259, NULL, NULL, NULL, NULL),
('Joekulsa_a_Fjoellum', '', NULL, 'Europaeisches_Nordmeer', 206, -15.5000, 64.3000, -15.2000, 65.5000),
('Jug', 'Noerdliche_Dwina', NULL, NULL, 574, NULL, NULL, 46.2000, 60.5000),
('Kafue', 'Sambesi', NULL, NULL, 1600, NULL, NULL, NULL, NULL),
('Kamtschatka', '', NULL, 'Beringmeer', 758, NULL, NULL, NULL, NULL),
('Karun', '', NULL, 'Persischer_Golf', 950, 51.0000, 31.1000, 48.1000, 30.2000),
('Kasai', 'Kwa', NULL, NULL, 2153, NULL, NULL, NULL, NULL),
('Katun', 'Ob', NULL, NULL, 688, NULL, NULL, NULL, NULL),
('Kemijoki', '', NULL, 'Ostsee', 550, 29.1000, 70.1000, 24.3000, 65.4000),
('Kitakami', '', NULL, 'Pazifischer_Ozean', 249, 142.0000, 40.0000, 142.0000, 38.0000),
('Klaraelv', '', 'Vaenersee', NULL, 460, 11.4000, 61.5000, 13.3000, 59.3000),
('Kleiner_Jenissej', 'Jenissej', NULL, NULL, 680, NULL, NULL, NULL, NULL),
('Kokemaeenjoki', '', NULL, 'Ostsee', 121, 24.0000, 60.4000, 21.1000, 61.3000),
('Kolyma', '', NULL, 'Ostsibirische_See', 2129, NULL, NULL, NULL, NULL),
('Kwango', 'Kwa', NULL, NULL, 1770, NULL, NULL, NULL, NULL),
('Cuanza', '', NULL, 'Atlantischer_Ozean', 965, NULL, NULL, NULL, NULL),
('Kulu', 'Kolyma', NULL, NULL, 300, NULL, NULL, NULL, NULL),
('Kunene', '', NULL, 'Atlantischer_Ozean', 1050, NULL, NULL, NULL, NULL),
('Kura', '', 'Kaspisches_Meer', NULL, 1515, NULL, NULL, NULL, NULL),
('Kwa', 'Zaire', NULL, NULL, 100, NULL, NULL, NULL, NULL),
('Kwilu', 'Kwa', NULL, NULL, 970, NULL, NULL, NULL, NULL),
('Lena', '', NULL, 'Laptewsee', 4294, NULL, NULL, NULL, NULL),
('Limpopo', '', NULL, 'Indischer_Ozean', 1750, NULL, NULL, NULL, NULL),
('Loire', '', NULL, 'Atlantischer_Ozean', 1010, 4.0000, 44.5000, -2.1000, 47.2000),
('Lomami', 'Zaire', NULL, NULL, 1280, NULL, NULL, NULL, NULL),
('Luangwa', 'Sambesi', NULL, NULL, 770, NULL, NULL, NULL, NULL),
('Lukuga', 'Zaire', NULL, NULL, 320, NULL, NULL, NULL, NULL),
('Luvua', 'Zaire', NULL, NULL, 350, NULL, NULL, NULL, NULL),
('Mekong', '', NULL, 'Suedchinesisches_Meer', 4, 94.0000, 33.0000, 107.0000, 10.0000),
('Mississippi_River', '', NULL, 'Golf_von_Mexiko', 3778, -93.4000, 47.2000, -89.1000, 29.1000),
('Missouri_River', 'Mississippi_River', NULL, NULL, 3767, -106.5000, 48.0000, -90.2000, 38.5000),
('Moldau', 'Elbe', NULL, NULL, 430, 14.1000, 48.4000, 14.3000, 50.2000),
('Newa', '', NULL, 'Ostsee', 74, NULL, NULL, NULL, NULL),
('Niger', '', NULL, 'Atlantischer_Ozean', 4180, NULL, NULL, NULL, NULL),
('Nil', '', NULL, 'Mittelmeer', 6650, NULL, NULL, NULL, NULL),
('Noerdliche_Dwina', '', NULL, 'Weisses_Meer', 740, 46.2000, 60.5000, 40.3000, 64.3000),
('Ob', '', NULL, 'Karasee', 3650, NULL, NULL, NULL, NULL),
('Oesterdalaelv', 'Dalaelv', NULL, NULL, 300, 12.2000, 62.2000, 15.0000, 60.3000),
('Oka', 'Wolga', NULL, NULL, 1500, NULL, NULL, NULL, NULL),
('Onon', 'Schilka', NULL, NULL, 817, NULL, NULL, NULL, NULL),
('Oranje', '', NULL, 'Atlantischer_Ozean', 2200, NULL, NULL, NULL, NULL),
('Orinoco', '', NULL, 'Atlantischer_Ozean', 2140, -64.0000, 2.0000, -62.0000, 8.0000),
('Oulujoki', '', NULL, 'Ostsee', 107, 26.4000, 64.4000, 25.2000, 65.3000),
('Ounasjoki', 'Kemijoki', NULL, NULL, 300, 24.0000, 68.5000, 25.4000, 66.3000),
('Paraguay', 'Parana', NULL, NULL, 2695, -58.3000, -27.0000, -57.0000, -14.3000),
('Parana', 'Rio_de_la_Plata', NULL, NULL, 4880, -52.0000, -21.0000, -58.0000, -34.0000),
('Petschora', '', NULL, 'Barentssee', 1809, NULL, NULL, NULL, NULL),
('Pibor', 'Sobat', NULL, NULL, 320, NULL, NULL, NULL, NULL),
('Pjandsh', 'Amudarja', NULL, NULL, 1125, NULL, NULL, NULL, NULL),
('Rhein', '', 'Bodensee', 'Nordsee', 1233, 8.4400, 46.3800, 4.3000, 52.0000),
('Rhone', '', NULL, 'Mittelmeer', 812, 8.0000, 46.4000, 5.0000, 43.2000),
('Rio_Balsas', '', NULL, 'Atlantischer_Ozean', 770, -98.5000, 18.2000, -102.1000, 18.0000),
('Rio_de_la_Plata', '', NULL, 'Atlantischer_Ozean', 290, -58.0000, -33.0000, -57.0000, -35.0000),
('Rio_Grande', '', NULL, 'Golf_von_Mexiko', 3030, -107.0000, 37.4000, -97.0000, 26.0000),
('Rowuma', '', NULL, 'Indischer_Ozean', 800, NULL, NULL, NULL, NULL),
('Rufiji', '', NULL, 'Indischer_Ozean', 600, NULL, NULL, NULL, NULL),
('Ruki', 'Zaire', NULL, NULL, 730, NULL, NULL, NULL, NULL),
('Sambesi', '', NULL, 'Indischer_Ozean', 2574, NULL, NULL, NULL, NULL),
('Sanaga', '', NULL, 'Atlantischer_Ozean', 890, NULL, NULL, NULL, NULL),
('Sanga', 'Zaire', NULL, NULL, 790, NULL, NULL, NULL, NULL),
('Save', '', NULL, 'Indischer_Ozean', 990, NULL, NULL, NULL, NULL),
('Schari', '', 'Tschadsee', NULL, 949, NULL, NULL, NULL, NULL),
('Schilka', 'Amur', NULL, NULL, 555, NULL, NULL, NULL, NULL),
('Schwarzer_Drin', 'Drin', NULL, NULL, 133, 20.4000, 41.1000, 20.2000, 42.1000),
('Schwarzer_Irtysch', 'Irtysch', NULL, NULL, 300, NULL, NULL, NULL, NULL),
('Seine', '', NULL, 'Nordsee', 776, 4.4000, 47.3000, 0.3000, 49.3000),
('Senegal', '', NULL, 'Atlantischer_Ozean', 1086, NULL, NULL, NULL, NULL),
('Shire', 'Sambesi', NULL, NULL, 402, NULL, NULL, NULL, NULL),
('Sobat', 'Weisser_Nil', NULL, NULL, 354, NULL, NULL, NULL, NULL),
('St._Lorenzstrom', '', NULL, 'Atlantischer_Ozean', 1170, -76.0000, 44.0000, -68.0000, 48.3000),
('Suchona', 'Noerdliche_Dwina', NULL, NULL, 558, NULL, NULL, 46.2000, 60.5000),
('Syrdarja', '', 'Aralsee', NULL, 2212, NULL, NULL, NULL, NULL),
('Tana', '', NULL, 'Indischer_Ozean', 361, NULL, NULL, NULL, NULL),
('Themse', '', NULL, 'Nordsee', 346, -2.1000, 51.3000, 0.4000, 51.3000),
('Thjorsa', '', NULL, 'Atlantischer_Ozean', 230, -18.5000, 64.5000, -20.4000, 63.5000),
('Tobol', 'Ob', NULL, NULL, 1591, NULL, NULL, NULL, NULL),
('Torneaelv', '', NULL, 'Ostsee', 522, 20.0000, 68.1000, 24.0000, 65.5000),
('Tshuapa', 'Busira', NULL, NULL, 797, NULL, NULL, NULL, NULL),
('Ubangi', 'Zaire', NULL, NULL, 1060, NULL, NULL, NULL, NULL),
('Uelle', 'Ubangi', NULL, NULL, 560, NULL, NULL, NULL, NULL),
('Umeaelv', '', NULL, 'Ostsee', 470, 15.0000, 66.0000, 20.2000, 63.4000),
('Ural', '', 'Kaspisches_Meer', NULL, 2428, NULL, NULL, NULL, NULL),
('Uruguay', 'Rio_de_la_Plata', NULL, NULL, 1838, -49.3000, -28.0000, -58.0000, -33.0000),
('Vaal', 'Oranje', NULL, NULL, 1120, NULL, NULL, NULL, NULL),
('Vaesterdalaelv', 'Dalaelv', NULL, NULL, 300, 12.3000, 61.4000, 15.0000, 60.3000),
('Volta', '', NULL, 'Atlantischer_Ozean', 1500, NULL, NULL, NULL, NULL),
('Shabelle', '', NULL, 'Indischer_Ozean', 1130, NULL, NULL, NULL, NULL),
('Weichsel', '', NULL, 'Ostsee', 1047, NULL, NULL, 18.5000, 54.2000),
('Weisser_Drin', 'Drin', NULL, NULL, 134, 20.2000, 42.4000, 20.2000, 42.1000),
('Weisser_Nil', 'Nil', NULL, NULL, 3700, NULL, NULL, NULL, NULL),
('Werra', 'Weser', NULL, NULL, 300, 11.0000, 55.3000, 9.4000, 51.3000),
('Weser', '', NULL, 'Nordsee', 452, 9.4000, 51.3000, 8.1000, 53.3000),
('Westliche Duena', '', NULL, 'Ostsee', 1020, NULL, NULL, NULL, NULL),
('Wolga', '', 'Kaspisches_Meer', NULL, 3531, NULL, NULL, NULL, NULL),
('Zaire', '', NULL, 'Atlantischer_Ozean', 4700, NULL, NULL, NULL, NULL);

-- --------------------------------------------------------

--
-- Tabellenstruktur für Tabelle `GEHT_UEBER_IN`
--

CREATE TABLE `GEHT_UEBER_IN` (
  `MEER1` varchar(25) DEFAULT NULL,
  `MEER2` varchar(25) DEFAULT NULL
) ENGINE=MyISAM DEFAULT CHARSET=latin1 COLLATE=latin1_swedish_ci PACK_KEYS=1;

--
-- Daten für Tabelle `GEHT_UEBER_IN`
--

INSERT INTO `GEHT_UEBER_IN` (`MEER1`, `MEER2`) VALUES
('Asowsches_Meer', 'Schwarzes_Meer'),
('Atlantischer_Ozean', 'Europaeisches_Nordmeer'),
('Atlantischer_Ozean', 'Golf_von_Mexiko'),
('Atlantischer_Ozean', 'Irische_See'),
('Atlantischer_Ozean', 'Karibisches_Meer'),
('Atlantischer_Ozean', 'Mittelmeer'),
('Atlantischer_Ozean', 'Nordsee'),
('Atlantischer_Ozean', 'Pazifischer_Ozean'),
('Barentssee', 'Europaeisches_Nordmeer'),
('Barentssee', 'Karasee'),
('Barentssee', 'Nordpolarmeer'),
('Barentssee', 'Weisses_Meer'),
('Beringmeer', 'Pazifischer_Ozean'),
('Beringmeer', 'Tschuktschensee'),
('Europaeisches_Nordmeer', 'Nordpolarmeer'),
('Europaeisches_Nordmeer', 'Nordsee'),
('Gelbes_Meer', 'Ostchinesisches_Meer'),
('Golf_von_Aden', 'Indischer_Ozean'),
('Golf_von_Aden', 'Rotes_Meer'),
('Golf_von_Mexiko', 'Karibisches_Meer'),
('Indischer_Ozean', 'Pazifischer_Ozean'),
('Indischer_Ozean', 'Persischer_Golf'),
('Indischer_Ozean', 'Suedchinesisches_Meer'),
('Japanisches_Meer', 'Ochotskisches_Meer'),
('Japanisches_Meer', 'Ostchinesisches_Meer'),
('Japanisches_Meer', 'Pazifischer_Ozean'),
('Karasee', 'Laptewsee'),
('Karasee', 'Nordpolarmeer'),
('Laptewsee', 'Nordpolarmeer'),
('Laptewsee', 'Ostsibirische_See'),
('Mittelmeer', 'Schwarzes_Meer'),
('Nordpolarmeer', 'Ostsibirische_See'),
('Nordpolarmeer', 'Tschuktschensee'),
('Nordsee', 'Ostsee'),
('Ochotskisches_Meer', 'Pazifischer_Ozean'),
('Ostchinesisches_Meer', 'Pazifischer_Ozean'),
('Ostchinesisches_Meer', 'Suedchinesisches_Meer'),
('Ostsibirische_See', 'Tschuktschensee'),
('Pazifischer_Ozean', 'Suedchinesisches_Meer');

-- --------------------------------------------------------

--
-- Tabellenstruktur für Tabelle `GEO_BERG`
--

CREATE TABLE `GEO_BERG` (
  `id` int(11) NOT NULL,
  `L_ID` varchar(4) DEFAULT NULL,
  `LT_ID` varchar(4) DEFAULT NULL,
  `B_NAME` varchar(20) DEFAULT NULL
) ENGINE=MyISAM DEFAULT CHARSET=latin1 COLLATE=latin1_swedish_ci PACK_KEYS=1;

--
-- Daten für Tabelle `GEO_BERG`
--

INSERT INTO `GEO_BERG` (`id`, `L_ID`, `LT_ID`, `B_NAME`) VALUES
(1, 'RA', 'MEN', 'Aconcagua'),
(2, 'IR', 'KHO', 'Allahu_Akbar'),
(3, 'IR', 'KER', 'Baghe_Bala'),
(4, 'IR', 'KER', 'Bahraseman'),
(5, 'RUS', 'KAS', 'Bjelucha'),
(6, 'RUS', 'RSF', 'Bjelucha'),
(7, 'JA', 'JA', 'Blue_Mountain_Peak'),
(8, 'USA', 'ID', 'Borah_Peak'),
(9, 'USA', 'NV', 'Boundary_Peak'),
(10, 'RSA', 'RSA', 'Cathkin-Peak'),
(11, 'MEX', 'MEX', 'Cerro_Tlaloc'),
(12, 'EC', 'EC', 'Chimborazo'),
(13, 'USA', 'TN', 'Clingmans_Dome'),
(14, 'MEX', 'VER', 'Cofre_de_Perote'),
(15, 'IR', 'MAZ', 'Damavand'),
(16, 'PNG', 'PNG', 'Djalaspitze'),
(17, 'MA', 'MA', 'Djebel_Aures'),
(18, 'EAS', 'EAS', 'Djebel_Marra'),
(19, 'RUS', 'RSF', 'Elbruss'),
(20, 'TCH', 'TCH', 'Emi_Kussi'),
(21, 'D', 'BAW', 'Feldberg'),
(22, 'J', 'J', 'Fuji-Yama'),
(23, 'N', 'OP', 'Galdhoeppig'),
(24, 'USA', 'WY', 'Gannett_Peak'),
(25, 'N', 'OP', 'Glittertind'),
(26, 'USA', 'MT', 'Granite_Peak'),
(27, 'D', 'BAY', 'Grosser_Arber'),
(28, 'A', 'KAE', 'Grossglockner'),
(29, 'USA', 'TX', 'Guadalupe_Peak'),
(30, 'SF', 'LAP', 'Haltiatunturi'),
(31, 'USA', 'SD', 'Harney_Peak'),
(32, 'J', 'J', 'Hotaka-Dake'),
(33, 'PE', 'PE', 'Huascaran'),
(34, 'USA', 'AZ', 'Humphreys_Peak'),
(35, 'BOL', 'BOL', 'Illampu'),
(36, 'MEX', 'MEX', 'Iztaccihuatl'),
(37, 'MEX', 'PUE', 'Iztaccihuatl'),
(38, 'AL', 'AL', 'Jezerce'),
(39, 'N', 'HO', 'Joekul'),
(40, 'N', 'SF', 'Jostedalsbre'),
(41, 'CAM', 'CAM', 'Kamerunberg'),
(42, 'RUS', 'GEO', 'Kasbek'),
(43, 'RUS', 'RSF', 'Kasbek'),
(44, 'S', 'BD', 'Kebnekaise'),
(45, 'EAK', 'EAK', 'Kenia'),
(46, 'EAT', 'EAT', 'Kilimanscharo'),
(47, 'RI', 'RI', 'Kinabalu'),
(48, 'USA', 'UT', 'Kings_Peak'),
(49, 'AL', 'AL', 'Korab'),
(50, 'MK', 'OPS', 'Korab'),
(51, 'MEX', 'PUE', 'La_Malinche'),
(52, 'MEX', 'TLA', 'La_Malinche'),
(53, 'RI', 'RI', 'Leuser'),
(54, 'RA', 'TUC', 'Llullaillaco'),
(55, 'RCH', 'RCH', 'Llullaillaco'),
(56, 'PNG', 'PNG', 'Mandalaspitze'),
(57, 'USA', 'HI', 'Mauna_Kea'),
(58, 'EAT', 'EAT', 'Meru'),
(59, 'F', 'RHO', 'Montblanc'),
(60, 'VRC', 'TIB', 'Mount_Everest'),
(61, 'VRC', 'TIB', 'Mount_Godwin_Austen'),
(62, 'ROC', 'ROC', 'Mount_Morrison'),
(63, 'Z', 'Z', 'Mpika'),
(64, 'RN', 'RN', 'Mt-Grebun'),
(65, 'CDN', 'AB', 'Mt_Aylmer'),
(66, 'USA', 'CO', 'Mt_Elbert'),
(67, 'USA', 'OR', 'Mt_Hood'),
(68, 'USA', 'AK', 'Mt_McKinley'),
(69, 'USA', 'NC', 'Mt_Mitchell'),
(70, 'USA', 'WA', 'Mt_Rainier'),
(71, 'CDN', 'BC', 'Mt_Robson'),
(72, 'USA', 'NH', 'Mt_Washington'),
(73, 'USA', 'CA', 'Mt_Whitney'),
(74, 'MEX', 'JAL', 'Nevado_de_Colima'),
(75, 'MEX', 'MEX', 'Nevado_de_Toluca'),
(76, 'CI', 'CI', 'Nimba'),
(77, 'GUI', 'GUI', 'Nimba'),
(78, 'J', 'J', 'Norikura-dake'),
(79, 'IS', 'IS', 'Oeraefajoekull'),
(80, 'J', 'J', 'Ontake-San'),
(81, 'MEX', 'PUE', 'Pico_de_Orizaba'),
(82, 'MEX', 'VER', 'Pico_de_Orizaba'),
(83, 'DOM', 'DOM', 'Pico_Duarte'),
(84, 'RUS', 'KIR', 'Pik_Chan-Tengri'),
(85, 'RUS', 'TAD', 'Pik_Karl-Marx'),
(86, 'RUS', 'TAD', 'Pik_Kommunismus'),
(87, 'RUS', 'KIR', 'Pik_Lenin'),
(88, 'RUS', 'TAD', 'Pik_Lenin'),
(89, 'RUS', 'TAD', 'Pik_Moskwa'),
(90, 'RUS', 'KIR', 'Pik_Pobeda'),
(91, 'VRC', 'XIN', 'Pik_Pobeda'),
(92, 'RUS', 'TAD', 'Pik_Revoluzija'),
(93, 'IR', 'KER', 'Polvar'),
(94, 'MEX', 'MEX', 'Popocatepetl'),
(95, 'MEX', 'MOR', 'Popocatepetl'),
(96, 'MEX', 'PUE', 'Popocatepetl'),
(97, 'S', 'BD', 'Portefjaellen'),
(98, 'PI', 'LU', 'Pulog'),
(99, 'ETH', 'ETH', 'Ras_Daschan'),
(100, 'IR', 'OAS', 'Sabalan'),
(101, 'S', 'BD', 'Sarektjokko'),
(102, 'RI', 'RI', 'Semeru'),
(103, 'J', 'J', 'Shirane-San'),
(104, 'IS', 'IS', 'Snoefell'),
(105, 'N', 'OP', 'Snoehetta'),
(106, 'N', 'NO', 'Sulitjelma'),
(107, 'S', 'BD', 'Sulitjelma'),
(108, 'MEX', 'CHI', 'Tacana'),
(109, 'MAL', 'MAL', 'Tahan'),
(110, 'DZ', 'DZ', 'Tahat'),
(111, 'J', 'J', 'Take-Yama'),
(112, 'RN', 'RN', 'Tamgak'),
(113, 'S', 'BD', 'Tarrekaise'),
(114, 'IR', 'TEH', 'Towtschal'),
(115, 'MA', 'MA', 'Tubhal'),
(116, 'RPA', 'RPA', 'Uige'),
(117, 'J', 'J', 'Yari-ga-take'),
(118, 'D', 'BAY', 'Zugspitze');

-- --------------------------------------------------------

--
-- Tabellenstruktur für Tabelle `GEO_EBENE`
--

CREATE TABLE `GEO_EBENE` (
  `LT_ID` varchar(4) DEFAULT NULL,
  `L_ID` varchar(4) DEFAULT NULL,
  `E_NAME` varchar(25) DEFAULT NULL
) ENGINE=MyISAM DEFAULT CHARSET=latin1 COLLATE=latin1_swedish_ci PACK_KEYS=1;

--
-- Daten für Tabelle `GEO_EBENE`
--

INSERT INTO `GEO_EBENE` (`LT_ID`, `L_ID`, `E_NAME`) VALUES
('AQU', 'F', 'Franzoesisches_Tiefland'),
('BAS', 'F', 'Franzoesisches_Tiefland'),
('BRE', 'F', 'Franzoesisches_Tiefland'),
('CEN', 'F', 'Franzoesisches_Tiefland'),
('HAU', 'F', 'Franzoesisches_Tiefland'),
('ILE', 'F', 'Franzoesisches_Tiefland'),
('NOR', 'F', 'Franzoesisches_Tiefland'),
('PAY', 'F', 'Franzoesisches_Tiefland'),
('PIC', 'F', 'Franzoesisches_Tiefland'),
('POI', 'F', 'Franzoesisches_Tiefland'),
('CHA', 'RA', 'Gran_Chaco'),
('FOR', 'RA', 'Gran_Chaco'),
('SDE', 'RA', 'Gran_Chaco'),
('MA', 'MA', 'Hochland_der_Schotts'),
('E', 'E', 'Hochland_von_Kastilien'),
('WES', 'AUS', 'Kimberley_Plateau'),
('E', 'S', 'Mittelschwedische_Senke'),
('F', 'S', 'Mittelschwedische_Senke'),
('P', 'S', 'Mittelschwedische_Senke'),
('R', 'S', 'Mittelschwedische_Senke'),
('S', 'S', 'Mittelschwedische_Senke'),
('T', 'S', 'Mittelschwedische_Senke'),
('HB', 'D', 'Norddeutsches_Tiefland'),
('HH', 'D', 'Norddeutsches_Tiefland'),
('NIE', 'D', 'Norddeutsches_Tiefland'),
('NRW', 'D', 'Norddeutsches_Tiefland'),
('SWH', 'D', 'Norddeutsches_Tiefland'),
('SUE', 'AUS', 'Nullarboreebene'),
('WES', 'AUS', 'Nullarboreebene'),
('BUE', 'RA', 'Pampa'),
('COR', 'RA', 'Pampa'),
('LAP', 'RA', 'Pampa'),
('SFE', 'RA', 'Pampa'),
('YU', 'YU', 'Pannonisches_Tiefland'),
('EMI', 'I', 'Poebene'),
('FRI', 'I', 'Poebene'),
('LOM', 'I', 'Poebene'),
('PIE', 'I', 'Poebene'),
('VEN', 'I', 'Poebene'),
('RSA', 'RSA', 'Suedafrikan._Hochland');

-- --------------------------------------------------------

--
-- Tabellenstruktur für Tabelle `GEO_FLUSS`
--

CREATE TABLE `GEO_FLUSS` (
  `id` int(11) NOT NULL,
  `L_ID` varchar(4) DEFAULT NULL,
  `LT_ID` varchar(50) DEFAULT NULL,
  `F_NAME` varchar(20) DEFAULT NULL
) ENGINE=MyISAM DEFAULT CHARSET=latin1 COLLATE=latin1_swedish_ci PACK_KEYS=1;

--
-- Daten für Tabelle `GEO_FLUSS`
--

INSERT INTO `GEO_FLUSS` (`id`, `L_ID`, `LT_ID`, `F_NAME`) VALUES
(1, 'RUS', 'RSF', 'Ajan-Jurjach'),
(2, 'BR', 'AMA', 'Amazonas'),
(3, 'BR', 'APA', 'Amazonas'),
(4, 'CO', 'CO', 'Amazonas'),
(5, 'BR', 'PAR', 'Amazonas'),
(6, 'PE', 'PE', 'Amazonas'),
(7, 'RUS', 'TRK', 'Amudarja'),
(8, 'RUS', 'USB', 'Amudarja'),
(9, 'RUS', 'RSF', 'Amur'),
(10, 'ZRE', 'ZRE', 'Anuwimi'),
(11, 'VRC', 'INN', 'Argun'),
(12, 'RUS', 'RSF', 'Argun'),
(13, 'USA', 'AR', 'Arkansas_River'),
(14, 'USA', 'CO', 'Arkansas_River'),
(15, 'USA', 'KS', 'Arkansas_River'),
(16, 'USA', 'OK', 'Arkansas_River'),
(17, 'EAS', 'EAS', 'Atbara'),
(18, 'ETH', 'ETH', 'Atbara'),
(19, 'EAS', 'EAS', 'Bahr_el-Djebel'),
(20, 'EAS', 'EAS', 'Bahr_el-Gasal'),
(21, 'CI', 'CI', 'Bani'),
(22, 'RMM', 'RMM', 'Bani'),
(23, 'ETH', 'ETH', 'Baro'),
(24, 'CAM', 'CAM', 'Benue'),
(25, 'WAN', 'WAN', 'Benue'),
(26, 'RUS', 'RSF', 'Bija'),
(27, 'EAS', 'EAS', 'Blauer_Nil'),
(28, 'ETH', 'ETH', 'Blauer_Nil'),
(29, 'ZRE', 'ZRE', 'Bomu'),
(30, 'ZRE', 'ZRE', 'Busira'),
(31, 'RUS', 'RSF', 'Chatanga'),
(32, 'USA', 'AZ', 'Colorado_River'),
(33, 'MEX', 'BC', 'Colorado_River'),
(34, 'USA', 'CA', 'Colorado_River'),
(35, 'USA', 'CO', 'Colorado_River'),
(36, 'USA', 'NV', 'Colorado_River'),
(37, 'MEX', 'SON', 'Colorado_River'),
(38, 'USA', 'UT', 'Colorado_River'),
(39, 'CDN', 'BC', 'Columbia_River'),
(40, 'USA', 'OR', 'Columbia_River'),
(41, 'USA', 'WA', 'Columbia_River'),
(42, 'USA', 'CT', 'Connecticut_River'),
(43, 'USA', 'MA', 'Connecticut_River'),
(44, 'USA', 'NH', 'Connecticut_River'),
(45, 'USA', 'VT', 'Connecticut_River'),
(46, 'S', 'C', 'Dalaelv'),
(47, 'S', 'U', 'Dalaelv'),
(48, 'S', 'W', 'Dalaelv'),
(49, 'S', 'X', 'Dalaelv'),
(50, 'ETH', 'ETH', 'Djuba'),
(51, 'SP', 'SP', 'Djuba'),
(52, 'RUS', 'BLR', 'Dnepr'),
(53, 'RUS', 'RSF', 'Dnepr'),
(54, 'UA', 'UA', 'Dnepr'),
(55, 'RUS', 'RSF', 'Don'),
(56, 'D', 'BAW', 'Donau'),
(57, 'D', 'BAY', 'Donau'),
(58, 'BG', 'BG', 'Donau'),
(59, 'SK', 'SK', 'Donau'),
(60, 'H', 'H', 'Donau'),
(61, 'A', 'NIE', 'Donau'),
(62, 'A', 'OBE', 'Donau'),
(63, 'RO', 'RO', 'Donau'),
(64, 'UA', 'UA', 'Donau'),
(65, 'A', 'WIE', 'Donau'),
(66, 'HR', 'HR', 'Donau'),
(67, 'AL', 'AL', 'Drin'),
(68, 'D', 'HH', 'Elbe'),
(69, 'D', 'NIE', 'Elbe'),
(70, 'D', 'HES', 'Fulda'),
(71, 'GUI', 'GUI', 'Gambia'),
(72, 'SN', 'SN', 'Gambia'),
(73, 'WAG', 'WAG', 'Gambia'),
(74, 'F', 'AQU', 'Garonne'),
(75, 'F', 'LAN', 'Garonne'),
(76, 'F', 'MID', 'Garonne'),
(77, 'VRC', 'GAN', 'Gelber_Fluss'),
(78, 'VRC', 'HEN', 'Gelber_Fluss'),
(79, 'VRC', 'INN', 'Gelber_Fluss'),
(80, 'VRC', 'NIN', 'Gelber_Fluss'),
(81, 'VRC', 'QIN', 'Gelber_Fluss'),
(82, 'VRC', 'SHA', 'Gelber_Fluss'),
(83, 'VRC', 'SHG', 'Gelber_Fluss'),
(84, 'N', 'AK', 'Gloma'),
(85, 'N', 'HE', 'Gloma'),
(86, 'N', 'OES', 'Gloma'),
(87, 'S', 'O', 'Goetaaelv'),
(88, 'S', 'P', 'Goetaaelv'),
(89, 'RUS', 'RSF', 'Grosser_Jenissej'),
(90, 'ROK', 'ROK', 'Han'),
(91, 'USA', 'NY', 'Hudson_River'),
(92, 'RUS', 'RSF', 'Ingoda'),
(93, 'RUS', 'KAS', 'Irtysch'),
(94, 'RUS', 'RSF', 'Irtysch'),
(95, 'RUS', 'KAS', 'Ischim'),
(96, 'RUS', 'RSF', 'Ischim'),
(97, 'VRC', 'ANH', 'Jangtse-Kiang'),
(98, 'VRC', 'HUB', 'Jangtse-Kiang'),
(99, 'VRC', 'JSU', 'Jangtse-Kiang'),
(100, 'VRC', 'SIC', 'Jangtse-Kiang'),
(101, 'VRC', 'TIB', 'Jangtse-Kiang'),
(102, 'VRC', 'YUN', 'Jangtse-Kiang'),
(103, 'RUS', 'RSF', 'Jenissej'),
(104, 'IS', 'IS', 'Joekulsa_a_Fjoellum'),
(105, 'RUS', 'RSF', 'Jug'),
(106, 'Z', 'Z', 'Kafue'),
(107, 'RUS', 'RSF', 'Kamtschatka'),
(108, 'IR', 'KHU', 'Karun'),
(109, 'RPA', 'RPA', 'Kasai'),
(110, 'ZRE', 'ZRE', 'Kasai'),
(111, 'RUS', 'RSF', 'Katun'),
(112, 'SF', 'LAP', 'Kemijoki'),
(113, 'J', 'J', 'Kitakami'),
(114, 'S', 'S', 'Klaraelv'),
(115, 'RUS', 'RSF', 'Kleiner_Jenissej'),
(116, 'SF', 'TUP', 'Kokemaeenjoki'),
(117, 'RUS', 'RSF', 'Kolyma'),
(118, 'RPA', 'RPA', 'Kuango'),
(119, 'ZRE', 'ZRE', 'Kuango'),
(120, 'RPA', 'RPA', 'Kuanza'),
(121, 'RUS', 'RSF', 'Kulu'),
(122, 'RPA', 'RPA', 'Kunene'),
(123, 'RUS', 'ASB', 'Kura'),
(124, 'RUS', 'GEO', 'Kura'),
(125, 'TR', 'TR', 'Kura'),
(126, 'ZRE', 'ZRE', 'Kwa'),
(127, 'RPA', 'RPA', 'Kwilu'),
(128, 'ZRE', 'ZRE', 'Kwilu'),
(129, 'RUS', 'RSF', 'Lena'),
(130, 'MOS', 'MOS', 'Limpopo'),
(131, 'RSA', 'RSA', 'Limpopo'),
(132, 'F', 'AUV', 'Loire'),
(133, 'F', 'CEN', 'Loire'),
(134, 'F', 'PAY', 'Loire'),
(135, 'F', 'RHO', 'Loire'),
(136, 'ZRE', 'ZRE', 'Lomami'),
(137, 'Z', 'Z', 'Luangwa'),
(138, 'ZRE', 'ZRE', 'Lukuga'),
(139, 'ZRE', 'ZRE', 'Luvua'),
(140, 'LAO', 'LAO', 'Mekong'),
(141, 'VRC', 'SIC', 'Mekong'),
(142, 'THA', 'THA', 'Mekong'),
(143, 'VRC', 'TIB', 'Mekong'),
(144, 'VN', 'VN', 'Mekong'),
(145, 'VRK', 'VRK', 'Mekong'),
(146, 'VRC', 'YUN', 'Mekong'),
(147, 'USA', 'AR', 'Mississippi_River'),
(148, 'USA', 'IA', 'Mississippi_River'),
(149, 'USA', 'IL', 'Mississippi_River'),
(150, 'USA', 'KY', 'Mississippi_River'),
(151, 'USA', 'LA', 'Mississippi_River'),
(152, 'USA', 'MN', 'Mississippi_River'),
(153, 'USA', 'MO', 'Mississippi_River'),
(154, 'USA', 'MS', 'Mississippi_River'),
(155, 'USA', 'TN', 'Mississippi_River'),
(156, 'USA', 'WI', 'Mississippi_River'),
(157, 'USA', 'IA', 'Missouri_River'),
(158, 'USA', 'KS', 'Missouri_River'),
(159, 'USA', 'MO', 'Missouri_River'),
(160, 'USA', 'MT', 'Missouri_River'),
(161, 'USA', 'ND', 'Missouri_River'),
(162, 'USA', 'NE', 'Missouri_River'),
(163, 'USA', 'SD', 'Missouri_River'),
(164, 'CZ', 'CZ', 'Moldau'),
(165, 'RUS', 'RSF', 'Newa'),
(166, 'GUI', 'GUI', 'Niger'),
(167, 'RMM', 'RMM', 'Niger'),
(168, 'RN', 'RN', 'Niger'),
(169, 'WAN', 'WAN', 'Niger'),
(170, 'EAS', 'EAS', 'Nil'),
(171, 'ET', 'ET', 'Nil'),
(172, 'RUS', 'RSF', 'Noerdliche_Dwina'),
(173, 'RUS', 'RSF', 'Ob'),
(174, 'S', 'W', 'Oesterdalaelv'),
(175, 'RUS', 'RSF', 'Oka'),
(176, 'MON', 'MON', 'Onon'),
(177, 'RUS', 'RSF', 'Onon'),
(178, 'RSA', 'RSA', 'Oranje'),
(179, 'SWA', 'SWA', 'Oranje'),
(180, 'YV', 'YV', 'Orinoco'),
(181, 'SF', 'OUL', 'Oulujoki'),
(182, 'SF', 'LAP', 'Ounasjoki'),
(183, 'RA', 'FOR', 'Paraguay'),
(184, 'BR', 'MAT', 'Paraguay'),
(185, 'PY', 'PY', 'Paraguay'),
(186, 'RA', 'BUE', 'Parana'),
(187, 'RA', 'CES', 'Parana'),
(188, 'RA', 'CHA', 'Parana'),
(189, 'RA', 'ENT', 'Parana'),
(190, 'BR', 'GOI', 'Parana'),
(191, 'BR', 'MAT', 'Parana'),
(192, 'RA', 'MIS', 'Parana'),
(193, 'BR', 'PNA', 'Parana'),
(194, 'RA', 'SFE', 'Parana'),
(195, 'RUS', 'RSF', 'Petschora'),
(196, 'EAS', 'EAS', 'Pibor'),
(197, 'RUS', 'TRK', 'Pjandsh'),
(198, 'D', 'BAW', 'Rhein'),
(199, 'CH', 'SH', 'Rhein'),
(200, 'NL', 'NL', 'Rhein'),
(201, 'D', 'NRW', 'Rhein'),
(202, 'D', 'RPF', 'Rhein'),
(203, 'F', 'LAN', 'Rhone'),
(204, 'F', 'RHO', 'Rhone'),
(205, 'MEX', 'GRO', 'Rio_Balsas'),
(206, 'MEX', 'MIC', 'Rio_Balsas'),
(207, 'MEX', 'OAX', 'Rio_Balsas'),
(208, 'MEX', 'PUE', 'Rio_Balsas'),
(209, 'RA', 'BUE', 'Rio_de_la_Plata'),
(210, 'RA', 'BUN', 'Rio_de_la_Plata'),
(211, 'U', 'U', 'Rio_de_la_Plata'),
(212, 'MEX', 'CHI', 'Rio_Grande'),
(213, 'USA', 'CO', 'Rio_Grande'),
(214, 'MEX', 'COA', 'Rio_Grande'),
(215, 'MEX', 'NL', 'Rio_Grande'),
(216, 'USA', 'NM', 'Rio_Grande'),
(217, 'MEX', 'TAM', 'Rio_Grande'),
(218, 'USA', 'TX', 'Rio_Grande'),
(219, 'EAT', 'EAT', 'Rowuma'),
(220, 'MOS', 'MOS', 'Rowuma'),
(221, 'EAT', 'EAT', 'Rufiji'),
(222, 'ZRE', 'ZRE', 'Ruki'),
(223, 'MOS', 'MOS', 'Sambesi'),
(224, 'RPA', 'RPA', 'Sambesi'),
(225, 'Z', 'Z', 'Sambesi'),
(226, 'CAM', 'CAM', 'Sanaga'),
(227, 'CAM', 'CAM', 'Sanga'),
(228, 'RCA', 'RCA', 'Sanga'),
(229, 'ZRE', 'ZRE', 'Sanga'),
(230, 'MOS', 'MOS', 'Save'),
(231, 'ZW', 'ZW', 'Save'),
(232, 'TCH', 'TCH', 'Schari'),
(233, 'RUS', 'RSF', 'Schilka'),
(234, 'AL', 'AL', 'Schwarzer_Drin'),
(235, 'MK', 'MK', 'Schwarzer_Drin'),
(236, 'RUS', 'KAS', 'Schwarzer_Irtysch'),
(237, 'VRC', 'XIN', 'Schwarzer_Irtysch'),
(238, 'F', 'BOU', 'Seine'),
(239, 'F', 'HAU', 'Seine'),
(240, 'F', 'ILE', 'Seine'),
(241, 'RMM', 'RMM', 'Senegal'),
(242, 'SN', 'SN', 'Senegal'),
(243, 'MOS', 'MOS', 'Shire'),
(244, 'MW', 'MW', 'Shire'),
(245, 'EAS', 'EAS', 'Sobat'),
(246, 'ETH', 'ETH', 'Sobat'),
(247, 'CDN', 'ON', 'St._Lorenzstrom'),
(248, 'CDN', 'PQ', 'St._Lorenzstrom'),
(249, 'RUS', 'RSF', 'Suchona'),
(250, 'RUS', 'KAS', 'Syrdarja'),
(251, 'EAK', 'EAK', 'Tana'),
(252, 'GB', 'ENG', 'Themse'),
(253, 'IS', 'IS', 'Thjorsa'),
(254, 'RUS', 'KAS', 'Tobol'),
(255, 'RUS', 'RSF', 'Tobol'),
(256, 'S', 'BD', 'Torneaelv'),
(257, 'ZRE', 'ZRE', 'Tshuapa'),
(258, 'RCA', 'RCA', 'Ubangi'),
(259, 'ZRE', 'ZRE', 'Ubangi'),
(260, 'ZRE', 'ZRE', 'Uelle'),
(261, 'S', 'AC', 'Umeaelv'),
(262, 'RUS', 'KAS', 'Ural'),
(263, 'RUS', 'RSF', 'Ural'),
(264, 'BR', 'RGS', 'Uruguay'),
(265, 'U', 'U', 'Uruguay'),
(266, 'RSA', 'RSA', 'Vaal'),
(267, 'S', 'W', 'Vaesterdalaelv'),
(268, 'GH', 'GH', 'Volta'),
(269, 'ETH', 'ETH', 'Webi_Schebeli'),
(270, 'SP', 'SP', 'Webi_Schebeli'),
(271, 'PL', 'PL', 'Weichsel'),
(272, 'AL', 'AL', 'Weisser_Drin'),
(274, 'EAS', 'EAS', 'Weisser_Nil'),
(275, 'D', 'HES', 'Werra'),
(276, 'D', 'NIE', 'Werra'),
(277, 'D', 'HB', 'Weser'),
(278, 'D', 'HES', 'Weser'),
(279, 'D', 'NIE', 'Weser'),
(280, 'D', 'NRW', 'Weser'),
(281, 'RUS', 'BLR', 'Westliche_Dwina'),
(282, 'RUS', 'LET', 'Westliche_Dwina'),
(283, 'RUS', 'RSF', 'Westliche_Dwina'),
(284, 'RUS', 'RSF', 'Wolga'),
(285, 'RCB', 'RCB', 'Zaire'),
(286, 'ZRE', 'ZRE', 'Zaire'),
(287, 'CH', 'SG', 'Rhein'),
(288, 'CH', 'TI', 'Aare'),
(289, 'CH', 'BE', 'Aare'),
(290, 'CH', 'AG', 'Aare'),
(291, 'CH', 'SO', 'Aare'),
(292, 'CH', 'SH', 'Aare'),
(293, 'CH', 'TG', 'Thur'),
(294, 'CH', 'SG', 'Thur'),
(295, 'CH', 'LU', 'Reuss'),
(296, 'CH', 'ZG', 'Reuss'),
(297, 'CH', 'AG', 'Reuss'),
(298, 'CH', 'JU', 'Doubs'),
(299, 'CH', 'NE', 'Doubs'),
(300, 'F', 'BFC', 'Doubs');

-- --------------------------------------------------------

--
-- Tabellenstruktur für Tabelle `GEO_INSEL`
--

CREATE TABLE `GEO_INSEL` (
  `LT_ID` varchar(4) DEFAULT NULL,
  `L_ID` varchar(4) DEFAULT NULL,
  `I_NAME` varchar(25) DEFAULT NULL
) ENGINE=MyISAM DEFAULT CHARSET=latin1 COLLATE=latin1_swedish_ci PACK_KEYS=1;

--
-- Daten für Tabelle `GEO_INSEL`
--

INSERT INTO `GEO_INSEL` (`LT_ID`, `L_ID`, `I_NAME`) VALUES
('ALA', 'SF', 'Aland'),
('GBA', 'GB', 'Alderney'),
('KAL', 'I', 'Alicudi'),
('WAL', 'GB', 'Anglesey'),
('GB', 'GB', 'Anguilla'),
('KOM', 'KOM', 'Anjouan'),
('AUB', 'AUB', 'Antigua'),
('SCH', 'GB', 'Arran'),
('GB', 'GB', 'Ascension'),
('NO', 'N', 'Aust-Vagoey'),
('NW', 'CDN', 'Baffin_Island'),
('BS', 'BS', 'Bahamas'),
('RI', 'RI', 'Bali'),
('NW', 'CDN', 'Banks_Island'),
('BDS', 'BDS', 'Barbados'),
('AUB', 'AUB', 'Barbuda'),
('SCH', 'GB', 'Barra'),
('SCH', 'GB', 'Benbecula'),
('GB', 'GB', 'Bermuda'),
('ENG', 'GB', 'Bishop_Rock'),
('BO', 'PI', 'Bohol'),
('DK', 'DK', 'Bornholm'),
('GB', 'GB', 'Cayman'),
('GB', 'GB', 'Cayman_Brac'),
('GR', 'GR', 'Chios'),
('SCH', 'GB', 'Coll'),
('SCH', 'GB', 'Colonsay'),
('EST', 'EST', 'Dagoe'),
('WD', 'WD', 'Dominica'),
('DK', 'DK', 'Falster'),
('RGE', 'RGE', 'Fernando_Poo'),
('P', 'P', 'Flores'),
('E', 'E', 'Formentera'),
('DK', 'DK', 'Fuenen'),
('E', 'E', 'Fuertoventura'),
('HOR', 'IR', 'Gheschm'),
('E', 'E', 'Gomera'),
('I', 'S', 'Gotland'),
('GB', 'GB', 'Grand_Caicos'),
('E', 'E', 'Gran_Canaria'),
('WG', 'WG', 'Grenada'),
('GR', 'DK', 'Groenland'),
('KOM', 'KOM', 'Gr_Komoro'),
('F', 'F', 'Guadeloupe'),
('GBG', 'GB', 'Guernsey'),
('SCH', 'GB', 'Harris'),
('HI', 'USA', 'Hawaii'),
('E', 'E', 'Hierro'),
('DOM', 'DOM', 'Hispaniola'),
('RH', 'RH', 'Hispaniola'),
('J', 'J', 'Hokkaido'),
('GB', 'GB', 'Hongkong'),
('J', 'J', 'Honshu'),
('SCH', 'GB', 'Hoy'),
('E', 'E', 'Ibiza'),
('GR', 'GR', 'Ikaria'),
('SCH', 'GB', 'Iona'),
('EC', 'EC', 'Isabela'),
('SCH', 'GB', 'Islay'),
('GB', 'GB', 'Isle_of_Man'),
('JA', 'JA', 'Jamaika'),
('JM', 'N', 'Jan_Mayen'),
('GBJ', 'GB', 'Jersey'),
('SCH', 'GB', 'Jura'),
('SUE', 'AUS', 'Kaenguruhinsel'),
('HI', 'USA', 'Kauai'),
('GR', 'GR', 'Kefallina'),
('BUS', 'IR', 'Khark'),
('GR', 'GR', 'Korfu'),
('F', 'F', 'Korsika'),
('GR', 'GR', 'Kos'),
('RSF', 'RUS', 'Kotelny-Insel'),
('GR', 'GR', 'Kreta'),
('C', 'C', 'Kuba'),
('J', 'J', 'Kyushu'),
('SIZ', 'I', 'Lampedusa'),
('HI', 'USA', 'Lanai'),
('DK', 'DK', 'Langeland'),
('E', 'E', 'Lanzerote'),
('HOR', 'IR', 'Lavan'),
('E', 'E', 'La_Palma'),
('GR', 'GR', 'Lefkas'),
('SCH', 'GB', 'Lewis'),
('LE', 'PI', 'Leyte'),
('SIZ', 'I', 'Linosa'),
('KAL', 'I', 'Lipari'),
('GB', 'GB', 'Little_Cayman'),
('DK', 'DK', 'Lolland'),
('ENG', 'GB', 'Lundy'),
('LU', 'PI', 'Luzon'),
('RM', 'RM', 'Madagaskar'),
('P', 'P', 'Madeira'),
('SCH', 'GB', 'Mainland'),
('E', 'E', 'Mallorca'),
('M', 'M', 'Malta'),
('MA', 'USA', 'Martha\'s_Vineyard'),
('F', 'F', 'Martinique'),
('HI', 'USA', 'Maui'),
('KOM', 'KOM', 'Mayotta'),
('NOR', 'AUS', 'Melville_Insel'),
('E', 'E', 'Menorca'),
('MA', 'PI', 'Mindanao'),
('MO', 'PI', 'Mindoro'),
('KOM', 'KOM', 'Mohilla'),
('HI', 'USA', 'Molokai'),
('GB', 'GB', 'Montserrat'),
('SCH', 'GB', 'Mull'),
('MA', 'USA', 'Nantucket'),
('NE', 'PI', 'Negros'),
('F', 'F', 'Neukaledonien'),
('SCN', 'SCN', 'Nevis'),
('GB', 'GB', 'Nord-Caicos'),
('SB', 'N', 'Nordostland'),
('SCH', 'GB', 'North_Ulist'),
('HI', 'USA', 'Oahu'),
('H', 'S', 'Oeland'),
('EST', 'EST', 'Oesel'),
('RSF', 'RUS', 'Oktoberrevolutionsinsel'),
('GB', 'GB', 'Ost-Caicos'),
('GB', 'GB', 'Ostfalkland'),
('PAL', 'PI', 'Palawan'),
('KAL', 'I', 'Panarea'),
('PAN', 'PI', 'Panay'),
('RSF', 'RUS', 'Paramuschir'),
('GR', 'GR', 'Patmos'),
('P', 'P', 'Porto_Santo'),
('NW', 'CDN', 'Prince_Charles_Island'),
('PE', 'CDN', 'Prince_Edward_Island'),
('NW', 'CDN', 'Prince_of_Wales_Island'),
('GB', 'GB', 'Providenciales'),
('GR', 'GR', 'Rhodos'),
('SCH', 'GB', 'Rhum'),
('RSF', 'RUS', 'Sachalin'),
('GR', 'GR', 'Sahinthos'),
('SCN', 'SCN', 'Saint_Kitts'),
('WL', 'WL', 'Saint_Lucia'),
('WV', 'WV', 'Saint_Vincent'),
('KAL', 'I', 'Salina'),
('SA', 'PI', 'Samar'),
('GR', 'GR', 'Samos'),
('SCH', 'GB', 'Sanday'),
('CA', 'USA', 'Santa_Catalina_Island'),
('CA', 'USA', 'Santa_Cruz_Island'),
('P', 'P', 'Santa_Maria'),
('CA', 'USA', 'Santa_Rosa_Island'),
('CA', 'USA', 'San_Clemente_Island'),
('CA', 'USA', 'San_Miguel_Island'),
('P', 'P', 'Sao_Miguel'),
('SAR', 'I', 'Sardinien'),
('DK', 'DK', 'Seeland'),
('J', 'J', 'Shikoku'),
('SIZ', 'I', 'Sizilien'),
('SCH', 'GB', 'Skye'),
('NW', 'CDN', 'Southhampton_Island'),
('SCH', 'GB', 'South_Ronaldson'),
('SCH', 'GB', 'South_Ulist'),
('SB', 'N', 'Spitzbergen'),
('GB', 'GB', 'St._Helena'),
('SCH', 'GB', 'Staffa'),
('FA', 'DK', 'Stroemoe'),
('KAL', 'I', 'Stromboli'),
('GB', 'GB', 'Suedgeorgien'),
('RI', 'RI', 'Sumatra'),
('J', 'J', 'Tarawa'),
('TAS', 'AUS', 'Tasmanien'),
('E', 'E', 'Teneriffa'),
('GR', 'GR', 'Tilos'),
('SCH', 'GB', 'Tiree'),
('TT', 'TT', 'Tobago'),
('TT', 'TT', 'Trinidad'),
('BC', 'CDN', 'Vancouver_Island'),
('NW', 'CDN', 'Victoria_Island'),
('KAL', 'I', 'Vulcano'),
('GB', 'GB', 'Westfalkland'),
('SCH', 'GB', 'Westray');

-- --------------------------------------------------------

--
-- Tabellenstruktur für Tabelle `GEO_MEER`
--

CREATE TABLE `GEO_MEER` (
  `id` int(11) NOT NULL,
  `LT_ID` varchar(4) DEFAULT NULL,
  `L_ID` varchar(4) DEFAULT NULL,
  `M_NAME` varchar(25) DEFAULT NULL
) ENGINE=MyISAM DEFAULT CHARSET=latin1 COLLATE=latin1_swedish_ci PACK_KEYS=1;

--
-- Daten für Tabelle `GEO_MEER`
--

INSERT INTO `GEO_MEER` (`id`, `LT_ID`, `L_ID`, `M_NAME`) VALUES
(1, 'ADN', 'ADN', 'Arabisches_Meer'),
(2, 'KSA', 'KSA', 'Arabisches_Meer'),
(3, 'OMA', 'OMA', 'Arabisches_Meer'),
(4, 'PAK', 'PAK', 'Arabisches_Meer'),
(5, 'RSF', 'RUS', 'Asowsches_Meer'),
(6, 'UA', 'RUS', 'Asowsches_Meer'),
(7, 'ALA', 'BR', 'Atlantischer_Ozean'),
(8, 'APA', 'BR', 'Atlantischer_Ozean'),
(9, 'AQU', 'F', 'Atlantischer_Ozean'),
(10, 'AUB', 'AUB', 'Atlantischer_Ozean'),
(11, 'BAH', 'BR', 'Atlantischer_Ozean'),
(12, 'BDS', 'BDS', 'Atlantischer_Ozean'),
(13, 'BRE', 'F', 'Atlantischer_Ozean'),
(14, 'BS', 'BS', 'Atlantischer_Ozean'),
(15, 'BUE', 'RA', 'Atlantischer_Ozean'),
(16, 'C', 'C', 'Atlantischer_Ozean'),
(17, 'CAM', 'CAM', 'Atlantischer_Ozean'),
(18, 'CEA', 'BR', 'Atlantischer_Ozean'),
(19, 'CHU', 'RA', 'Atlantischer_Ozean'),
(20, 'CI', 'CI', 'Atlantischer_Ozean'),
(21, 'CT', 'USA', 'Atlantischer_Ozean'),
(22, 'DARS', 'DARS', 'Atlantischer_Ozean'),
(23, 'DE', 'USA', 'Atlantischer_Ozean'),
(24, 'DOM', 'DOM', 'Atlantischer_Ozean'),
(25, 'E', 'E', 'Atlantischer_Ozean'),
(26, 'ESP', 'BR', 'Atlantischer_Ozean'),
(27, 'FA', 'DK', 'Atlantischer_Ozean'),
(28, 'FGU', 'F', 'Atlantischer_Ozean'),
(29, 'FL', 'USA', 'Atlantischer_Ozean'),
(30, 'GA', 'USA', 'Atlantischer_Ozean'),
(31, 'GAB', 'GAB', 'Atlantischer_Ozean'),
(32, 'GH', 'GH', 'Atlantischer_Ozean'),
(33, 'GR', 'DK', 'Atlantischer_Ozean'),
(34, 'GUB', 'GUB', 'Atlantischer_Ozean'),
(35, 'GUI', 'GUI', 'Atlantischer_Ozean'),
(36, 'GUY', 'GUY', 'Atlantischer_Ozean'),
(37, 'IRL', 'IRL', 'Atlantischer_Ozean'),
(38, 'IS', 'IS', 'Atlantischer_Ozean'),
(39, 'KAP', 'KAP', 'Atlantischer_Ozean'),
(40, 'LB', 'LB', 'Atlantischer_Ozean'),
(41, 'MA', 'MA', 'Atlantischer_Ozean'),
(42, 'MA', 'USA', 'Atlantischer_Ozean'),
(43, 'MAR', 'BR', 'Atlantischer_Ozean'),
(44, 'MB', 'CDN', 'Atlantischer_Ozean'),
(45, 'MD', 'USA', 'Atlantischer_Ozean'),
(46, 'ME', 'USA', 'Atlantischer_Ozean'),
(47, 'NAT', 'RA', 'Atlantischer_Ozean'),
(48, 'NB', 'CDN', 'Atlantischer_Ozean'),
(49, 'NC', 'USA', 'Atlantischer_Ozean'),
(50, 'NF', 'CDN', 'Atlantischer_Ozean'),
(51, 'NH', 'USA', 'Atlantischer_Ozean'),
(52, 'NJ', 'USA', 'Atlantischer_Ozean'),
(53, 'NS', 'CDN', 'Atlantischer_Ozean'),
(54, 'NW', 'CDN', 'Atlantischer_Ozean'),
(55, 'NY', 'USA', 'Atlantischer_Ozean'),
(56, 'ON', 'CDN', 'Atlantischer_Ozean'),
(57, 'P', 'P', 'Atlantischer_Ozean'),
(58, 'PAR', 'BR', 'Atlantischer_Ozean'),
(59, 'PAY', 'F', 'Atlantischer_Ozean'),
(60, 'PBA', 'BR', 'Atlantischer_Ozean'),
(61, 'PE', 'CDN', 'Atlantischer_Ozean'),
(62, 'PER', 'BR', 'Atlantischer_Ozean'),
(63, 'PNA', 'BR', 'Atlantischer_Ozean'),
(64, 'POI', 'F', 'Atlantischer_Ozean'),
(65, 'PQ', 'CDN', 'Atlantischer_Ozean'),
(66, 'QR', 'MEX', 'Atlantischer_Ozean'),
(67, 'RCB', 'RCB', 'Atlantischer_Ozean'),
(68, 'RCH', 'RCH', 'Atlantischer_Ozean'),
(69, 'RGE', 'RGE', 'Atlantischer_Ozean'),
(70, 'RGN', 'BR', 'Atlantischer_Ozean'),
(71, 'RGS', 'BR', 'Atlantischer_Ozean'),
(72, 'RH', 'RH', 'Atlantischer_Ozean'),
(73, 'RI', 'USA', 'Atlantischer_Ozean'),
(74, 'RIM', 'RIM', 'Atlantischer_Ozean'),
(75, 'RIO', 'BR', 'Atlantischer_Ozean'),
(76, 'RIO', 'RA', 'Atlantischer_Ozean'),
(77, 'RPA', 'RPA', 'Atlantischer_Ozean'),
(78, 'RPB', 'RPB', 'Atlantischer_Ozean'),
(79, 'RSA', 'RSA', 'Atlantischer_Ozean'),
(80, 'SAN', 'BR', 'Atlantischer_Ozean'),
(81, 'SAO', 'BR', 'Atlantischer_Ozean'),
(82, 'SAO', 'SAO', 'Atlantischer_Ozean'),
(83, 'SC', 'USA', 'Atlantischer_Ozean'),
(84, 'SCH', 'GB', 'Atlantischer_Ozean'),
(85, 'SCN', 'SCN', 'Atlantischer_Ozean'),
(86, 'SCR', 'RA', 'Atlantischer_Ozean'),
(87, 'SER', 'BR', 'Atlantischer_Ozean'),
(88, 'SME', 'SME', 'Atlantischer_Ozean'),
(89, 'SN', 'SN', 'Atlantischer_Ozean'),
(90, 'SWA', 'SWA', 'Atlantischer_Ozean'),
(91, 'TG', 'TG', 'Atlantischer_Ozean'),
(92, 'TT', 'TT', 'Atlantischer_Ozean'),
(93, 'U', 'U', 'Atlantischer_Ozean'),
(94, 'VA', 'USA', 'Atlantischer_Ozean'),
(95, 'WAG', 'WAG', 'Atlantischer_Ozean'),
(96, 'WAL', 'WAL', 'Atlantischer_Ozean'),
(97, 'WAN', 'WAN', 'Atlantischer_Ozean'),
(98, 'WD', 'WD', 'Atlantischer_Ozean'),
(99, 'WG', 'WG', 'Atlantischer_Ozean'),
(100, 'WL', 'WL', 'Atlantischer_Ozean'),
(101, 'WV', 'WV', 'Atlantischer_Ozean'),
(102, 'YUC', 'MEX', 'Atlantischer_Ozean'),
(103, 'YV', 'YV', 'Atlantischer_Ozean'),
(104, 'ZRE', 'ZRE', 'Atlantischer_Ozean'),
(105, 'FI', 'N', 'Barentssee'),
(106, 'RSF', 'RUS', 'Barentssee'),
(107, 'RSF', 'RUS', 'Beringmeer'),
(108, 'FA', 'DK', 'Europaeisches_Nordmeer'),
(109, 'FI', 'N', 'Europaeisches_Nordmeer'),
(110, 'IS', 'IS', 'Europaeisches_Nordmeer'),
(111, 'JM', 'N', 'Europaeisches_Nordmeer'),
(112, 'MR', 'N', 'Europaeisches_Nordmeer'),
(113, 'NO', 'N', 'Europaeisches_Nordmeer'),
(114, 'NT', 'N', 'Europaeisches_Nordmeer'),
(115, 'SF', 'N', 'Europaeisches_Nordmeer'),
(116, 'ST', 'N', 'Europaeisches_Nordmeer'),
(117, 'TR', 'N', 'Europaeisches_Nordmeer'),
(118, 'HEB', 'VRC', 'Gelbes_Meer'),
(119, 'JSU', 'VRC', 'Gelbes_Meer'),
(120, 'LIA', 'VRC', 'Gelbes_Meer'),
(121, 'PEK', 'VRC', 'Gelbes_Meer'),
(122, 'ROK', 'ROK', 'Gelbes_Meer'),
(123, 'SHG', 'VRC', 'Gelbes_Meer'),
(124, 'ADN', 'ADN', 'Golf_von_Aden'),
(125, 'RD', 'RD', 'Golf_von_Aden'),
(126, 'SP', 'SP', 'Golf_von_Aden'),
(127, 'AL', 'USA', 'Golf_von_Mexiko'),
(128, 'C', 'C', 'Golf_von_Mexiko'),
(129, 'CAM', 'MEX', 'Golf_von_Mexiko'),
(130, 'FL', 'USA', 'Golf_von_Mexiko'),
(131, 'LA', 'USA', 'Golf_von_Mexiko'),
(132, 'MS', 'USA', 'Golf_von_Mexiko'),
(133, 'TAB', 'MEX', 'Golf_von_Mexiko'),
(134, 'TAM', 'MEX', 'Golf_von_Mexiko'),
(135, 'TX', 'USA', 'Golf_von_Mexiko'),
(136, 'VER', 'MEX', 'Golf_von_Mexiko'),
(137, 'YUC', 'MEX', 'Golf_von_Mexiko'),
(138, 'OMA', 'OMA', 'Golf_von_Oman'),
(139, 'PAK', 'PAK', 'Golf_von_Oman'),
(140, 'ANI', 'IND', 'Indischer_Ozean'),
(141, 'ANP', 'IND', 'Indischer_Ozean'),
(142, 'EAK', 'EAK', 'Indischer_Ozean'),
(143, 'EAT', 'EAT', 'Indischer_Ozean'),
(144, 'GDD', 'IND', 'Indischer_Ozean'),
(145, 'GUJ', 'IND', 'Indischer_Ozean'),
(146, 'KAR', 'IND', 'Indischer_Ozean'),
(147, 'KER', 'IND', 'Indischer_Ozean'),
(148, 'KOM', 'KOM', 'Indischer_Ozean'),
(149, 'LAK', 'IND', 'Indischer_Ozean'),
(150, 'MAH', 'IND', 'Indischer_Ozean'),
(151, 'MOS', 'MOS', 'Indischer_Ozean'),
(152, 'MS', 'MS', 'Indischer_Ozean'),
(153, 'NOR', 'AUS', 'Indischer_Ozean'),
(154, 'NSW', 'AUS', 'Indischer_Ozean'),
(155, 'ORI', 'IND', 'Indischer_Ozean'),
(156, 'RM', 'RM', 'Indischer_Ozean'),
(157, 'RSA', 'RSA', 'Indischer_Ozean'),
(158, 'SP', 'SP', 'Indischer_Ozean'),
(159, 'SUE', 'AUS', 'Indischer_Ozean'),
(160, 'SY', 'SY', 'Indischer_Ozean'),
(161, 'TAN', 'IND', 'Indischer_Ozean'),
(162, 'TAS', 'AUS', 'Indischer_Ozean'),
(163, 'WBE', 'IND', 'Indischer_Ozean'),
(164, 'WES', 'AUS', 'Indischer_Ozean'),
(165, 'ENG', 'GB', 'Irische_See'),
(166, 'IRL', 'IRL', 'Irische_See'),
(167, 'NOR', 'GB', 'Irische_See'),
(168, 'WAL', 'GB', 'Irische_See'),
(169, 'RSF', 'RUS', 'Japanisches_Meer'),
(170, 'RSF', 'RUS', 'Karasee'),
(171, 'AUB', 'AUB', 'Karibisches_Meer'),
(172, 'BH', 'BH', 'Karibisches_Meer'),
(173, 'C', 'C', 'Karibisches_Meer'),
(174, 'CO', 'CO', 'Karibisches_Meer'),
(175, 'CR', 'CR', 'Karibisches_Meer'),
(176, 'DOM', 'DOM', 'Karibisches_Meer'),
(177, 'GCA', 'GCA', 'Karibisches_Meer'),
(178, 'HON', 'HON', 'Karibisches_Meer'),
(179, 'JA', 'JA', 'Karibisches_Meer'),
(180, 'NIC', 'NIC', 'Karibisches_Meer'),
(181, 'PA', 'PA', 'Karibisches_Meer'),
(182, 'RH', 'RH', 'Karibisches_Meer'),
(183, 'SCN', 'SCN', 'Karibisches_Meer'),
(184, 'WD', 'WD', 'Karibisches_Meer'),
(185, 'WG', 'WG', 'Karibisches_Meer'),
(186, 'WL', 'WL', 'Karibisches_Meer'),
(187, 'WV', 'WV', 'Karibisches_Meer'),
(188, 'YV', 'YV', 'Karibisches_Meer'),
(189, 'RSF', 'RUS', 'Laptewsee'),
(190, 'AL', 'AL', 'Mittelmeer'),
(191, 'APU', 'I', 'Mittelmeer'),
(192, 'CAD', 'E', 'Mittelmeer'),
(193, 'COR', 'F', 'Mittelmeer'),
(194, 'CY', 'CY', 'Mittelmeer'),
(195, 'DZ', 'DZ', 'Mittelmeer'),
(196, 'E', 'E', 'Mittelmeer'),
(197, 'ET', 'ET', 'Mittelmeer'),
(198, 'FRI', 'I', 'Mittelmeer'),
(199, 'GBZ', 'GB', 'Mittelmeer'),
(200, 'GR', 'GR', 'Mittelmeer'),
(201, 'IL', 'IL', 'Mittelmeer'),
(202, 'KAL', 'I', 'Mittelmeer'),
(203, 'KAM', 'I', 'Mittelmeer'),
(204, 'LAN', 'F', 'Mittelmeer'),
(205, 'LAR', 'LAR', 'Mittelmeer'),
(206, 'LAT', 'I', 'Mittelmeer'),
(207, 'LIG', 'I', 'Mittelmeer'),
(208, 'M', 'M', 'Mittelmeer'),
(209, 'MA', 'MA', 'Mittelmeer'),
(210, 'MAR', 'I', 'Mittelmeer'),
(211, 'MC', 'MC', 'Mittelmeer'),
(212, 'PRO', 'F', 'Mittelmeer'),
(213, 'RL', 'RL', 'Mittelmeer'),
(214, 'SAR', 'I', 'Mittelmeer'),
(215, 'SIZ', 'I', 'Mittelmeer'),
(216, 'TN', 'TN', 'Mittelmeer'),
(217, 'TOS', 'I', 'Mittelmeer'),
(218, 'TR', 'TR', 'Mittelmeer'),
(219, 'VEN', 'I', 'Mittelmeer'),
(220, 'HR', 'HR', 'Mittelmeer'),
(221, 'SB', 'N', 'Nordpolarmeer'),
(222, 'AA', 'N', 'Nordsee'),
(223, 'AK', 'N', 'Nordsee'),
(224, 'ANT', 'B', 'Nordsee'),
(225, 'BAS', 'F', 'Nordsee'),
(226, 'BRA', 'B', 'Nordsee'),
(227, 'BU', 'N', 'Nordsee'),
(228, 'DK', 'DK', 'Nordsee'),
(229, 'ENG', 'GB', 'Nordsee'),
(230, 'HAU', 'F', 'Nordsee'),
(231, 'HB', 'D', 'Nordsee'),
(232, 'HEN', 'B', 'Nordsee'),
(233, 'HO', 'N', 'Nordsee'),
(234, 'LIM', 'B', 'Nordsee'),
(235, 'LUE', 'B', 'Nordsee'),
(236, 'LUX', 'B', 'Nordsee'),
(237, 'NAM', 'B', 'Nordsee'),
(238, 'NIE', 'D', 'Nordsee'),
(239, 'NL', 'NL', 'Nordsee'),
(240, 'NOR', 'F', 'Nordsee'),
(241, 'NOR', 'GB', 'Nordsee'),
(242, 'OES', 'N', 'Nordsee'),
(243, 'OS', 'N', 'Nordsee'),
(244, 'OST', 'B', 'Nordsee'),
(245, 'PIC', 'F', 'Nordsee'),
(246, 'RO', 'N', 'Nordsee'),
(247, 'SCH', 'GB', 'Nordsee'),
(248, 'SWH', 'D', 'Nordsee'),
(249, 'TE', 'N', 'Nordsee'),
(250, 'VA', 'N', 'Nordsee'),
(251, 'VE', 'N', 'Nordsee'),
(252, 'WES', 'B', 'Nordsee'),
(253, 'RSF', 'RUS', 'Ochotskisches_Meer'),
(254, 'FUJ', 'VRC', 'Ostchinesisches_Meer'),
(255, 'J', 'J', 'Ostchinesisches_Meer'),
(256, 'JSU', 'VRC', 'Ostchinesisches_Meer'),
(257, 'ROC', 'ROC', 'Ostchinesisches_Meer'),
(258, 'ROK', 'ROK', 'Ostchinesisches_Meer'),
(259, 'ZHE', 'VRC', 'Ostchinesisches_Meer'),
(260, 'AB', 'S', 'Ostsee'),
(261, 'AC', 'S', 'Ostsee'),
(262, 'ALA', 'SF', 'Ostsee'),
(263, 'BD', 'S', 'Ostsee'),
(264, 'C', 'S', 'Ostsee'),
(265, 'D', 'S', 'Ostsee'),
(266, 'DK', 'DK', 'Ostsee'),
(267, 'E', 'S', 'Ostsee'),
(268, 'EST', 'EST', 'Ostsee'),
(269, 'H', 'S', 'Ostsee'),
(270, 'I', 'S', 'Ostsee'),
(271, 'K', 'S', 'Ostsee'),
(272, 'KYM', 'SF', 'Ostsee'),
(273, 'L', 'S', 'Ostsee'),
(274, 'LAP', 'SF', 'Ostsee'),
(275, 'LT', 'LT', 'Ostsee'),
(276, 'LV', 'LV', 'Ostsee'),
(277, 'M', 'S', 'Ostsee'),
(278, 'MV', 'D', 'Ostsee'),
(279, 'N', 'S', 'Ostsee'),
(280, 'O', 'S', 'Ostsee'),
(281, 'OUL', 'SF', 'Ostsee'),
(282, 'PL', 'PL', 'Ostsee'),
(283, 'RSF', 'RUS', 'Ostsee'),
(284, 'SWH', 'D', 'Ostsee'),
(285, 'TUP', 'SF', 'Ostsee'),
(286, 'UUS', 'SF', 'Ostsee'),
(287, 'VAA', 'SF', 'Ostsee'),
(288, 'X', 'S', 'Ostsee'),
(289, 'Y', 'S', 'Ostsee'),
(290, 'RSF', 'RUS', 'Ostsibirische_See'),
(291, 'AK', 'USA', 'Pazifischer_Ozean'),
(292, 'BC', 'CDN', 'Pazifischer_Ozean'),
(293, 'BC', 'MEX', 'Pazifischer_Ozean'),
(294, 'BCS', 'MEX', 'Pazifischer_Ozean'),
(295, 'CA', 'USA', 'Pazifischer_Ozean'),
(296, 'CHI', 'MEX', 'Pazifischer_Ozean'),
(297, 'CO', 'CO', 'Pazifischer_Ozean'),
(298, 'COL', 'MEX', 'Pazifischer_Ozean'),
(299, 'CR', 'CR', 'Pazifischer_Ozean'),
(300, 'EC', 'EC', 'Pazifischer_Ozean'),
(301, 'ES', 'ES', 'Pazifischer_Ozean'),
(302, 'GCA', 'GCA', 'Pazifischer_Ozean'),
(303, 'GRO', 'MEX', 'Pazifischer_Ozean'),
(304, 'HI', 'USA', 'Pazifischer_Ozean'),
(305, 'JAL', 'MEX', 'Pazifischer_Ozean'),
(306, 'MIC', 'MEX', 'Pazifischer_Ozean'),
(307, 'NAY', 'MEX', 'Pazifischer_Ozean'),
(308, 'NIC', 'NIC', 'Pazifischer_Ozean'),
(309, 'NSW', 'AUS', 'Pazifischer_Ozean'),
(310, 'NZ', 'NZ', 'Pazifischer_Ozean'),
(311, 'OAX', 'MEX', 'Pazifischer_Ozean'),
(312, 'OR', 'USA', 'Pazifischer_Ozean'),
(313, 'PA', 'PA', 'Pazifischer_Ozean'),
(314, 'PE', 'PE', 'Pazifischer_Ozean'),
(315, 'QUE', 'AUS', 'Pazifischer_Ozean'),
(316, 'RCH', 'RCH', 'Pazifischer_Ozean'),
(317, 'SIN', 'MEX', 'Pazifischer_Ozean'),
(318, 'SON', 'MEX', 'Pazifischer_Ozean'),
(319, 'VIC', 'AUS', 'Pazifischer_Ozean'),
(320, 'WA', 'USA', 'Pazifischer_Ozean'),
(321, 'YU', 'CDN', 'Pazifischer_Ozean'),
(322, 'BRN', 'BRN', 'Persischer_Golf'),
(323, 'IRQ', 'IRQ', 'Persischer_Golf'),
(324, 'KSA', 'KSA', 'Persischer_Golf'),
(325, 'KT', 'KT', 'Persischer_Golf'),
(326, 'OMA', 'OMA', 'Persischer_Golf'),
(327, 'Q', 'Q', 'Persischer_Golf'),
(328, 'UAE', 'UAE', 'Persischer_Golf'),
(329, 'EAS', 'EAS', 'Rotes_Meer'),
(330, 'ET', 'ET', 'Rotes_Meer'),
(331, 'ETH', 'ETH', 'Rotes_Meer'),
(332, 'IL', 'IL', 'Rotes_Meer'),
(333, 'JEM', 'JEM', 'Rotes_Meer'),
(334, 'KSA', 'KSA', 'Rotes_Meer'),
(335, 'BG', 'BG', 'Schwarzes_Meer'),
(336, 'GEO', 'RUS', 'Schwarzes_Meer'),
(337, 'MD', 'MD', 'Schwarzes_Meer'),
(338, 'RO', 'RO', 'Schwarzes_Meer'),
(339, 'RSF', 'RUS', 'Schwarzes_Meer'),
(340, 'TR', 'TR', 'Schwarzes_Meer'),
(341, 'UA', 'RUS', 'Schwarzes_Meer'),
(342, 'MAC', 'P', 'Suedchinesisches_Meer'),
(343, 'RSF', 'RUS', 'Tschuktschensee'),
(344, 'RSF', 'RUS', 'Weisses_Meer'),
(345, 'BIH', 'BIH', 'Mittelmeer'),
(346, 'MNE', 'MNE', 'Mittelmeer'),
(347, 'SLO', 'SLO', 'Mittelmeer');

-- --------------------------------------------------------

--
-- Tabellenstruktur für Tabelle `GEO_SEE`
--

CREATE TABLE `GEO_SEE` (
  `id` int(11) NOT NULL,
  `LT_ID` varchar(4) DEFAULT NULL,
  `L_ID` varchar(4) DEFAULT NULL,
  `S_NAME` varchar(25) DEFAULT NULL
) ENGINE=MyISAM DEFAULT CHARSET=latin1 COLLATE=latin1_swedish_ci PACK_KEYS=1;

--
-- Daten für Tabelle `GEO_SEE`
--

INSERT INTO `GEO_SEE` (`id`, `LT_ID`, `L_ID`, `S_NAME`) VALUES
(1, 'ETH', 'ETH', 'Abayasee'),
(2, 'EAU', 'EAU', 'Albertsee'),
(3, 'NOR', 'AUS', 'Amadeussee'),
(4, 'KAS', 'RUS', 'Aralsee'),
(5, 'USB', 'RUS', 'Aralsee'),
(6, 'DK', 'DK', 'Arresee'),
(7, 'ETH', 'ETH', 'Assalesee'),
(8, 'RSF', 'RUS', 'Baikalsee'),
(9, 'KAS', 'RUS', 'Balchaschsee'),
(10, 'Z', 'Z', 'Bangweolosee'),
(11, 'BAW', 'D', 'Bodensee'),
(12, 'BAY', 'D', 'Bodensee'),
(13, 'CH', 'CH', 'Bodensee'),
(14, 'VOR', 'A', 'Bodensee'),
(15, 'MOS', 'MOS', 'Cabora-Bassa-See'),
(16, 'HEI', 'VRC', 'Chankasee'),
(17, 'RSF', 'RUS', 'Chankasee'),
(18, 'TN', 'USA', 'Chicamauga_Lake'),
(19, 'MW', 'MW', 'Chilwasee'),
(20, 'LOM', 'I', 'Comer_See'),
(21, 'WES', 'AUS', 'Disappointment-See'),
(22, 'EAU', 'EAU', 'Eduardsee'),
(23, 'ZRE', 'ZRE', 'Eduardsee'),
(24, 'EAT', 'EAT', 'Ejassisee'),
(25, 'SWA', 'SWA', 'Etoschapfanne'),
(26, 'SUE', 'AUS', 'Eyre_See'),
(27, 'WA', 'USA', 'F.D.R._Lake'),
(28, 'LOM', 'I', 'Gardasee'),
(29, 'CH', 'CH', 'Genfer_See'),
(30, 'RHO', 'F', 'Genfer_See'),
(31, 'NW', 'CDN', 'Great_Bear_Lake'),
(32, 'UT', 'USA', 'Great_Salt_Lake'),
(33, 'NW', 'CDN', 'Great_Slave_Lake'),
(34, 'KER', 'IR', 'Hamune_Jazmurian_See'),
(35, 'SUB', 'IR', 'Hamune_Jazmurian_See'),
(36, 'LAP', 'SF', 'Inarisee'),
(37, 'KIR', 'RUS', 'Issyk-Kul'),
(38, 'WAN', 'WAN', 'Kainji-Stausee'),
(39, 'KUO', 'SF', 'Kallasee'),
(40, 'Z', 'Z', 'Karibasee'),
(41, 'ZW', 'ZW', 'Karibasee'),
(42, 'ASB', 'RUS', 'Kaspisches_Meer'),
(43, 'GIL', 'IR', 'Kaspisches_Meer'),
(44, 'KAS', 'RUS', 'Kaspisches_Meer'),
(45, 'MAZ', 'IR', 'Kaspisches_Meer'),
(46, 'RSF', 'RUS', 'Kaspisches_Meer'),
(47, 'TRK', 'RUS', 'Kaspisches_Meer'),
(48, 'KY', 'USA', 'Kentucky_Lake'),
(49, 'TN', 'USA', 'Kentucky_Lake'),
(50, 'EAU', 'EAU', 'Kiogasee'),
(51, 'RWA', 'RWA', 'Kiwusee'),
(52, 'ZRE', 'ZRE', 'Kiwusee'),
(53, 'RSF', 'RUS', 'Ladogasee'),
(54, 'JAL', 'MEX', 'Lago_de_Chapala'),
(55, 'CH', 'CH', 'Lago_Maggiore'),
(56, 'LOM', 'I', 'Lago_Maggiore'),
(57, 'MI', 'USA', 'Lake_Erie'),
(58, 'NY', 'USA', 'Lake_Erie'),
(59, 'OH', 'USA', 'Lake_Erie'),
(60, 'ON', 'CDN', 'Lake_Erie'),
(61, 'PA', 'USA', 'Lake_Erie'),
(62, 'MI', 'USA', 'Lake_Huron'),
(63, 'ON', 'CDN', 'Lake_Huron'),
(64, 'AZ', 'USA', 'Lake_Meade'),
(65, 'NV', 'USA', 'Lake_Meade'),
(66, 'IL', 'USA', 'Lake_Michigan'),
(67, 'IN', 'USA', 'Lake_Michigan'),
(68, 'MI', 'USA', 'Lake_Michigan'),
(69, 'WI', 'USA', 'Lake_Michigan'),
(70, 'ON', 'CDN', 'Lake_Nipigon'),
(71, 'FL', 'USA', 'Lake_Okeechobee'),
(72, 'NY', 'USA', 'Lake_Ontario'),
(73, 'ON', 'CDN', 'Lake_Ontario'),
(74, 'AZ', 'USA', 'Lake_Powell'),
(75, 'UT', 'USA', 'Lake_Powell'),
(76, 'MI', 'USA', 'Lake_Superior'),
(77, 'MN', 'USA', 'Lake_Superior'),
(78, 'ON', 'CDN', 'Lake_Superior'),
(79, 'WI', 'USA', 'Lake_Superior'),
(80, 'CA', 'USA', 'Lake_Tahoe'),
(81, 'NV', 'USA', 'Lake_Tahoe'),
(82, 'BC', 'CDN', 'Lake_Williston'),
(83, 'MB', 'CDN', 'Lake_Winnipeg'),
(84, 'NH', 'USA', 'Lake_Winnipesaukee'),
(85, 'ZRE', 'ZRE', 'Leopold2-See'),
(86, 'CAM', 'CAM', 'M\'Bakau-Stausee'),
(87, 'NOR', 'AUS', 'Mackay_See'),
(88, 'WES', 'AUS', 'Mackay_See'),
(89, 'AB', 'S', 'Maelarsee'),
(90, 'C', 'S', 'Maelarsee'),
(91, 'D', 'S', 'Maelarsee'),
(92, 'U', 'S', 'Maelarsee'),
(93, 'RB', 'RB', 'Makarikarisalzpfanne'),
(94, 'YV', 'YV', 'Maracaibo_See'),
(95, 'HE', 'N', 'Mjoesensee'),
(96, 'OP', 'N', 'Mjoesensee'),
(97, 'Z', 'Z', 'Mwerusee'),
(98, 'ZRE', 'ZRE', 'Mwerusee'),
(99, 'HAE', 'SF', 'Naesisee'),
(100, 'TEH', 'IR', 'Namak_See'),
(101, 'ET', 'ET', 'Nassersee'),
(102, 'EAT', 'EAT', 'Natronsee'),
(103, 'RB', 'RB', 'Ngamisee'),
(104, 'NIC', 'NIC', 'Nicaragua_See'),
(105, 'MOS', 'MOS', 'Njassasee'),
(106, 'MW', 'MW', 'Njassasee'),
(107, 'AL', 'AL', 'Ohridsee'),
(108, 'HR', 'HR', 'Ohridsee'),
(109, 'RSF', 'RUS', 'Onegasee'),
(110, 'NKA', 'SF', 'Orisee'),
(111, 'HAE', 'SF', 'Paeijaenne'),
(112, 'MFI', 'SF', 'Paeijaenne'),
(113, 'AL', 'AL', 'Prespasee'),
(114, 'GR', 'GR', 'Prespasee'),
(115, 'EST', 'RUS', 'Pskowsee'),
(116, 'RSF', 'RUS', 'Pskowsee'),
(117, 'EAK', 'EAK', 'Rudolfsee'),
(118, 'EAT', 'EAT', 'Rukwasee'),
(119, 'KYM', 'SF', 'Saimasee'),
(120, 'MIK', 'SF', 'Saimasee'),
(121, 'AL', 'AL', 'Skutarisee'),
(122, 'MNE', 'MNE', 'Skutarisee'),
(123, 'ETH', 'ETH', 'Stefaniesee'),
(124, 'ETH', 'ETH', 'Suatsee'),
(125, 'RSF', 'RUS', 'Taimyrsee'),
(126, 'ETH', 'ETH', 'Tanasee'),
(127, 'BU', 'BU', 'Tanganjikasee'),
(128, 'EAT', 'EAT', 'Tanganjikasee'),
(129, 'Z', 'Z', 'Tanganjikasee'),
(130, 'ZRE', 'ZRE', 'Tanganjikasee'),
(131, 'BOL', 'BOL', 'Titicaca_See'),
(132, 'PE', 'PE', 'Titicaca_See'),
(133, 'SUE', 'AUS', 'Torrensee'),
(134, 'ET', 'ET', 'Tschadsee'),
(135, 'RN', 'RN', 'Tschadsee'),
(136, 'WAN', 'WAN', 'Tschadsee'),
(137, 'RSF', 'RUS', 'Tschanysee'),
(138, 'ZRE', 'ZRE', 'Tumbasee'),
(139, 'OAS', 'IR', 'Urumiyeh_See'),
(140, 'WAS', 'IR', 'Urumiyeh_See'),
(141, 'P', 'S', 'Vaenersee'),
(142, 'R', 'S', 'Vaenersee'),
(143, 'S', 'S', 'Vaenersee'),
(144, 'E', 'S', 'Vaettersee'),
(145, 'F', 'S', 'Vaettersee'),
(146, 'R', 'S', 'Vaettersee'),
(147, 'T', 'S', 'Vaettersee'),
(148, 'EAK', 'EAK', 'Victoriasee'),
(149, 'EAT', 'EAT', 'Victoriasee'),
(150, 'EAU', 'EAU', 'Victoriasee'),
(151, 'GH', 'GH', 'Voltastausee');

-- --------------------------------------------------------

--
-- Tabellenstruktur für Tabelle `GEO_WUESTE`
--

CREATE TABLE `GEO_WUESTE` (
  `LT_ID` varchar(4) DEFAULT NULL,
  `L_ID` varchar(4) DEFAULT NULL,
  `W_NAME` varchar(25) DEFAULT NULL
) ENGINE=MyISAM DEFAULT CHARSET=latin1 COLLATE=latin1_swedish_ci PACK_KEYS=1;

--
-- Daten für Tabelle `GEO_WUESTE`
--

INSERT INTO `GEO_WUESTE` (`LT_ID`, `L_ID`, `W_NAME`) VALUES
('ET', 'ET', 'Arabische_Wueste'),
('RIM', 'RIM', 'Asauad'),
('RMM', 'RMM', 'Asauad'),
('RCH', 'RCH', 'Atacama'),
('TCH', 'TCH', 'Dschurab'),
('DZ', 'DZ', 'Erg_Igidi'),
('RIM', 'RIM', 'Erg_Igidi'),
('RMM', 'RMM', 'Erg_Igidi'),
('LAR', 'LAR', 'Erg_Rebiana'),
('DZ', 'DZ', 'Erg_Schesch'),
('RMM', 'RMM', 'Erg_Schesch'),
('LAR', 'LAR', 'Fesan'),
('WES', 'AUS', 'Gibsonwueste'),
('RN', 'RN', 'Grosser_Erg_von_Bilma'),
('NOR', 'AUS', 'Grosse_Sandwueste'),
('WES', 'AUS', 'Grosse_Sandwueste'),
('SUE', 'AUS', 'Grosse_Victoriawueste'),
('WES', 'AUS', 'Grosse_Victoriawueste'),
('DZ', 'DZ', 'Hamada_des_Draa'),
('MA', 'MA', 'Hamada_des_Draa'),
('LAR', 'LAR', 'Hamada_el-Hamra'),
('TN', 'TN', 'Hamada_el-Hamra'),
('RB', 'RB', 'Kalahari'),
('RSA', 'RSA', 'Kalahari'),
('SWA', 'SWA', 'Kalahari'),
('TRK', 'RUS', 'Karakum'),
('USB', 'RUS', 'Karakum'),
('KAS', 'RUS', 'Kysylkum'),
('USB', 'RUS', 'Kysylkum'),
('EAS', 'EAS', 'Libysche_Wueste'),
('ET', 'ET', 'Libysche_Wueste'),
('LAR', 'LAR', 'Libysche_Wueste'),
('RIM', 'RIM', 'Makteir'),
('KAS', 'RUS', 'Mujunkum'),
('EAS', 'EAS', 'Nubische_Wueste'),
('DZ', 'DZ', 'Oestl._Grosser_Erg'),
('TN', 'TN', 'Oestl._Grosser_Erg'),
('DARS', 'DARS', 'Sagia_el-Hamra'),
('NOR', 'AUS', 'Simpsonwueste'),
('QUE', 'AUS', 'Simpsonwueste'),
('SUE', 'AUS', 'Simpsonwueste'),
('NOR', 'AUS', 'Tanamiwueste'),
('DZ', 'DZ', 'Tanesruft'),
('RMM', 'RMM', 'Tanesruft'),
('RN', 'RN', 'Tenere'),
('RIM', 'RIM', 'Trarza'),
('RIM', 'RIM', 'Uaran'),
('DZ', 'DZ', 'Westl._Grosser_Erg');

-- --------------------------------------------------------

--
-- Tabellenstruktur für Tabelle `HAT_SITZ_IN`
--

CREATE TABLE `HAT_SITZ_IN` (
  `ST_NAME` varchar(25) DEFAULT NULL,
  `LT_ID` varchar(4) DEFAULT NULL,
  `L_ID` varchar(4) DEFAULT NULL,
  `ABKUERZUNG` varchar(20) DEFAULT NULL
) ENGINE=MyISAM DEFAULT CHARSET=latin1 COLLATE=latin1_swedish_ci PACK_KEYS=1;

--
-- Daten für Tabelle `HAT_SITZ_IN`
--

INSERT INTO `HAT_SITZ_IN` (`ST_NAME`, `LT_ID`, `L_ID`, `ABKUERZUNG`) VALUES
('Tunis', 'TN', 'TN', 'AJA'),
('Madrid', 'E', 'E', 'AKP'),
('Montevideo', 'U', 'U', 'ALADI'),
('Canberra', 'ACT', 'AS', 'ANZUS'),
('Manila', 'PI', 'Pl', 'ASDB'),
('Jakarta', 'RI', 'RI', 'ASEAN'),
('Basel', 'CH', 'CH', 'BIZ'),
('Panama', 'PA', 'PA', 'BLADEX'),
('Georgetown', 'GUY', 'GUY', 'CARICOM'),
(NULL, NULL, NULL, 'CCC'),
('Abidjan', 'CL', 'CL', 'CEAO'),
('Genf', 'CH', 'CH', 'CEPT'),
(NULL, NULL, NULL, 'CER'),
(NULL, NULL, NULL, 'CIPEC'),
('London', 'E', 'GB', 'COMMONWEALTH'),
(NULL, NULL, NULL, 'Conseil_de_l\'Ent'),
('Addis_Abeba', 'ETH', 'ETH', 'ECA'),
('Genf', 'CH', 'Ch', 'ECE'),
('Santiago de Chile', 'RCH', 'RCH', 'ECLAC'),
('Abuja', 'WAN', 'WAN', 'ECOWAS'),
('Genf', 'CH', 'CH', 'EFTA'),
(NULL, NULL, NULL, 'EG'),
('London', 'E', 'GB', 'EGKS'),
('München', 'BAY', 'D', 'EPA'),
('Strasbourg', 'ALS', 'F', 'ER'),
('Wien', 'WIE', 'A', 'ESA'),
('Bangkok', 'THA', 'THA', 'ESCAP'),
('Brüssel', 'BRA', 'BE', 'EUREKA'),
('Straßburg', NULL, 'F', 'EWG'),
(NULL, NULL, NULL, 'EWS'),
('Genf', 'CH', 'CH', 'GATT'),
('Washington', 'DC', 'USA', 'IADB'),
('London', 'ENG', 'GB', 'ICCO'),
(NULL, NULL, NULL, 'ICM'),
(NULL, NULL, NULL, 'ICO'),
('Washington', 'DC', 'USA', 'IDB'),
('Paris', 'ILE', 'F', 'IEA'),
('Lausanne', '', 'CH', 'IOC'),
('Genf', 'CH', 'CH', 'IPU'),
(NULL, NULL, NULL, 'NAFTA'),
('Bruessel', 'BRA', 'B', 'NATO'),
('Kopenhagen', 'DK', 'DK', 'NMR'),
('Kopenhagen', 'DK', 'DK', 'NR'),
('Benghazi', 'KT', 'KT', 'OAPEC'),
('Washington', 'DC', 'USA', 'OAS'),
('Addis_Abeba', 'ETH', 'ETH', 'OAU'),
(NULL, NULL, NULL, 'OCAM'),
('Paris', 'ILE', 'F', 'OECD'),
('Dakar', 'SN', 'SN', 'OMVS'),
('Wien', '', 'A', 'OPEC'),
('Moskau', NULL, 'RUS', 'RGW'),
('Bangkok', 'THA', 'THA', 'SEAMEO'),
('Caracas', 'YV', 'YV', 'SELA'),
(NULL, NULL, NULL, 'SPC'),
(NULL, NULL, NULL, 'SPEC'),
(NULL, NULL, NULL, 'SPF'),
('Bangui', 'RCA', 'RCA', 'UDEAC'),
('Dakar', 'SN', 'SN', 'UMOA'),
('Genf', 'CH', 'CH', 'UNCTAD'),
('New_York', 'NY', 'USA', 'UNITAR'),
('New_York', 'NY', 'USA', 'UNO'),
('London', 'ENG', 'GB', 'WEU');

-- --------------------------------------------------------

--
-- Tabellenstruktur für Tabelle `INSEL`
--

CREATE TABLE `INSEL` (
  `I_NAME` varchar(25) NOT NULL DEFAULT '',
  `INSELGRUPPE` varchar(25) DEFAULT NULL,
  `FLAECHE` double(16,4) DEFAULT NULL,
  `LAENGE` double(16,4) DEFAULT NULL,
  `BREITE` double(16,4) DEFAULT NULL
) ENGINE=MyISAM DEFAULT CHARSET=latin1 COLLATE=latin1_swedish_ci PACK_KEYS=1;

--
-- Daten für Tabelle `INSEL`
--

INSERT INTO `INSEL` (`I_NAME`, `INSELGRUPPE`, `FLAECHE`, `LAENGE`, `BREITE`) VALUES
('Aland', 'Alandinseln', 650.0000, 20.0000, 60.1000),
('Alderney', 'Kanal-Inseln', 8.0000, 2.1000, 51.4000),
('Alicudi', 'Liparische_Inseln', 0.0000, 14.1000, 38.3000),
('Anglesey', NULL, 715.0000, 4.3000, 53.2000),
('Anguilla', 'Kleine_Antillen', 91.0000, 61.0000, 18.0000),
('Anjouan', 'Komoren', 10.0000, 44.4000, -12.2000),
('Antigua', 'Kleine_Antillen', 280.0000, 62.0000, 16.1000),
('Arran', '', 460.0000, -5.5000, 55.3000),
('Ascension', NULL, 88.0000, -14.2200, -7.5600),
('Aust-Vagoey', 'Lofoten', 526.0000, 15.0000, 68.3000),
('Baffin_Island', 'Nunavut', 507451.0000, -75.0000, 70.0000),
('Bahamas', 'Bahama-Inseln', 13940.0000, -76.0000, 25.0000),
('Bali', '', 5561.0000, 0.0000, 0.0000),
('Banks_Island', '', 70028.0000, -123.0000, 73.0000),
('Barbados', 'Kleine_Antillen', 431.0000, -59.3000, 13.0000),
('Barbuda', 'Kleine_Antillen', 161.0000, -61.4000, 17.3000),
('Barra', 'Aeussere_Hebriden', 91.0000, 7.3000, 57.0000),
('Benbecula', 'Aeussere_Hebriden', 4117.0000, -7.2000, 57.3000),
('Bermuda', 'Bermuda_Inseln', 588.0000, -65.0000, 33.0000),
('Bishop_Rock', 'Scilly_Inseln', 125.0000, -6.1000, 49.5000),
('Bohol', 'Philippinen', 3865.0000, 0.0000, 0.0000),
('Bornholm', NULL, 588.0000, 15.0000, 55.0000),
('Cayman', 'Caymaninseln', 259.0000, -82.0000, 19.0000),
('Cayman_Brac', 'Caymaninseln', 264.0000, -79.5000, 18.5000),
('Chios', 'Suedliche_Sporaden', 806.0000, 26.0000, 38.1000),
('Coll', 'Innere_Hebriden', NULL, -6.5000, 56.5000),
('Colonsay', 'Innere_Hebriden', NULL, -6.1000, 56.1000),
('Dagoe', NULL, 965.0000, 22.0000, 59.0000),
('Dominica', 'Kleine_Antillen', 751.0000, -61.2000, 15.2000),
('Falster', NULL, 514.0000, 12.0000, 54.5000),
('Fernando_Poo', '', 26.0000, 0.0000, 0.0000),
('Flores', 'Azoren', 14250.0000, -31.1000, 39.3000),
('Formentera', 'Balearen', 1936.0000, 1.3000, 38.5000),
('Fuenen', NULL, 2976.0000, 10.3000, 55.2000),
('Fuertoventura', 'Kanarische_Inseln', 1722.0000, -14.0000, 28.3000),
('Gheschm', NULL, 1491.0000, 56.0000, 27.0000),
('Gomera', 'Kanarische_Inseln', 378.0000, -17.1000, 28.1000),
('Gotland', NULL, 3140.0000, 18.3000, 57.5000),
('Grand_Caicos', 'Caicosinseln', 400.0000, -72.0000, 22.0000),
('Gran_Canaria', 'Kanarische_Inseln', 1553.0000, -15.3000, 28.0000),
('Grenada', 'Kleine_Antillen', 345.0000, -63.0000, 13.0000),
('Groenland', NULL, 2175600.0000, -40.0000, 70.0000),
('Gr_Komoro', 'Komoren', NULL, 43.4000, -11.7000),
('Guadeloupe', 'Kleine_Antillen', 1780.0000, -63.0000, 16.0000),
('Guernsey', 'Kanal-Inseln', 78.0000, -2.4000, 51.2000),
('Harris', 'Aeussere_Hebriden', NULL, -7.0000, 57.5000),
('Hawaii', 'Hawaii_Inseln', 10414.0000, -155.2000, 19.3000),
('Hierro', 'Kanarische_Inseln', 278.0000, -18.0000, 27.5000),
('Hispaniola', 'Grosse_Antillen', 76192.0000, -71.0000, 19.0000),
('Hokkaido', '', 78523.0000, 0.0000, 0.0000),
('Hongkong', '', 1092.0000, 114.1000, 22.1500),
('Honshu', '', 231090.0000, 0.0000, 0.0000),
('Hoy', 'Orkney_Inseln', 137.0000, -3.2000, 59.1000),
('Ibiza', 'Balearen', 572.0000, 1.3000, 39.0000),
('Ikaria', 'Suedliche_Sporaden', 255.0000, 26.1000, 37.3000),
('Iona', 'Innere_Hebriden', 1.1000, 5000.0000, 2.4000),
('Isabela', 'Galapagos-Inseln', 5436.0000, -91.3000, NULL),
('Islay', 'Innere_Hebriden', 3538.0000, -6.1000, 55.5000),
('Isle_of_Man', '', 572.0000, -4.5000, 54.1000),
('Jamaika', 'Grosse_Antillen', 10991.0000, -77.3000, 18.1000),
('Jan_Mayen', NULL, 380.0000, -8.0000, 71.1000),
('Jersey', 'Kanal-Inseln', 116.0000, -2.1000, 51.1000),
('Jura', 'Innere_Hebriden', 255.0000, -6.0000, 56.0000),
('Kaenguruhinsel', NULL, 4350.0000, 137.0000, -36.0000),
('Kauai', 'Hawaii_Inseln', 1422.0000, -159.3000, 22.0000),
('Kefallina', 'Ionische_Inseln', NULL, 20.3000, 38.2000),
('Khark', NULL, 20.0000, 50.2000, 29.1000),
('Korfu', 'Ionische_Inseln', 592.0000, 19.0000, 39.3000),
('Korsika', NULL, 8681.0000, 9.0000, 42.0000),
('Kos', 'Suedliche_Sporaden', 290.0000, 27.0000, 37.0000),
('Kotelny-Insel', 'Neusibirische_Inseln', 11665.0000, 140.0000, 75.0000),
('Kreta', NULL, 8331.0000, 25.0000, 37.0000),
('Kuba', 'Grosse_Antillen', 114524.0000, -79.0000, 22.0000),
('Kyushu', '', 44326.0000, 0.0000, 0.0000),
('Lampedusa', 'Pelagische_Inseln', 204.0000, 13.2000, 35.4000),
('Lanai', 'Hawaii_Inseln', 363.0000, -157.0000, 20.5000),
('Langeland', NULL, 284.0000, 10.5000, 55.0000),
('Lanzerote', 'Kanarische_Inseln', 845.0000, -13.3000, 29.0000),
('Lavan', '80', 76.0000, 53.1000, 26.5000),
('La_Palma', 'Kanarische_Inseln', 7294.0000, -17.5000, 28.3000),
('Lefkas', 'Ionische_Inseln', 293.0000, 20.3000, 38.5000),
('Lewis', 'Aeussere_Hebriden', 2273.0000, -7.0000, 58.0000),
('Leyte', 'Philippinen', 8003.0000, 0.0000, 0.0000),
('Linosa', 'Pelagische_Inseln', 54.0000, 13.3000, 35.5000),
('Lipari', 'Liparische_Inseln', 38.0000, 14.4000, 38.3000),
('Little_Cayman', 'Caymaninseln', 264.0000, -80.0000, 19.0000),
('Lolland', '1241', 1241.0000, 11.5000, 54.4000),
('Lundy', 'Bristol Channel', 4.0000, -4.5000, 51.0000),
('Luzon', 'Philippinen', 108172.0000, 0.0000, 0.0000),
('Madagaskar', 'Madagaskar', 587041.0000, 46.0000, -20.0000),
('Madeira', 'Madeira', 740.0000, -17.0000, 32.4500),
('Mainland', 'Orkney_Inseln', 492.0000, -3.1000, 59.2000),
('Mallorca', 'Balearen', 3618.0000, 3.0000, 39.3000),
('Malta', NULL, 315.0000, 14.1000, 36.0000),
('Martha\'s_Vineyard', NULL, 231.7500, -70.4000, 41.5000),
('Martinique', 'Kleine_Antillen', 1100.0000, -62.0000, 14.5000),
('Maui', 'Hawaii_Inseln', 1886.0000, -156.2000, 20.5000),
('Mayotta', 'Komoren', 374.0000, 45.2000, -12.7000),
('Melville_Insel', NULL, 5800.0000, 131.0000, -12.0000),
('Menorca', 'Balearen', 760.0000, 4.0000, 40.0000),
('Mindanao', 'Philippinen', 94594.0000, 0.0000, 0.0000),
('Mindoro', 'Philippinen', 9735.0000, 0.0000, 0.0000),
('Mohilla', 'Komoren', NULL, 43.6000, -12.7000),
('Molokai', 'Hawaii_Inseln', 676.0000, -157.0000, 21.1000),
('Montserrat', 'Kleine_Antillen', 106.0000, 63.3000, 16.0000),
('Mull', 'Innere_Hebriden', 910.0000, 6.0000, 56.3000),
('Nantucket', '', 120.0000, -70.1000, 41.5000),
('Negros', 'Philippinen', 12703.0000, 0.0000, 0.0000),
('Neukaledonien', 'Neukaledonien', 19103.0000, 165.0000, -19.5000),
('Nevis', 'Kleine_Antillen', 93.0000, -62.3000, 17.0000),
('Nord-Caicos', 'Caicosinseln', NULL, -72.1000, 22.1000),
('Nordostland', 'Spitzbergen', 14530.0000, 23.0000, 80.0000),
('North_Ulist', 'Aeussere_Hebriden', NULL, -7.1000, 57.4000),
('Oahu', 'Hawaii_Inseln', 1575.0000, -158.0000, 21.2000),
('Oeland', NULL, 1344.0000, 17.0000, 57.0000),
('Oesel', 'Baltische_Inseln', 2714.0000, 22.0000, 58.3000),
('Oktoberrevolutionsinsel', 'Sewernaja_Semlja', 14170.0000, 95.0000, 80.0000),
('Ost-Caicos', 'Caicosinseln', NULL, -71.5000, 21.5000),
('Ostfalkland', 'Falklandinseln', 12173.0000, -61.0000, -53.0000),
('Palawan', 'Philippinen', 11.0000, 425.0000, 40.0000),
('Panarea', 'Liparische_Inseln', NULL, 14.5000, 38.4000),
('Panay', 'Philippinen', 11.0000, NULL, NULL),
('Paramuschir', 'Kurilen', 2042.0000, 155.3000, 50.1000),
('Patmos', 'Suedliche_Sporaden', 34.0000, 26.3000, 37.2000),
('Porto_Santo', 'Madeira', NULL, -15.3000, 32.3000),
('Prince_Charles_Island', NULL, 9065.0000, -76.0000, 67.5000),
('Prince_Edward_Island', NULL, 5700.0000, -63.0000, 46.5000),
('Prince_of_Wales_Island', NULL, 33.0000, -100.0000, 73.0000),
('Providenciales', 'Caicosinseln', NULL, -72.3000, 22.0000),
('Rhodos', 'Suedliche_Sporaden', 1398.0000, 28.0000, 36.0000),
('Rhum', 'Innere_Hebriden', NULL, -6.3000, 57.1000),
('Sachalin', NULL, 76400.0000, 143.0000, 50.0000),
('Zakynthos', 'Ionische_Inseln', 410.0000, 20.5000, 37.5000),
('Saint_Kitts', 'Kleine_Antillen', 164.0000, -62.5000, 17.2000),
('Saint_Lucia', 'Kleine_Antillen', 620.0000, -60.5000, 14.0000),
('Saint_Vincent', 'Kleine_Antillen', 389.0000, -61.1000, 13.1000),
('Salina', 'Liparische_Inseln', 27.0000, 7.5000, 5.5000),
('Samar', 'Philippinen', 13.0000, NULL, NULL),
('Samos', 'Suedliche_Sporaden', 476.0000, 26.5000, 37.4000),
('Sanday', 'Orkney_Inseln', NULL, -2.4000, 59.4000),
('Santa_Catalina_Island', NULL, 194.0000, -118.2000, 33.2000),
('Santa_Cruz_Island', NULL, 245.4200, -119.5000, 34.0000),
('Santa_Maria', 'Azoren', 97.0000, -28.1000, 39.0000),
('Santa_Rosa_Island', NULL, 215.2700, -120.0000, 34.0000),
('San_Clemente_Island', NULL, 147.1300, -118.2000, 33.0000),
('San_Miguel_Island', NULL, NULL, -120.1000, 34.1000),
('Sao_Miguel', 'Azoren', 747.0000, -26.1000, 38.2000),
('Sardinien', NULL, 24090.0000, 9.0000, 40.0000),
('Seeland', NULL, 7439.0000, 12.0000, 55.3000),
('Shikoku', 'Japan', 18.0000, NULL, NULL),
('Sizilien', NULL, 25462.0000, 14.0000, 39.3000),
('Skye', 'Innere_Hebriden', 1740.0000, -6.3000, 57.3000),
('Southhampton_Island', NULL, 40600.0000, -85.0000, 65.0000),
('South_Ronaldson', 'Orkney_Inseln', NULL, -3.0000, 59.0000),
('South_Ulist', 'Aeussere_Hebriden', NULL, -7.2000, 57.2000),
('Spitzbergen', 'Spitzbergen', 39043.0000, 20.0000, 78.0000),
('St._Helena', '', 410.0000, -5.0000, -18.0000),
('Staffa', 'Innere_Hebriden', 2.0000, -6.3000, 56.3000),
('Stroemoe', 'Faroeer', 3735.0000, -7.0000, 62.1000),
('Stromboli', 'Liparische_Inseln', 12.0000, 15.0000, 38.5000),
('Suedgeorgien', 'Suedgeorgien', 3753.0000, -37.0000, -55.0000),
('Sumatra', NULL, 424979.0000, NULL, NULL),
('Tarawa', 'Gilbert-Inseln', NULL, NULL, NULL),
('Tasmanien', NULL, 67800.0000, 145.0000, -42.0000),
('Teneriffa', 'Kanarische_Inseln', 2325.0000, -16.3000, 28.3000),
('Tilos', 'Suedliche_Sporaden', 64.5250, 27.3000, 36.3000),
('Tiree', 'Innere_Hebriden', NULL, -7.0000, 56.4000),
('Tobago', 'Kleine_Antillen', 301.0000, -60.3000, 11.1000),
('Trinidad', 'Kleine_Antillen', 4827.0000, -61.2000, 10.3000),
('Vancouver_Island', NULL, 32.1340, -126.0000, 50.0000),
('Victoria_Island', '', 352.0000, -110.0000, 70.0000),
('Vulcano', 'Liparische_Inseln', 21.0000, 14.4000, 38.2000),
('Westfalkland', 'Falklandinseln', 12173.0000, -60.0000, -53.0000),
('Westray', 'Orkney_Inseln', 47.1300, -3.0000, 59.4000);

-- --------------------------------------------------------

--
-- Tabellenstruktur für Tabelle `IST_BENACHBART_ZU`
--

CREATE TABLE `IST_BENACHBART_ZU` (
  `id` int(11) NOT NULL,
  `LAND1` varchar(4) DEFAULT NULL,
  `LAND2` varchar(4) DEFAULT NULL
) ENGINE=MyISAM DEFAULT CHARSET=latin1 COLLATE=latin1_swedish_ci PACK_KEYS=1;

--
-- Daten für Tabelle `IST_BENACHBART_ZU`
--

INSERT INTO `IST_BENACHBART_ZU` (`id`, `LAND1`, `LAND2`) VALUES
(1, 'A', 'CH'),
(2, 'A', 'CZ'),
(3, 'A', 'D'),
(4, 'A', 'FL'),
(5, 'A', 'H'),
(6, 'A', 'I'),
(7, 'A', 'SLO'),
(8, 'ADN', 'KSA'),
(9, 'AFG', 'IR'),
(10, 'AFG', 'PAK'),
(11, 'AFG', 'RUS'),
(12, 'AFG', 'VRC'),
(13, 'AL', 'GR'),
(14, 'AL', 'MK'),
(339, 'MNE', 'SRB'),
(16, 'AND', 'E'),
(17, 'AND', 'F'),
(18, 'BE', 'D'),
(19, 'BE', 'F'),
(20, 'BE', 'L'),
(21, 'BE', 'NL'),
(22, 'BF', 'CI'),
(23, 'BF', 'GH'),
(24, 'BF', 'RIM'),
(25, 'BF', 'RN'),
(26, 'BF', 'RPB'),
(27, 'BF', 'TG'),
(28, 'BG', 'GR'),
(29, 'BG', 'MK'),
(30, 'BG', 'RO'),
(31, 'BG', 'TR'),
(340, 'SRB', 'MNE'),
(33, 'BH', 'GCA'),
(34, 'BH', 'MEX'),
(35, 'BIH', 'HR'),
(338, 'MNE', 'HR'),
(37, 'BOL', 'BR'),
(38, 'BOL', 'PE'),
(39, 'BOL', 'PY'),
(40, 'BOL', 'RCH'),
(41, 'BR', 'CO'),
(42, 'BR', 'F'),
(43, 'BR', 'GUY'),
(44, 'BR', 'PE'),
(45, 'BR', 'PY'),
(46, 'BR', 'RA'),
(47, 'BR', 'SME'),
(48, 'BR', 'U'),
(49, 'BR', 'YV'),
(50, 'BRN', 'KSA'),
(51, 'BU', 'EAT'),
(52, 'BU', 'ZRE'),
(53, 'BUR', 'VRC'),
(54, 'BY', 'LT'),
(55, 'BY', 'LV'),
(56, 'BY', 'PL'),
(57, 'BY', 'RUS'),
(58, 'BY', 'UA'),
(59, 'CAM', 'GAB'),
(60, 'CAM', 'RCA'),
(61, 'CAM', 'RCB'),
(62, 'CAM', 'RGE'),
(63, 'CAM', 'TCH'),
(64, 'CH', 'D'),
(65, 'CH', 'F'),
(66, 'CH', 'FL'),
(67, 'CH', 'I'),
(68, 'CI', 'GH'),
(69, 'CI', 'GUI'),
(70, 'CI', 'LB'),
(71, 'CI', 'RMM'),
(72, 'CO', 'EC'),
(73, 'CO', 'PA'),
(74, 'CO', 'PE'),
(75, 'CO', 'YV'),
(76, 'CR', 'NIC'),
(77, 'CR', 'PA'),
(78, 'CY', 'TR'),
(79, 'CZ', 'D'),
(80, 'CZ', 'PL'),
(81, 'CZ', 'SK'),
(82, 'D', 'A'),
(83, 'D', 'B'),
(84, 'D', 'CH'),
(85, 'D', 'CZ'),
(86, 'D', 'DK'),
(87, 'D', 'F'),
(88, 'D', 'L'),
(89, 'D', 'NL'),
(90, 'D', 'PL'),
(91, 'DARS', 'DZ'),
(92, 'DARS', 'MA'),
(93, 'DARS', 'RIM'),
(94, 'DK', 'D'),
(95, 'DK', 'S'),
(96, 'DOM', 'RH'),
(97, 'DZ', 'LAR'),
(98, 'DZ', 'MA'),
(99, 'DZ', 'RIM'),
(100, 'DZ', 'RMM'),
(101, 'DZ', 'RN'),
(102, 'DZ', 'TN'),
(103, 'E', 'AND'),
(104, 'E', 'F'),
(105, 'E', 'MA'),
(106, 'E', 'P'),
(107, 'EAK', 'EAS'),
(108, 'EAK', 'EAT'),
(109, 'EAK', 'EAU'),
(110, 'EAK', 'ETH'),
(111, 'EAK', 'SP'),
(112, 'EAS', 'EAU'),
(113, 'EAS', 'ET'),
(114, 'EAS', 'ETH'),
(115, 'EAS', 'LAR'),
(116, 'EAS', 'RCA'),
(117, 'EAS', 'TCH'),
(118, 'EAS', 'ZRE'),
(119, 'EAT', 'EAU'),
(120, 'EAT', 'MOS'),
(121, 'EAT', 'MW'),
(122, 'EAT', 'RWA'),
(123, 'EAT', 'Z'),
(124, 'EAT', 'ZRE'),
(125, 'EAU', 'RWA'),
(126, 'EAU', 'ZRE'),
(127, 'EC', 'PE'),
(128, 'ES', 'GCA'),
(129, 'ES', 'HON'),
(130, 'EST', 'LV'),
(131, 'EST', 'RUS'),
(132, 'ET', 'IL'),
(133, 'ET', 'LAR'),
(134, 'ETH', 'RD'),
(135, 'ETH', 'SP'),
(136, 'F', 'AND'),
(137, 'F', 'B'),
(138, 'F', 'CH'),
(139, 'F', 'E'),
(140, 'F', 'I'),
(141, 'F', 'L'),
(142, 'F', 'MC'),
(143, 'F', 'NL'),
(144, 'GAB', 'RCB'),
(145, 'GAB', 'RGE'),
(146, 'GB', 'IRL'),
(147, 'GCA', 'HON'),
(148, 'GH', 'TG'),
(149, 'GR', 'AL'),
(150, 'GR', 'BG'),
(151, 'GR', 'MK'),
(152, 'GR', 'TR'),
(153, 'GUB', 'GUI'),
(154, 'GUB', 'SN'),
(155, 'GUI', 'LB'),
(156, 'GUI', 'RMM'),
(157, 'GUI', 'SN'),
(158, 'GUI', 'WAL'),
(159, 'H', 'A'),
(160, 'H', 'HR'),
(161, 'H', 'RO'),
(162, 'H', 'SK'),
(163, 'H', 'SLO'),
(164, 'H', 'UA'),
(337, 'HR', 'MNE'),
(166, 'HON', 'NIC'),
(167, 'HR', 'BIH'),
(168, 'HR', 'H'),
(169, 'HR', 'SLO'),
(336, 'BIH', 'MNE'),
(171, 'I', 'A'),
(172, 'I', 'CH'),
(173, 'I', 'F'),
(174, 'I', 'RSM'),
(175, 'I', 'SCV'),
(176, 'I', 'SLO'),
(177, 'IL', 'JOR'),
(178, 'IL', 'RL'),
(179, 'IL', 'SYR'),
(180, 'IND', 'NEP'),
(181, 'IND', 'PAK'),
(182, 'IND', 'VRC'),
(183, 'IR', 'IRQ'),
(184, 'IR', 'PAK'),
(185, 'IR', 'RUS'),
(186, 'IRL', 'GB'),
(187, 'IRQ', 'JOR'),
(188, 'IRQ', 'KSA'),
(189, 'IRQ', 'KT'),
(190, 'IRQ', 'SYR'),
(191, 'IRQ', 'TR'),
(192, 'JB', 'RSA'),
(193, 'JOR', 'KSA'),
(194, 'JOR', 'RL'),
(195, 'JOR', 'SYR'),
(196, 'KSA', 'OMA'),
(197, 'KSA', 'Q'),
(198, 'KSA', 'UAE'),
(199, 'L', 'B'),
(200, 'L', 'D'),
(201, 'L', 'F'),
(202, 'LAR', 'RN'),
(203, 'LAR', 'TCH'),
(204, 'LAR', 'TN'),
(205, 'LB', 'WAL'),
(206, 'LT', 'BY'),
(207, 'LT', 'LV'),
(208, 'LT', 'PL'),
(209, 'LT', 'RUS'),
(210, 'LV', 'BY'),
(211, 'LV', 'EST'),
(212, 'LV', 'LT'),
(213, 'LV', 'RUS'),
(214, 'MC', 'F'),
(215, 'MD', 'RO'),
(216, 'MD', 'UA'),
(217, 'MK', 'AL'),
(218, 'MK', 'BG'),
(219, 'MK', 'GR'),
(335, 'MNE', 'BIH'),
(221, 'MON', 'RUS'),
(222, 'MON', 'VRC'),
(223, 'MOS', 'MW'),
(224, 'MOS', 'RSA'),
(225, 'MOS', 'SD'),
(226, 'MOS', 'Z'),
(227, 'MOS', 'ZW'),
(228, 'MW', 'Z'),
(229, 'N', 'RUS'),
(230, 'N', 'S'),
(231, 'N', 'SF'),
(232, 'NEP', 'VRC'),
(233, 'NL', 'B'),
(234, 'NL', 'D'),
(235, 'P', 'E'),
(236, 'PAK', 'RUS'),
(237, 'PAK', 'VRC'),
(238, 'PE', 'RCH'),
(239, 'PL', 'BY'),
(240, 'PL', 'CZ'),
(241, 'PL', 'D'),
(242, 'PL', 'LT'),
(243, 'PL', 'RUS'),
(244, 'PL', 'SK'),
(245, 'PL', 'UA'),
(246, 'PY', 'RA'),
(247, 'RA', 'RCH'),
(248, 'RA', 'U'),
(249, 'RB', 'RSA'),
(250, 'RB', 'SWA'),
(251, 'RB', 'Z'),
(252, 'RB', 'ZW'),
(253, 'RCA', 'RCB'),
(254, 'RCA', 'TCH'),
(255, 'RCA', 'ZRE'),
(256, 'RCB', 'RPA'),
(257, 'RCB', 'ZRE'),
(258, 'RD', 'SP'),
(259, 'RIM', 'RMM'),
(260, 'RIM', 'SN'),
(261, 'RL', 'SYR'),
(262, 'RMM', 'RN'),
(263, 'RMM', 'SN'),
(264, 'RN', 'RPB'),
(265, 'RN', 'TCH'),
(266, 'RN', 'WAN'),
(267, 'RO', 'BG'),
(268, 'RO', 'H'),
(269, 'RO', 'MD'),
(270, 'RO', 'UA'),
(334, 'SRB', 'BIH'),
(272, 'ROK', 'VRC'),
(273, 'RPA', 'SWA'),
(274, 'RPA', 'Z'),
(275, 'RPA', 'ZRE'),
(276, 'RPB', 'TG'),
(277, 'RPB', 'WAN'),
(278, 'RSA', 'SWA'),
(279, 'RSA', 'V'),
(280, 'RSA', 'X'),
(281, 'RSA', 'ZW'),
(282, 'RSM', 'I'),
(283, 'RUS', 'TR'),
(284, 'RUS', 'VRC'),
(285, 'RWA', 'ZRE'),
(286, 'S', 'DK'),
(287, 'S', 'N'),
(288, 'S', 'SF'),
(289, 'SCV', 'I'),
(290, 'SF', 'RUS'),
(291, 'SF', 'S'),
(292, 'SK', 'A'),
(293, 'SK', 'CZ'),
(294, 'SK', 'H'),
(295, 'SK', 'PL'),
(296, 'SK', 'UA'),
(297, 'SLO', 'A'),
(298, 'SLO', 'H'),
(299, 'SLO', 'HR'),
(300, 'SLO', 'I'),
(301, 'SN', 'WAG'),
(302, 'SWA', 'Z'),
(303, 'SYR', 'TR'),
(304, 'TCH', 'WAN'),
(305, 'TR', 'BG'),
(306, 'TR', 'CY'),
(307, 'TR', 'GR'),
(308, 'UA', 'BY'),
(309, 'UA', 'H'),
(310, 'UA', 'MD'),
(311, 'UA', 'PL'),
(312, 'UA', 'RO'),
(313, 'UA', 'RUS'),
(314, 'UA', 'SK'),
(315, 'USA', 'CDN'),
(316, 'USA', 'MEX'),
(317, 'VN', 'VRC'),
(333, 'BIH', 'SRB'),
(332, 'SRB', 'BG'),
(331, 'BG', 'SRB'),
(330, 'SRB', 'AL'),
(329, 'AL', 'SRB'),
(328, 'MNE', 'AL'),
(327, 'AL', 'MNE'),
(325, 'Z', 'ZRE'),
(326, 'Z', 'ZW'),
(346, 'MNE', 'AL'),
(345, 'AL', 'MNE'),
(343, 'RO', 'UKR'),
(344, 'UKR', 'RO'),
(347, 'RO', 'SRB'),
(348, 'SRB', 'RO');

-- --------------------------------------------------------

--
-- Tabellenstruktur für Tabelle `IST_MITGLIED_VON`
--

CREATE TABLE `IST_MITGLIED_VON` (
  `L_ID` varchar(4) DEFAULT NULL,
  `ABKUERZUNG` varchar(20) DEFAULT NULL,
  `ART` varchar(25) DEFAULT NULL
) ENGINE=MyISAM DEFAULT CHARSET=latin1 COLLATE=latin1_swedish_ci PACK_KEYS=1;

--
-- Daten für Tabelle `IST_MITGLIED_VON`
--

INSERT INTO `IST_MITGLIED_VON` (`L_ID`, `ABKUERZUNG`, `ART`) VALUES
('A', 'ER', 'volles_Mitglied'),
('A', 'EU', 'volles_Mitglied'),
('A', 'OECD', 'volles_Mitglied'),
('A', 'UNO', 'volles_Mitglied'),
('A', 'WEU', 'Beobachter'),
('ADN', 'UNCTAD', 'volles_Mitglied'),
('ADN', 'UNO', 'volles_Mitglied'),
('AFG', 'UNO', 'volles_Mitglied'),
('AL', 'BIZ', 'volles_Mitglied'),
('AL', 'ECE', 'volles_Mitglied'),
('AL', 'ER', 'volles_Mitglied'),
('AL', 'IPU', 'volles_Mitglied'),
('AL', 'UNO', 'volles_Mitglied'),
('AND', 'ER', 'volles_Mitglied'),
('AND', 'UNO', 'volles_Mitglied'),
('AUB', 'CARICOM', 'volles_Mitglied'),
('AUB', 'COMMONWEALTH', 'volles_Mitglied'),
('AUB', 'OAS', 'volles_Mitglied'),
('AUB', 'UNO', 'volles_Mitglied'),
('AUS', 'ASDB', 'volles_Mitglied'),
('AUS', 'BIZ', 'volles_Mitglied'),
('AUS', 'CCC', 'volles_Mitglied'),
('AUS', 'CIPEC', 'volles_Mitglied'),
('AUS', 'COMMONWEALTH', 'volles_Mitglied'),
('AUS', 'ESCAP', 'volles_Mitglied'),
('AUS', 'IEA', 'volles_Mitglied'),
('AUS', 'IPU', 'volles_Mitglied'),
('AUS', 'NAFTA', 'volles_Mitglied'),
('AUS', 'OECD', 'volles_Mitglied'),
('AUS', 'SPC', 'volles_Mitglied'),
('AUS', 'SPEC', 'volles_Mitglied'),
('AUS', 'SPF', 'volles_Mitglied'),
('AUS', 'UNCTAD', 'volles_Mitglied'),
('AUS', 'UNO', 'volles_Mitglied'),
('B', 'CEPT', 'volles_Mitglied'),
('B', 'EPA', 'volles_Mitglied'),
('B', 'ER', 'volles_Mitglied'),
('B', 'EU', 'volles_Mitglied'),
('B', 'EUREKA', 'volles_Mitglied'),
('B', 'ICCO', 'volles_Mitglied'),
('B', 'NATO', 'volles_Mitglied'),
('B', 'OECD', 'volles_Mitglied'),
('B', 'UNO', 'volles_Mitglied'),
('B', 'WEU', 'volles_Mitglied'),
('BDS', 'BLADEX', 'volles_Mitglied'),
('BDS', 'CARICOM', 'volles_Mitglied'),
('BDS', 'COMMONWEALTH', 'volles_Mitglied'),
('BDS', 'OAS', 'volles_Mitglied'),
('BDS', 'SELA', 'volles_Mitglied'),
('BDS', 'UNO', 'volles_Mitglied'),
('BF', 'CEAO', 'volles_Mitglied'),
('BF', 'Conseil_de_l\'Ent', 'volles_Mitglied'),
('BF', 'ECOWAS', 'volles_Mitglied'),
('BF', 'EWG', 'assoziert'),
('BF', 'OAU', 'volles_Mitglied'),
('BF', 'UMOA', 'volles_Mitglied'),
('BF', 'UNO', 'volles_Mitglied'),
('BG', 'ER', 'volles_Mitglied'),
('BG', 'UNO', 'volles_Mitglied'),
('BG', 'WEU', 'Assoziierte Partner'),
('BH', 'CARICOM', 'volles_Mitglied'),
('BH', 'COMMONWEALTH', 'volles_Mitglied'),
('BH', 'UNO', 'volles_Mitglied'),
('BHU', 'UNO', 'volles_Mitglied'),
('BIH', 'ER', 'Gaststatus'),
('BIH', 'UNO', 'volles_Mitglied'),
('BOL', 'ALADI', 'volles_Mitglied'),
('BOL', 'BLADEX', 'volles_Mitglied'),
('BOL', 'OAS', 'volles_Mitglied'),
('BOL', 'SELA', 'volles_Mitglied'),
('BOL', 'UNO', 'volles_Mitglied'),
('BR', 'ALADI', 'volles_Mitglied'),
('BR', 'OAS', 'volles_Mitglied'),
('BR', 'SELA', 'volles_Mitglied'),
('BR', 'UNO', 'volles_Mitglied'),
('BRN', 'UNO', 'volles_Mitglied'),
('BRU', 'AKP', 'volles_Mitglied'),
('BRU', 'ASEAN', 'volles_Mitglied'),
('BRU', 'ESCAP', 'volles_Mitglied'),
('BRU', 'ICO', 'volles_Mitglied'),
('BRU', 'SEAMEO', 'volles_Mitglied'),
('BRU', 'UNCTAD', 'volles_Mitglied'),
('BRU', 'UNO', 'volles_Mitglied'),
('BS', 'COMMONWEALTH', 'volles_Mitglied'),
('BS', 'OAS', 'volles_Mitglied'),
('BS', 'UNO', 'volles_Mitglied'),
('BU', 'EWG', 'assoziert'),
('BU', 'GATT', 'assoziert'),
('BU', 'OAU', 'volles_Mitglied'),
('BU', 'UNO', 'volles_Mitglied'),
('BUR', 'ASDB', 'volles_Mitglied'),
('BUR', 'ASEAN', 'volles_Mitglied'),
('BUR', 'ESCAP', 'volles_Mitglied'),
('BUR', 'UNCTAD', 'volles_Mitglied'),
('BUR', 'UNO', 'volles_Mitglied'),
('BY', 'ER', 'Gaststatus'),
('BY', 'UNO', 'volles_Mitglied'),
('C', 'OAS', 'Beobachter'),
('C', 'SELA', 'volles_Mitglied'),
('C', 'UNO', 'volles_Mitglied'),
('CAM', 'EWG', 'assoziert'),
('CAM', 'OAU', 'volles_Mitglied'),
('CAM', 'UDEAC', 'volles_Mitglied'),
('CAM', 'UMOA', 'volles_Mitglied'),
('CAM', 'UNO', 'volles_Mitglied'),
('CDN', 'ER', 'Beobachter'),
('CDN', 'G-8', 'volles_Mitglied'),
('CDN', 'NATO', 'volles_Mitglied'),
('CDN', 'OECD', 'volles_Mitglied'),
('CDN', 'UNO', 'volles_Mitglied'),
('CH', 'EFTA', 'volles_Mitglied'),
('CH', 'ER', 'volles_Mitglied'),
('CH', 'OECD', 'volles_Mitglied'),
('CI', 'CEAO', 'volles_Mitglied'),
('CI', 'Conseil_de_l\'Ent', 'volles_Mitglied'),
('CI', 'ECOWAS', 'volles_Mitglied'),
('CI', 'EWG', 'assoziert'),
('CI', 'OAU', 'volles_Mitglied'),
('CI', 'UMOA', 'volles_Mitglied'),
('CI', 'UNO', 'volles_Mitglied'),
('CL', 'UNO', 'volles_Mitglied'),
('CO', 'ALADI', 'volles_Mitglied'),
('CO', 'OAS', 'volles_Mitglied'),
('CO', 'SELA', 'volles_Mitglied'),
('CO', 'UNO', 'volles_Mitglied'),
('CR', 'CARICOM', 'volles_Mitglied'),
('CR', 'OAS', 'volles_Mitglied'),
('CR', 'SELA', 'volles_Mitglied'),
('CR', 'UNO', 'volles_Mitglied'),
('CY', 'ER', 'volles_Mitglied'),
('CY', 'UNO', 'volles_Mitglied'),
('CZ', 'ER', 'volles_Mitglied'),
('CZ', 'NATO', 'volles_Mitglied'),
('CZ', 'OECD', 'volles_Mitglied'),
('CZ', 'UNO', 'volles_Mitglied'),
('CZ', 'WEU', 'Assoziierte Partner'),
('D', 'ASDB', 'volles_Mitglied'),
('D', 'BIZ', 'volles_Mitglied'),
('D', 'CCC', 'volles_Mitglied'),
('D', 'CEPT', 'volles_Mitglied'),
('D', 'ECE', 'volles_Mitglied'),
('D', 'ER', 'volles_Mitglied'),
('D', 'ESA', 'volles_Mitglied'),
('D', 'EU', 'volles_Mitglied'),
('D', 'EUREKA', 'volles_Mitglied'),
('D', 'EWS', 'volles_Mitglied'),
('D', 'G-8', 'volles_Mitglied'),
('D', 'IEA', 'volles_Mitglied'),
('D', 'IPU', 'volles_Mitglied'),
('D', 'NATO', 'volles_Mitglied'),
('D', 'OECD', 'volles_Mitglied'),
('D', 'UNCTAD', 'volles_Mitglied'),
('D', 'UNO', 'volles_Mitglied'),
('D', 'WEU', 'volles_Mitglied'),
('DK', 'ER', 'volles_Mitglied'),
('DK', 'EU', 'volles_Mitglied'),
('DK', 'NATO', 'volles_Mitglied'),
('DK', 'NMR', 'volles_Mitglied'),
('DK', 'NR', 'volles_Mitglied'),
('DK', 'OECD', 'volles_Mitglied'),
('DK', 'UNO', 'volles_Mitglied'),
('DK', 'WEU', 'Beobachter'),
('DOM', 'OAS', 'volles_Mitglied'),
('DOM', 'SELA', 'volles_Mitglied'),
('DOM', 'UNO', 'volles_Mitglied'),
('DZ', 'AJA', 'volles_Mitglied'),
('DZ', 'GATT', 'volles_Mitglied'),
('DZ', 'OAPEC', 'volles_Mitglied'),
('DZ', 'OAU', 'volles_Mitglied'),
('DZ', 'OPEC', 'volles_Mitglied'),
('DZ', 'UNO', 'volles_Mitglied'),
('E', 'ER', 'volles_Mitglied'),
('E', 'EU', 'volles_Mitglied'),
('E', 'NATO', 'volles_Mitglied'),
('E', 'OECD', 'volles_Mitglied'),
('E', 'UNO', 'volles_Mitglied'),
('E', 'WEU', 'volles_Mitglied'),
('EAK', 'EWG', 'assoziert'),
('EAK', 'OAU', 'volles_Mitglied'),
('EAK', 'UNO', 'volles_Mitglied'),
('EAS', 'AJA', 'volles_Mitglied'),
('EAS', 'OAU', 'volles_Mitglied'),
('EAS', 'UNO', 'volles_Mitglied'),
('EAT', 'EWG', 'assoziert'),
('EAT', 'GATT', 'volles_Mitglied'),
('EAT', 'OAU', 'volles_Mitglied'),
('EAT', 'UNO', 'volles_Mitglied'),
('EAU', 'COMMONWEALTH', 'volles_Mitglied'),
('EAU', 'EWG', 'assoziert'),
('EAU', 'OAU', 'volles_Mitglied'),
('EAU', 'UNO', 'volles_Mitglied'),
('EC', 'ALADI', 'volles_Mitglied'),
('EC', 'OAS', 'volles_Mitglied'),
('EC', 'OPEC', 'volles_Mitglied'),
('EC', 'SELA', 'volles_Mitglied'),
('EC', 'UNO', 'volles_Mitglied'),
('ES', 'OAS', 'volles_Mitglied'),
('ES', 'SELA', 'volles_Mitglied'),
('ES', 'UNO', 'volles_Mitglied'),
('EST', 'ER', 'volles_Mitglied'),
('EST', 'UNO', 'volles_Mitglied'),
('EST', 'WEU', 'Assoziierte Partner'),
('ET', 'AJA', 'volles_Mitglied'),
('ET', 'EWG', 'assoziert'),
('ET', 'OAU', 'volles_Mitglied'),
('ET', 'UNO', 'volles_Mitglied'),
('ETH', 'AKP', 'volles_Mitglied'),
('ETH', 'EWG', 'assoziert'),
('ETH', 'OAU', 'volles_Mitglied'),
('ETH', 'UNO', 'volles_Mitglied'),
('F', 'ASDB', 'volles_Mitglied'),
('F', 'BIZ', 'volles_Mitglied'),
('F', 'CCC', 'volles_Mitglied'),
('F', 'ECA', 'assoziiert'),
('F', 'ECE', 'volles_Mitglied'),
('F', 'ECLAC', 'volles_Mitglied'),
('F', 'EPA', 'volles_Mitglied'),
('F', 'ER', 'volles_Mitglied'),
('F', 'ESA', 'volles_Mitglied'),
('F', 'ESCAP', 'volles_Mitglied'),
('F', 'EU', 'volles_Mitglied'),
('F', 'EWS', 'volles_Mitglied'),
('F', 'G-8', 'volles_Mitglied'),
('F', 'IPU', 'volles_Mitglied'),
('F', 'NATO', 'volles_Mitglied'),
('F', 'OECD', 'volles_Mitglied'),
('F', 'SPC', 'volles_Mitglied'),
('F', 'UNO', 'volles_Mitglied'),
('F', 'WEU', 'volles_Mitglied'),
('FIJI', 'UNO', 'volles_Mitglied'),
('FL', 'EFTA', 'volles_Mitglied'),
('FL', 'ER', 'volles_Mitglied'),
('FL', 'UNO', 'volles_Mitglied'),
('FSM', 'UNO', 'volles_Mitglied'),
('GAB', 'Conseil_de_l\'Ent', 'assoziert'),
('GAB', 'EWG', 'assoziert'),
('GAB', 'OAU', 'volles_Mitglied'),
('GAB', 'OPEC', 'volles_Mitglied'),
('GAB', 'UDEAC', 'volles_Mitglied'),
('GAB', 'UMOA', 'volles_Mitglied'),
('GAB', 'UNO', 'volles_Mitglied'),
('GB', 'ER', 'volles_Mitglied'),
('GB', 'EU', 'volles_Mitglied'),
('GB', 'G-8', 'volles_Mitglied'),
('GB', 'NATO', 'volles_Mitglied'),
('GB', 'OECD', 'volles_Mitglied'),
('GB', 'UNO', 'volles_Mitglied'),
('GB', 'WEU', 'volles_Mitglied'),
('GCA', 'ECLAC', 'volles_Mitglied'),
('GCA', 'OAS', 'volles_Mitglied'),
('GCA', 'SELA', 'volles_Mitglied'),
('GCA', 'UNO', 'volles_Mitglied'),
('GH', 'ECOWAS', 'volles_Mitglied'),
('GH', 'EWG', 'assoziert'),
('GH', 'OAU', 'volles_Mitglied'),
('GH', 'UNO', 'volles_Mitglied'),
('GR', 'ER', 'volles_Mitglied'),
('GR', 'EU', 'volles_Mitglied'),
('GR', 'NATO', 'volles_Mitglied'),
('GR', 'OECD', 'volles_Mitglied'),
('GR', 'UNO', 'volles_Mitglied'),
('GR', 'WEU', 'volles_Mitglied'),
('GUB', 'AJA', 'volles_Mitglied'),
('GUB', 'ECOWAS', 'volles_Mitglied'),
('GUB', 'OAU', 'volles_Mitglied'),
('GUB', 'UNO', 'volles_Mitglied'),
('GUI', 'ECOWAS', 'volles_Mitglied'),
('GUI', 'EWG', 'assoziert'),
('GUI', 'OAU', 'volles_Mitglied'),
('GUI', 'UNO', 'volles_Mitglied'),
('GUY', 'CARICOM', 'volles_Mitglied'),
('GUY', 'COMMONWEALTH', 'volles_Mitglied'),
('GUY', 'SELA', 'volles_Mitglied'),
('GUY', 'UNO', 'volles_Mitglied'),
('H', 'ER', 'volles_Mitglied'),
('H', 'NATO', 'volles_Mitglied'),
('H', 'OECD', 'volles_Mitglied'),
('H', 'UNO', 'volles_Mitglied'),
('H', 'WEU', 'Assoziierte Partner'),
('HON', 'ECLAC', 'volles_Mitglied'),
('HON', 'OAS', 'volles_Mitglied'),
('HON', 'UNO', 'volles_Mitglied'),
('HR', 'ER', 'volles_Mitglied'),
('HR', 'UNO', 'volles_Mitglied'),
('I', 'ER', 'volles_Mitglied'),
('I', 'EU', 'volles_Mitglied'),
('I', 'G-8', 'volles_Mitglied'),
('I', 'NATO', 'volles_Mitglied'),
('I', 'OECD', 'volles_Mitglied'),
('I', 'UNO', 'volles_Mitglied'),
('I', 'WEU', 'volles_Mitglied'),
('IL', 'UNO', 'volles_Mitglied'),
('IND', 'ASDB', 'volles_Mitglied'),
('IND', 'CCC', 'volles_Mitglied'),
('IND', 'CIPEC', 'volles_Mitglied'),
('IND', 'ESCAP', 'volles_Mitglied'),
('IND', 'ICO', 'volles_Mitglied'),
('IND', 'IPU', 'volles_Mitglied'),
('IND', 'OPEC', 'volles_Mitglied'),
('IND', 'SEAMEO', 'volles_Mitglied'),
('IND', 'UNCTAD', 'volles_Mitglied'),
('IND', 'UNO', 'volles_Mitglied'),
('IR', 'UNO', 'volles_Mitglied'),
('IRL', 'ER', 'volles_Mitglied'),
('IRL', 'EU', 'volles_Mitglied'),
('IRL', 'OECD', 'volles_Mitglied'),
('IRL', 'UNO', 'volles_Mitglied'),
('IRL', 'WEU', 'Beobachter'),
('IRQ', 'UNO', 'volles_Mitglied'),
('IS', 'EFTA', 'volles_Mitglied'),
('IS', 'ER', 'volles_Mitglied'),
('IS', 'NATO', 'ohne_Truppenabstellung'),
('IS', 'NMR', 'volles_Mitglied'),
('IS', 'NR', 'volles_Mitglied'),
('IS', 'OECD', 'volles_Mitglied'),
('IS', 'UNO', 'volles_Mitglied'),
('IS', 'WEU', 'Assoziierte Mitglieder'),
('J', 'ASDB', 'volles_Mitglied'),
('J', 'BIZ', 'volles_Mitglied'),
('J', 'BLADEX', 'volles_Mitglied'),
('J', 'CCC', 'volles_Mitglied'),
('J', 'ER', 'Beobachter'),
('J', 'ESCAP', 'volles_Mitglied'),
('J', 'G-8', 'volles_Mitglied'),
('J', 'IADB', 'volles_Mitglied'),
('J', 'ICCO', 'volles_Mitglied'),
('J', 'ICM', 'Beobachter'),
('J', 'IEA', 'volles_Mitglied'),
('J', 'IPU', 'volles_Mitglied'),
('J', 'OAS', 'staendiger_Beobachter'),
('J', 'OECD', 'volles_Mitglied'),
('J', 'UNCTAD', 'volles_Mitglied'),
('J', 'UNITAR', 'volles_Mitglied'),
('J', 'UNO', 'volles_Mitglied'),
('JA', 'CARICOM', 'volles_Mitglied'),
('JA', 'COMMONWEALTH', 'volles_Mitglied'),
('JA', 'OAS', 'volles_Mitglied'),
('JA', 'SELA', 'volles_Mitglied'),
('JA', 'UNO', 'volles_Mitglied'),
('JEM', 'AJA', 'volles_Mitglied'),
('JEM', 'UNCTAD', 'volles_Mitglied'),
('JEM', 'UNO', 'volles_Mitglied'),
('JOR', 'UNO', 'volles_Mitglied'),
('KAP', 'EWG', 'assoziert'),
('KAP', 'UNO', 'volles_Mitglied'),
('KOM', 'EWG', 'assoziert'),
('KOM', 'OAU', 'volles_Mitglied'),
('KOM', 'UMOA', 'volles_Mitglied'),
('KOM', 'UNO', 'volles_Mitglied'),
('KSA', 'UNO', 'volles_Mitglied'),
('KT', 'UNO', 'volles_Mitglied'),
('L', 'ER', 'volles_Mitglied'),
('L', 'EU', 'volles_Mitglied'),
('L', 'NATO', 'volles_Mitglied'),
('L', 'OECD', 'volles_Mitglied'),
('L', 'UNO', 'volles_Mitglied'),
('L', 'WEU', 'volles_Mitglied'),
('LAO', 'ASEAN', 'volles_Mitglied'),
('LAO', 'UNO', 'volles_Mitglied'),
('LAR', 'AJA', 'volles_Mitglied'),
('LAR', 'OAPEC', 'volles_Mitglied'),
('LAR', 'OAU', 'volles_Mitglied'),
('LAR', 'OPEC', 'volles_Mitglied'),
('LAR', 'UNO', 'volles_Mitglied'),
('LB', 'ECOWAS', 'volles_Mitglied'),
('LB', 'EWG', 'assoziert'),
('LB', 'OAU', 'volles_Mitglied'),
('LB', 'UNO', 'volles_Mitglied'),
('LS', 'COMMONWEALTH', 'volles_Mitglied'),
('LS', 'EWG', 'assoziert'),
('LS', 'GATT', 'volles_Mitglied'),
('LS', 'UNO', 'volles_Mitglied'),
('LT', 'ER', 'volles_Mitglied'),
('LT', 'UNO', 'volles_Mitglied'),
('LT', 'WEU', 'Assoziierte Partner'),
('LV', 'ER', 'volles_Mitglied'),
('LV', 'UNO', 'volles_Mitglied'),
('LV', 'WEU', 'Assoziierte Partner'),
('M', 'ER', 'volles_Mitglied'),
('M', 'UNO', 'volles_Mitglied'),
('MA', 'AJA', 'volles_Mitglied'),
('MA', 'EWG', 'teilassoziert'),
('MA', 'OAU', 'volles_Mitglied'),
('MA', 'UNO', 'volles_Mitglied'),
('MAL', 'ASEAN', 'volles_Mitglied'),
('MAL', 'UNO', 'volles_Mitglied'),
('MAR', 'UNO', 'volles_Mitglied'),
('MC', 'UNO', 'volles_Mitglied'),
('MD', 'ER', 'volles_Mitglied'),
('MD', 'UNO', 'volles_Mitglied'),
('MEX', 'OECD', 'volles_Mitglied'),
('MEX', 'UNO', 'volles_Mitglied'),
('MK', 'ER', 'volles_Mitglied'),
('MK', 'UNO', 'volles_Mitglied'),
('MON', 'UNO', 'volles_Mitglied'),
('MOS', 'OAU', 'volles_Mitglied'),
('MOS', 'UNO', 'volles_Mitglied'),
('MS', 'COMMONWEALTH', 'volles_Mitglied'),
('MS', 'EWG', 'assoziert'),
('MS', 'OAU', 'volles_Mitglied'),
('MS', 'UNO', 'volles_Mitglied'),
('MW', 'COMMONWEALTH', 'volles_Mitglied'),
('MW', 'EWG', 'assoziert'),
('MW', 'OAU', 'volles_Mitglied'),
('MW', 'UNO', 'volles_Mitglied'),
('N', 'EFTA', 'volles_Mitglied'),
('N', 'ER', 'volles_Mitglied'),
('N', 'NATO', 'volles_Mitglied'),
('N', 'NMR', 'volles_Mitglied'),
('N', 'NR', 'volles_Mitglied'),
('N', 'OECD', 'volles_Mitglied'),
('N', 'UNO', 'volles_Mitglied'),
('N', 'WEU', 'Assoziierte Mitglieder'),
('NEP', 'UNO', 'volles_Mitglied'),
('NIC', 'ECLAC', 'volles_Mitglied'),
('NIC', 'OAS', 'volles_Mitglied'),
('NIC', 'SELA', 'volles_Mitglied'),
('NIC', 'UNO', 'volles_Mitglied'),
('NL', 'ER', 'volles_Mitglied'),
('NL', 'EU', 'volles_Mitglied'),
('NL', 'NATO', 'volles_Mitglied'),
('NL', 'OECD', 'volles_Mitglied'),
('NL', 'UNO', 'volles_Mitglied'),
('NL', 'WEU', 'volles_Mitglied'),
('NZ', 'ANZUS', 'volles_Mitglied'),
('NZ', 'ASDB', 'volles_Mitglied'),
('NZ', 'CCC', 'volles_Mitglied'),
('NZ', 'COMMONWEALTH', 'volles_Mitglied'),
('NZ', 'ESCAP', 'volles_Mitglied'),
('NZ', 'IEA', 'volles_Mitglied'),
('NZ', 'IPU', 'volles_Mitglied'),
('NZ', 'NAFTA', 'volles_Mitglied'),
('NZ', 'OECD', 'volles_Mitglied'),
('NZ', 'SPC', 'volles_Mitglied'),
('NZ', 'SPEC', 'volles_Mitglied'),
('NZ', 'SPF', 'volles_Mitglied'),
('NZ', 'UNCTAD', 'volles_Mitglied'),
('NZ', 'UNO', 'volles_Mitglied'),
('OMA', 'UNO', 'volles_Mitglied'),
('P', 'ER', 'volles_Mitglied'),
('P', 'EU', 'volles_Mitglied'),
('P', 'NATO', 'volles_Mitglied'),
('P', 'OECD', 'volles_Mitglied'),
('P', 'UNO', 'volles_Mitglied'),
('P', 'WEU', 'volles_Mitglied'),
('PA', 'OAS', 'volles_Mitglied'),
('PA', 'SELA', 'volles_Mitglied'),
('PA', 'UNO', 'volles_Mitglied'),
('PAK', 'UNO', 'volles_Mitglied'),
('PAL', 'UNO', 'volles_Mitglied'),
('PE', 'ALADI', 'volles_Mitglied'),
('PE', 'OAS', 'volles_Mitglied'),
('PE', 'SELA', 'volles_Mitglied'),
('PE', 'UNO', 'volles_Mitglied'),
('PI', 'ASEAN', 'volles_Mitglied'),
('PI', 'UNO', 'volles_Mitglied'),
('PL', 'ER', 'volles_Mitglied'),
('PL', 'NATO', 'volles_Mitglied'),
('PL', 'OECD', 'volles_Mitglied'),
('PL', 'UNO', 'volles_Mitglied'),
('PL', 'WEU', 'Assoziierte Partner'),
('PNG', 'ASEAN', 'Beobachter'),
('PNG', 'UNO', 'volles_Mitglied'),
('PY', 'ALADI', 'volles_Mitglied'),
('PY', 'OAS', 'volles_Mitglied'),
('PY', 'SELA', 'volles_Mitglied'),
('PY', 'UNO', 'volles_Mitglied'),
('RA', 'ALADI', 'volles_Mitglied'),
('RA', 'BLADEX', 'volles_Mitglied'),
('RA', 'ICM', 'Beobachter'),
('RA', 'OAS', 'volles_Mitglied'),
('RA', 'UNO', 'volles_Mitglied'),
('RB', 'AKP', 'volles_Mitglied'),
('RB', 'COMMONWEALTH', 'volles_Mitglied'),
('RB', 'EWG', 'assoziert'),
('RB', 'GATT', 'assoziert'),
('RB', 'OAU', 'volles_Mitglied'),
('RB', 'UNO', 'volles_Mitglied'),
('RCA', 'Conseil_de_l\'Ent', 'volles_Mitglied'),
('RCA', 'EWG', 'assoziert'),
('RCA', 'OAU', 'volles_Mitglied'),
('RCA', 'UDEAC', 'volles_Mitglied'),
('RCA', 'UNO', 'volles_Mitglied'),
('RCB', 'UNO', 'volles_Mitglied'),
('RCH', 'ALADI', 'volles_Mitglied'),
('RCH', 'OAS', 'volles_Mitglied'),
('RCH', 'SELA', 'volles_Mitglied'),
('RCH', 'UNO', 'volles_Mitglied'),
('RD', 'AJA', 'volles_Mitglied'),
('RD', 'OAU', 'volles_Mitglied'),
('RD', 'UNO', 'volles_Mitglied'),
('RGE', 'AKP', 'volles_Mitglied'),
('RGE', 'ECA', 'assoziiert'),
('RGE', 'EWG', 'assoziert'),
('RGE', 'OAU', 'volles_Mitglied'),
('RGE', 'UNO', 'volles_Mitglied'),
('RH', 'ECLAC', 'volles_Mitglied'),
('RH', 'OAS', 'volles_Mitglied'),
('RH', 'SELA', 'volles_Mitglied'),
('RH', 'UNO', 'volles_Mitglied'),
('RI', 'ASEAN', 'volles_Mitglied'),
('RI', 'UNO', 'volles_Mitglied'),
('RIM', 'AJA', 'volles_Mitglied'),
('RIM', 'OAU', 'volles_Mitglied'),
('RIM', 'UNO', 'volles_Mitglied'),
('RL', 'UNO', 'volles_Mitglied'),
('RM', 'EWG', 'assoziert'),
('RM', 'OAU', 'volles_Mitglied'),
('RM', 'UNO', 'volles_Mitglied'),
('RMAL', 'UNO', 'volles_Mitglied'),
('RMM', 'CEAO', 'volles_Mitglied'),
('RMM', 'ECOWAS', 'volles_Mitglied'),
('RMM', 'EWG', 'assoziert'),
('RMM', 'OAU', 'volles_Mitglied'),
('RMM', 'OMVS', 'volles_Mitglied'),
('RMM', 'UNO', 'volles_Mitglied'),
('RN', 'EWG', 'assoziert'),
('RN', 'OAU', 'volles_Mitglied'),
('RN', 'UNO', 'volles_Mitglied'),
('RO', 'ER', 'volles_Mitglied'),
('RO', 'UNO', 'volles_Mitglied'),
('RO', 'WEU', 'Assoziierte Partner'),
('ROK', 'OECD', 'volles_Mitglied'),
('ROK', 'UNO', 'volles_Mitglied'),
('RPA', 'OAU', 'volles_Mitglied'),
('RPA', 'UNO', 'volles_Mitglied'),
('RPB', 'Conseil_de_l\'Ent', 'volles_Mitglied'),
('RPB', 'EWG', 'assoziert'),
('RPB', 'GATT', 'assoziert'),
('RPB', 'OAU', 'volles_Mitglied'),
('RPB', 'UMOA', 'volles_Mitglied'),
('RPB', 'UNO', 'volles_Mitglied'),
('RSA', 'GATT', 'assoziert'),
('RSA', 'UNO', 'volles_Mitglied'),
('RSM', 'ER', 'volles_Mitglied'),
('RSM', 'UNO', 'volles_Mitglied'),
('RUS', 'ER', 'volles_Mitglied'),
('RUS', 'G-8', 'volles_Mitglied'),
('RUS', 'UNCTAD', 'volles_Mitglied'),
('RUS', 'UNO', 'volles_Mitglied'),
('RWA', 'EWG', 'assoziert'),
('RWA', 'GATT', 'assoziert'),
('RWA', 'OAU', 'volles_Mitglied'),
('RWA', 'UNO', 'volles_Mitglied'),
('S', 'ER', 'volles_Mitglied'),
('S', 'EU', 'volles_Mitglied'),
('S', 'NMR', 'volles_Mitglied'),
('S', 'NR', 'volles_Mitglied'),
('S', 'OECD', 'volles_Mitglied'),
('S', 'UNO', 'volles_Mitglied'),
('S', 'WEU', 'Beobachter'),
('SAL', 'UNO', 'volles_Mitglied'),
('SAO', 'UNO', 'volles_Mitglied'),
('SCN', 'CARICOM', 'volles_Mitglied'),
('SCN', 'COMMONWEALTH', 'volles_Mitglied'),
('SCN', 'OAS', 'volles_Mitglied'),
('SCN', 'UNO', 'volles_Mitglied'),
('SD', 'COMMONWEALTH', 'volles_Mitglied'),
('SD', 'EWG', 'assoziert'),
('SD', 'GATT', 'assoziert'),
('SD', 'OAU', 'volles_Mitglied'),
('SD', 'UNO', 'volles_Mitglied'),
('SF', 'ER', 'volles_Mitglied'),
('SF', 'EU', 'volles_Mitglied'),
('SF', 'NMR', 'volles_Mitglied'),
('SF', 'NR', 'volles_Mitglied'),
('SF', 'OECD', 'volles_Mitglied'),
('SF', 'UNO', 'volles_Mitglied'),
('SF', 'WEU', 'Beobachter'),
('SGP', 'ASEAN', 'volles_Mitglied'),
('SGP', 'UNO', 'volles_Mitglied'),
('SK', 'ER', 'volles_Mitglied'),
('SK', 'UNO', 'volles_Mitglied'),
('SK', 'WEU', 'Assoziierte Partner'),
('SLO', 'ER', 'volles_Mitglied'),
('SLO', 'UNO', 'volles_Mitglied'),
('SLO', 'WEU', 'Assoziierte Partner'),
('SME', 'OAS', 'volles_Mitglied'),
('SME', 'SELA', 'volles_Mitglied'),
('SME', 'UNO', 'volles_Mitglied'),
('SN', 'CEAO', 'volles_Mitglied'),
('SN', 'Conseil_de_l\'Ent', 'volles_Mitglied'),
('SN', 'ECOWAS', 'volles_Mitglied'),
('SN', 'EWG', 'assoziert'),
('SN', 'OAU', 'volles_Mitglied'),
('SN', 'OMVS', 'volles_Mitglied'),
('SN', 'UMOA', 'volles_Mitglied'),
('SN', 'UNO', 'volles_Mitglied'),
('SP', 'AJA', 'volles_Mitglied'),
('SP', 'EWG', 'assoziert'),
('SP', 'OAU', 'volles_Mitglied'),
('SP', 'UNO', 'volles_Mitglied'),
('SWA', 'UNO', 'volles_Mitglied'),
('SY', 'COMMONWEALTH', 'volles_Mitglied'),
('SY', 'EWG', 'assoziert'),
('SY', 'OAU', 'volles_Mitglied'),
('SY', 'UNO', 'volles_Mitglied'),
('SYR', 'UNO', 'volles_Mitglied'),
('TCH', 'Conseil_de_l\'Ent', 'volles_Mitglied'),
('TCH', 'EWG', 'assoziert'),
('TCH', 'OAU', 'volles_Mitglied'),
('TCH', 'UMOA', 'volles_Mitglied'),
('TCH', 'UNO', 'volles_Mitglied'),
('TG', 'Conseil_de_l\'Ent', 'volles_Mitglied'),
('TG', 'ECOWAS', 'volles_Mitglied'),
('TG', 'EWG', 'assoziert'),
('TG', 'GATT', 'assoziert'),
('TG', 'OAU', 'volles_Mitglied'),
('TG', 'UMOA', 'volles_Mitglied'),
('TG', 'UNO', 'volles_Mitglied'),
('THA', 'ASEAN', 'volles_Mitglied'),
('THA', 'UNO', 'volles_Mitglied'),
('TN', 'AJA', 'volles_Mitglied'),
('TN', 'EWG', 'assoziert'),
('TN', 'GATT', 'volles_Mitglied'),
('TN', 'UNO', 'volles_Mitglied'),
('TR', 'ER', 'volles_Mitglied'),
('TR', 'NATO', 'volles_Mitglied'),
('TR', 'OECD', 'volles_Mitglied'),
('TR', 'UNO', 'volles_Mitglied'),
('TR', 'WEU', 'Assoziierte Mitglieder'),
('TT', 'CARICOM', 'volles_Mitglied'),
('TT', 'COMMONWEALTH', 'volles_Mitglied'),
('TT', 'OAS', 'volles_Mitglied'),
('TT', 'UNO', 'volles_Mitglied'),
('U', 'ALADI', 'volles_Mitglied'),
('U', 'OAS', 'volles_Mitglied'),
('U', 'UNO', 'volles_Mitglied'),
('UA', 'ER', 'volles_Mitglied'),
('UA', 'UNO', 'volles_Mitglied'),
('UAE', 'AJA', 'volles_Mitglied'),
('UAE', 'OPEC', 'volles_Mitglied'),
('UAE', 'UNCTAD', 'volles_Mitglied'),
('UAE', 'UNO', 'volles_Mitglied'),
('USA', 'ANZUS', 'volles_Mitglied'),
('USA', 'ER', 'Beobachter'),
('USA', 'G-8', 'volles_Mitglied'),
('USA', 'IADB', 'volles_Mitglied'),
('USA', 'NATO', 'volles_Mitglied'),
('USA', 'OECD', 'volles_Mitglied'),
('USA', 'UNO', 'volles_Mitglied'),
('VAN', 'UNO', 'volles_Mitglied'),
('VN', 'ASDB', 'volles_Mitglied'),
('VN', 'ASEAN', 'volles_Mitglied'),
('VN', 'ESCAP', 'volles_Mitglied'),
('VN', 'IPU', 'volles_Mitglied'),
('VN', 'UNCTAD', 'volles_Mitglied'),
('VN', 'UNO', 'volles_Mitglied'),
('VRC', 'ASDB', 'volles_Mitglied'),
('VRC', 'CCC', 'volles_Mitglied'),
('VRC', 'ESCAP', 'volles_Mitglied'),
('VRC', 'IPU', 'volles_Mitglied'),
('VRC', 'UNCTAD', 'volles_Mitglied'),
('VRC', 'UNITAR', 'volles_Mitglied'),
('VRC', 'UNO', 'volles_Mitglied'),
('VRK', 'ASEAN', 'Beobachter'),
('VRK', 'UNO', 'volles_Mitglied'),
('WAG', 'COMMONWEALTH', 'volles_Mitglied'),
('WAG', 'ECOWAS', 'volles_Mitglied'),
('WAG', 'EWG', 'assoziert'),
('WAG', 'OAU', 'volles_Mitglied'),
('WAG', 'UNO', 'volles_Mitglied'),
('WAL', 'COMMONWEALTH', 'volles_Mitglied'),
('WAL', 'ECOWAS', 'volles_Mitglied'),
('WAL', 'EWG', 'assoziert'),
('WAL', 'GATT', 'volles_Mitglied'),
('WAL', 'OAU', 'volles_Mitglied'),
('WAL', 'UNO', 'volles_Mitglied'),
('WAN', 'COMMONWEALTH', 'volles_Mitglied'),
('WAN', 'ECOWAS', 'volles_Mitglied'),
('WAN', 'EWG', 'assoziert'),
('WAN', 'OAU', 'volles_Mitglied'),
('WAN', 'OPEC', 'volles_Mitglied'),
('WAN', 'UNO', 'volles_Mitglied'),
('WD', 'CARICOM', 'volles_Mitglied'),
('WD', 'COMMONWEALTH', 'volles_Mitglied'),
('WD', 'OAS', 'volles_Mitglied'),
('WD', 'UNO', 'volles_Mitglied'),
('WG', 'CARICOM', 'volles_Mitglied'),
('WG', 'COMMONWEALTH', 'volles_Mitglied'),
('WG', 'OAS', 'volles_Mitglied'),
('WG', 'UNO', 'volles_Mitglied'),
('WL', 'CARICOM', 'volles_Mitglied'),
('WL', 'COMMONWEALTH', 'volles_Mitglied'),
('WL', 'OAS', 'volles_Mitglied'),
('WL', 'UNO', 'volles_Mitglied'),
('WV', 'CARICOM', 'volles_Mitglied'),
('WV', 'COMMONWEALTH', 'volles_Mitglied'),
('WV', 'OAS', 'volles_Mitglied'),
('WV', 'UNO', 'volles_Mitglied'),
('YU', 'UNO', 'suspendiert'),
('YV', 'ALADI', 'volles_Mitglied'),
('YV', 'OAS', 'volles_Mitglied'),
('YV', 'OPEC', 'volles_Mitglied'),
('YV', 'SELA', 'volles_Mitglied'),
('YV', 'UNO', 'volles_Mitglied'),
('Z', 'CIPEC', 'volles_Mitglied'),
('Z', 'COMMONWEALTH', 'volles_Mitglied'),
('Z', 'EWG', 'assoziert'),
('Z', 'GATT', 'volles_Mitglied'),
('Z', 'OAU', 'volles_Mitglied'),
('Z', 'UNO', 'volles_Mitglied'),
('ZRE', 'OAU', 'volles_Mitglied'),
('ZRE', 'UNO', 'volles_Mitglied'),
('ZW', 'COMMONWEALTH', 'assoziert'),
('ZW', 'OAU', 'volles_Mitglied'),
('ZW', 'UNO', 'volles_Mitglied');

-- --------------------------------------------------------

--
-- Tabellenstruktur für Tabelle `KONTINENT`
--

CREATE TABLE `KONTINENT` (
  `K_NAME` varchar(10) NOT NULL DEFAULT '',
  `FLAECHE` double(16,4) DEFAULT NULL
) ENGINE=MyISAM DEFAULT CHARSET=latin1 COLLATE=latin1_swedish_ci PACK_KEYS=1;

--
-- Daten für Tabelle `KONTINENT`
--

INSERT INTO `KONTINENT` (`K_NAME`, `FLAECHE`) VALUES
('Afrika', 30.3000),
('Amerika', 42.0000),
('Asien', 44.4000),
('Australien', 7.7900),
('Europa', 10.5000);

-- --------------------------------------------------------

--
-- Tabellenstruktur für Tabelle `LAND`
--

CREATE TABLE `LAND` (
  `L_ID` varchar(4) NOT NULL DEFAULT '',
  `L_NAME` varchar(50) DEFAULT NULL,
  `EINWOHNER` double(16,4) DEFAULT NULL,
  `FLAECHE` double(16,4) DEFAULT NULL,
  `HAUPTSTADT` varchar(25) DEFAULT NULL,
  `LT_ID` varchar(4) DEFAULT NULL
) ENGINE=MyISAM DEFAULT CHARSET=latin1 COLLATE=latin1_swedish_ci PACK_KEYS=1;

--
-- Daten für Tabelle `LAND`
--

INSERT INTO `LAND` (`L_ID`, `L_NAME`, `EINWOHNER`, `FLAECHE`, `HAUPTSTADT`, `LT_ID`) VALUES
('BD', 'Bangladesch', 164700000.0000, 143998.0000, 'Dhaka', 'BG'),
('A', 'Oesterreich', 8773000.0000, 83853.0000, 'Wien', 'WIE'),
('AC', 'Antigua_und_Barbuda', 102012.0000, 442.0000, 'Saint_Johns', 'AC'),
('ADN', 'Jemen', 28250000.0000, 527968.0000, 'Aden', 'ADN'),
('AF', 'Afghanistan', 35530000.0000, 652090.0000, 'Kabul', 'AF'),
('AG', 'Algerien', 41320000.0000, 2381740.0000, 'Algiers', 'AG'),
('AJ', 'Azerbaijan', 9862000.0000, 86600.0000, 'Baku(Baki)', 'AJ'),
('AL', 'Albanien', 28730000.0000, 28748.0000, 'Tirana\n', 'AL'),
('AM', 'Armenien', 2930000.0000, 29800.0000, 'Yeveran', 'AM'),
('AN', 'Andorra', 76965.0000, 453.0000, 'Andorra_la_Vella', 'AN'),
('AO', 'Angola', 29780000.0000, 1246000.0000, 'Luanda', 'AO'),
('AR', 'Argentinien', 44270000.0000, 2766890.0000, 'Buenos_Aires', 'AR'),
('AS', 'Australien', 24600000.0000, 7686850.0000, 'Canberra', 'ACT'),
('BA', 'Bahrain', 1493000.0000, 694.0000, 'Manama', 'BA'),
('BDS', 'Barbados', 285719.0000, 431.0000, 'Bridgetown', 'BDS'),
('BE', 'Belgien', 11350000.0000, 30519.0000, 'Bruessel', 'BRA'),
('BF', 'Bahamas', 395361.0000, 13878.0000, 'Nassau', 'BF'),
('BG', 'Bulgarien', 7102000.0000, 110912.0000, 'Sofia', 'SOF'),
('BH', 'Belize', 374681.0000, 249183.0000, 'Belmopan', 'BH'),
('BHU', 'Bhutan', 807610.0000, 463800.0000, 'Thimphu', 'BHU'),
('BIH', 'Bosnien-Herzegowina', 3507000.0000, 51129.0000, 'Sarajevo', NULL),
('BN', 'Benin', 11180000.0000, 112622.0000, 'Porto_Novo', 'RPB'),
('BO', 'Belarus', 9508000.0000, 207600.0000, 'Minsk', 'BO'),
('BOL', 'Bolivien', 11050000.0000, 109858.0000, 'Sucre', 'BOL'),
('BR', 'Brasilien', 209300000.0000, 8511965.0000, 'Brasilia', 'FED'),
('BRU', 'Brunei', 428697.0000, 5765.0000, 'Bandar_Seri_Begawan', 'BRU'),
('BU', 'Burundi', 10860000.0000, 27834.0000, 'Bujumbura', 'BU'),
('BUR', 'Birma', 53370000.0000, 678528.0000, 'Rangoon', 'BUR'),
('BY', 'Weissrussland', 9508000.0000, 207600.0000, 'Minsk', NULL),
('C', 'Kuba', 11480000.0000, 100861.0000, 'Havanna', 'C'),
('CAM', 'Kamerun', 24050000.0000, 475442.0000, 'Jaoundé', 'CAM'),
('CDN', 'Kanada', 37060000.0000, 9970610.0000, 'Ottawa', 'ON'),
('CH', 'Schweiz', 8420000.0000, 341293.0000, 'Bern', 'CH'),
('CHI', 'China', 1386000000.0000, 9572909.0000, 'Peking', 'PEK'),
('CI', 'Elfenbeinkueste', 24290000.0000, 322463.0000, 'Abidjan', 'CI'),
('CL', 'Sri_Lanka', 21440000.0000, 65610.0000, 'Sri Jayewardenepura', 'CL'),
('CO', 'Kolumbien', 49070000.0000, 1140000.0000, 'Santafé de Bogotá', 'CO'),
('CR', 'Costa_Rica', 4906000.0000, 51100.0000, 'San_José', 'CR'),
('CY', 'Zypern', 854802.0000, 9251.0000, 'Nikosia', 'CY'),
('CZ', 'Tschechische_Republik', 19580000.0000, 78866.0000, 'Prag', 'CZ'),
('D', 'Deutschland', 82790000.0000, 357022.0000, 'Berlin', 'B'),
('DARS', 'Sahara', 513000.0000, 266000.0000, 'El_Alaiun', 'DARS'),
('DK', 'Daenemark', 5749000.0000, 43094.0000, 'Kopenhagen', 'DK'),
('DOM', 'Dominikanische_Republik', 10770000.0000, 48734.0000, 'Santo_Domingo', 'DOM'),
('E', 'Spanien', 46720000.0000, 505992.0000, 'Madrid', 'E'),
('EAK', 'Kenia', 49700000.0000, 580367.0000, 'Nairobi', 'EAK'),
('EAS', 'Sudan', 40530000.0000, 2505813.0000, 'Karthum', 'EAS'),
('EAT', 'Tansania', 57310000.0000, 945100.0000, 'Daressalam', 'EAT'),
('EAU', 'Uganda', 42860000.0000, 241038.0000, 'Kampala', 'EAU'),
('EC', 'Ecuador', 16620000.0000, 283561.0000, 'Quito', 'EC'),
('ES', 'El_Salvador', 6378000.0000, 21041.0000, 'San_Salvador', 'ES'),
('EST', 'Estland', 1316000.0000, 45100.0000, 'Tallinn', NULL),
('ET', 'Aegypten', 97550000.0000, 1001450.0000, 'Kairo', 'ET'),
('ETH', 'Aethiopien', 105000000.0000, 1111000.0000, 'Addis_Abeba', 'ETH'),
('F', 'Frankreich', 66990000.0000, 543965.0000, 'Paris', 'ILE'),
('FIJI', 'Fidschi', 905502.0000, 18274.0000, 'Suva', 'FIJI'),
('FL', 'Liechtenstein', 37810.0000, 160.0000, 'Vaduz', 'FL'),
('FSM', 'Mikronesien', 105544.0000, 702.0000, 'Kolonia', 'FSM'),
('GAB', 'Gabun', 2025000.0000, 267668.0000, 'Libreville', 'GAB'),
('GB', 'Grossbritannien', 66040000.0000, 244152.0000, 'London', 'ENG'),
('GCA', 'Guatemala', 16910000.0000, 108889.0000, 'Ciudad_de_Guatemala', 'GCA'),
('GH', 'Ghana', 28830000.0000, 238533.0000, 'Accra', 'GH'),
('GR', 'Griechenland', 10770000.0000, 131957.0000, 'Athen', 'GR'),
('GUB', 'Guinea-Bissau', 1861000.0000, 36125.0000, 'Bissau', 'GUB'),
('GUI', 'Guinea', 12720000.0000, 245857.0000, 'Conakry', 'GUI'),
('GUY', 'Guyana', 777859.0000, 214969.0000, 'Georgetown', 'GUY'),
('H', 'Ungarn', 9798000.0000, 93032.0000, 'Budapest', 'H'),
('HON', 'Honduras', 9265000.0000, 112088.0000, 'Tegucigalpa', 'HON'),
('HR', 'Kroatien', 4154000.0000, 55538.0000, 'Zagreb', NULL),
('I', 'Italien', 60590000.0000, 301268.0000, 'Rom', 'LAT'),
('IL', 'Israel', 8712000.0000, 21056.0000, 'Jerusalem', 'IL'),
('IND', 'Indien', 1339000000.0000, 3287590.0000, 'Neu Delhi', 'DEH'),
('IR', 'Iran', 81160000.0000, 1638195.0000, 'Teheran', 'TEH'),
('IRL', 'Irland', 4784000.0000, 70282.0000, 'Dublin', 'IRL'),
('IRQ', 'Irak', 38270000.0000, 438317.0000, 'Bagdad', 'IRQ'),
('IS', 'Island', 338349.0000, 103000.0000, 'Reykjavik', 'IS'),
('J', 'Japan', 126800000.0000, 377801.0000, 'Tokyo', 'J'),
('JA', 'Jamaika', 2890000.0000, 10991.0000, 'Kingston', 'JA'),
('JB', 'Bophuthatswana', 1700000.0000, 44000.0000, 'Mmabatho', 'JB'),
('JEM', 'Jemen', 28250000.0000, 527968.0000, 'Sanaa', 'JEM'),
('JOR', 'Jordanien', 9702000.0000, 88582.0000, 'Amman', 'JOR'),
('KAP', 'Kap_Verde', 546388.0000, 4033.0000, 'Praia', 'KAP'),
('KIR', 'Kiribati', 116398.0000, 726.0000, 'Bairiki', 'KIR'),
('KOM', 'Komoren', 813912.0000, 2235.0000, 'Moroni', 'KOM'),
('KSA', 'Saudi-Arabien', 32940000.0000, 2149690.0000, 'Rijad', 'KSA'),
('KT', 'Kuweit', 4137000.0000, 17818.0000, 'Kuwait_City', 'KT'),
('L', 'Luxemburg', 590667.0000, 2586.0000, 'Luxemburg', 'L'),
('LAO', 'Laos', 6858000.0000, 236800.0000, 'Vientiane', 'LAO'),
('LAR', 'Libyen', 6375000.0000, 1759540.0000, 'Tripolis', 'LAR'),
('LB', 'Liberia', 4732000.0000, 100067.0000, 'Monrovia', 'LB'),
('LS', 'Lesotho', 2233000.0000, 30355.0000, 'Maseru', 'LS'),
('LT', 'Litauen', 2848000.0000, 65200.0000, 'Vilnius', NULL),
('LV', 'Lettland', 1950000.0000, 64589.0000, 'Riga', NULL),
('M', 'Malta', 490297.0000, 316.0000, 'Valletta', 'M'),
('MA', 'Marokko', 35740000.0000, 458730.0000, 'Rabat', 'MA'),
('MAR', 'Marshallinseln', 53127.0000, 181.0000, 'Majuro', 'MAR'),
('MC', 'Monaco', 38695.0000, 2.0000, 'Monaco-Ville', 'MC'),
('MD', 'Moldawien', 3550000.0000, 33700.0000, 'Chisinau', NULL),
('MEX', 'Mexiko', 129200000.0000, 1958201.0000, 'Mexico_City', 'DF'),
('MK', 'Mazedonien', 2074000.0000, 25713.0000, 'Skopje', NULL),
('MON', 'Mongolische_Volksrepublik', 3031330.0000, 1565000.0000, 'Ulan_Bator', 'MON'),
('MOS', 'Mosambique', 29670000.0000, 801590.0000, 'Maputo', 'MOS'),
('MS', 'Mauritius', 1265000.0000, 2040.0000, 'Port_Louis', 'MS'),
('MW', 'Malawi', 18620000.0000, 118484.0000, 'Lilongwe', 'MW'),
('MY', 'Malaysia', 31620000.0000, 329758.0000, 'Kuala_Lumpur', 'MAL'),
('N', 'Norwegen', 5258000.0000, 323877.0000, 'Oslo', 'OS'),
('NAU', 'Nauru', 13649.0000, 21.0000, 'Yaren', 'NAU'),
('NEP', 'Nepal', 29300000.0000, 147181.0000, 'Kathmandu', 'NEP'),
('NIC', 'Nicaragua', 6218000.0000, 130000.0000, 'Managua', 'NIC'),
('NL', 'Niederlande', 17080000.0000, 41500.0000, 'Amsterdam', 'NL'),
('NZ', 'Neuseeland', 4794000.0000, 270534.0000, 'Wellington', 'NZ'),
('OMA', 'Oman', 4636000.0000, 212457.0000, 'Muscat', 'MU'),
('P', 'Portugal', 10310000.0000, 91982.0000, 'Lissabon', 'P'),
('PA', 'Panama', 4099000.0000, 75517.0000, 'Ciudad_de_Panama', 'PA'),
('PAK', 'Pakistan', 197000000.0000, 796095.0000, 'Islamabad', 'PAK'),
('PAL', 'Palau', 21729.0000, 487.0000, 'Koror', 'PAL'),
('PE', 'Peru', 32170000.0000, 1285216.0000, 'Lima', 'PE'),
('PI', 'Philippinen', 104900000.0000, 300000.0000, 'Manila', 'PI'),
('PL', 'Polen', 38430000.0000, 312685.0000, 'Warschau', 'PL'),
('PNG', 'Papua-Neuguinea', 4702000.0000, 8251000.0000, 'Port_Moresby', 'PNG'),
('PY', 'Paraguay', 6811000.0000, 406752.0000, 'Asunción', 'PY'),
('Q', 'Quatar', 2639000.0000, 11437.0000, 'Doha', 'Q'),
('RB', 'Botswana', 2292000.0000, 581730.0000, 'Gaberone', 'RB'),
('RCA', 'Zentralafrikanische_Republik', 4659000.0000, 622984.0000, 'Bangui', 'RCA'),
('RCB', 'Kongo', 81340000.0000, 2344585.0000, 'Kinshasa', 'RCB'),
('RCH', 'Chile', 18050000.0000, 756626.0000, 'Santiago de Chile', 'RCH'),
('RD', 'Djibuti', 956985.0000, 23200.0000, 'Djibuti', 'RD'),
('RGE', 'Aequatorialguinea', 1268000.0000, 28051.0000, 'Malabo', 'RGE'),
('RH', 'Haiti', 10980000.0000, 27750.0000, 'Port_au_Prince', 'RH'),
('RI', 'Indonesien', 264000000.0000, 1919443.0000, 'Jakarta', 'RI'),
('RIM', 'Mauretanien', 4420000.0000, 1025520.0000, 'Nouakchott', 'RIM'),
('RL', 'Libanon', 6082000.0000, 10400.0000, 'Beirut', 'RL'),
('RM', 'Madagaskar', 25570000.0000, 587041.0000, 'Antananarivo', 'RM'),
('RMAL', 'Malediven', 436330.0000, 298.0000, 'Male`', 'RMAL'),
('RMM', 'Mali', 18540000.0000, 1240192.0000, 'Bamako', 'RMM'),
('RN', 'Niger', 21480000.0000, 1267000.0000, 'Niamey', 'RN'),
('RO', 'Rumaenien', 19640000.0000, 238391.0000, 'Bukarest', 'RO'),
('ROC', 'Taiwan', 23580000.0000, 36000.0000, 'Taipei', 'ROC'),
('ROK', 'Suedkorea', 51470000.0000, 99274.0000, 'Seoul', 'ROK'),
('RSA', 'Suedafrika', 56720000.0000, 1223000.0000, 'Pretoria', 'RSA'),
('RSM', 'San_Marino', 33400.0000, 61.0000, 'San_Marino', 'SM'),
('RUS', 'Russland', 144500000.0000, 17075400.0000, 'Moskau', 'RSF'),
('RWA', 'Ruanda', 12210000.0000, 26338.0000, 'Kigali', 'RWA'),
('S', 'Schweden', 9995000.0000, 449964.0000, 'Stockholm', 'AB'),
('SAL', 'Salomonen', 611343.0000, 28360.0000, 'Honiara', 'SAL'),
('SAO', 'Sao_Tome_u_Principe', 204327.0000, 964.0000, 'Sao_Tomé', 'SAO'),
('SCN', 'Saint_Kitts_u_Nevis', 55345.0000, 261.0000, 'Basseterre', 'SCN'),
('SCV', 'Vatikanstadt', 1000.0000, 0.4400, 'Vatikanstadt', 'SCV'),
('SD', 'Swasiland', 1367000.0000, 17364.0000, 'Mbabane', 'SD'),
('SF', 'Finnland', 5503000.0000, 338144.0000, 'Helsinki', 'UUS'),
('SGP', 'Singapur', 5612000.0000, 647.5000, 'Singapore', 'SGP'),
('SK', 'Slowakei', 5435000.0000, 49012.0000, 'Bratislava', 'BR'),
('SLO', 'Slowenien', 2066000.0000, 20256.0000, 'Ljubljana', NULL),
('SME', 'Surinam', 563402.0000, 163265.0000, 'Paramaribo', 'SME'),
('SN', 'Senegal', 15850000.0000, 196722.0000, 'Dakar', 'SN'),
('SP', 'Somalia', 14740000.0000, 637657.0000, 'Mogadischu', 'SP'),
('SWA', 'Namibia', 2534000.0000, 824292.0000, 'Windhuk', 'SWA'),
('SY', 'Seychellen', 95843.0000, 455.0000, 'Victoria', 'SY'),
('SYR', 'Syrien', 18270000.0000, 185180.0000, 'Damaskus', 'SYR'),
('TCH', 'Tschad', 14900000.0000, 1284000.0000, 'N\'Djamena', 'TCH'),
('TG', 'Togo', 7798000.0000, 56785.0000, 'Lomé', 'TG'),
('THA', 'Thailand', 69040000.0000, 513115.0000, 'Bangkok', 'THA'),
('TN', 'Tunesien', 11530000.0000, 163610.0000, 'Tunis', 'TN'),
('TON', 'Tonga', 108020.0000, 750.0000, 'Nuku\'alofa', 'TON'),
('TR', 'Tuerkei', 79810000.0000, 774815.0000, 'Ankara', 'TR'),
('TT', 'Trinidad_und_Tobago', 1369000.0000, 5128.0000, 'Port_of_Spain', 'TT'),
('TUV', 'Tuvalu', 11192.0000, 25.0000, 'Vaiaku', 'TUV'),
('U', 'Uruguay', 3457000.0000, 177414.0000, 'Montevideo', 'U'),
('UA', 'Ukraine', 44830000.0000, 603700.0000, 'Kiew', NULL),
('UAE', 'Vereinigte_Arabische_Emirate', 9400000.0000, 82880.0000, 'Abu_Dhabi', 'UAE'),
('USA', 'Vereinigte_Staaten_von_Amerika', 327200000.0000, 9772614.0000, 'Washington', 'DC'),
('UV', 'Burkina_Faso', 19190000.0000, 274000.0000, 'Ouagadougou', 'UV'),
('V', 'Venda', 343000.0000, 7400.0000, 'Thohoyandou', 'V'),
('VAN', 'Vanuatu', 276244.0000, 12189.0000, 'Vila', 'VAN'),
('VN', 'Vietnam', 95540000.0000, 331689.0000, 'Hanoi', 'VN'),
('VRK', 'Kambodscha', 16010000.0000, 181035.0000, 'Phnom_Pen', 'VRK'),
('WAG', 'Gambia', 2101000.0000, 11295.0000, 'Banjul', 'WAG'),
('WAL', 'Sierra_Leone', 7557000.0000, 71740.0000, 'Freetown', 'WAL'),
('WAN', 'Nigeria', 190900000.0000, 923768.0000, 'Abuja', 'WAN'),
('WD', 'Dominika', 73925.0000, 751.0000, 'Roseau', 'WD'),
('WG', 'Grenada', 107825.0000, 344.0000, 'Saint_George\'s', 'WG'),
('WL', 'Saint_Lucia', 178844.0000, 622.0000, 'Castries', 'WL'),
('WS', 'Westsamoa', 196440.0000, 2842.0000, 'Apia', 'WS'),
('WV', 'Saint_Vincent', 109897.0000, 388.0000, 'Kingstown', 'WV'),
('X', 'Transkei', 2700000.0000, 39000.0000, 'Umtata', 'X'),
('MNE', 'Montenegro', 622471.0000, 13812.0000, 'Podgorica', 'MNE'),
('YV', 'Venezuela', 31980000.0000, 912050.0000, 'Caracas', 'YV'),
('Z', 'Sambia', 17090000.0000, 752618.0000, 'Lusaka', 'Z'),
('ZRE', 'Zaire', 46500000.0000, 2345000.0000, 'Kinshasa', 'ZRE'),
('ZW', 'Simbabwe', 16530000.0000, 390757.0000, 'Harare', 'ZW');

-- --------------------------------------------------------

--
-- Tabellenstruktur für Tabelle `LANDTEIL`
--

CREATE TABLE `LANDTEIL` (
  `id` int(11) NOT NULL,
  `LT_ID` varchar(4) DEFAULT NULL,
  `L_ID` varchar(4) DEFAULT NULL,
  `LT_NAME` varchar(50) NOT NULL DEFAULT '',
  `EINWOHNER` double(16,4) DEFAULT NULL,
  `LAGE` char(2) DEFAULT NULL,
  `HAUPTSTADT` varchar(25) DEFAULT NULL
) ENGINE=MyISAM DEFAULT CHARSET=latin1 COLLATE=latin1_swedish_ci PACK_KEYS=1;

--
-- Daten für Tabelle `LANDTEIL`
--

INSERT INTO `LANDTEIL` (`id`, `LT_ID`, `L_ID`, `LT_NAME`, `EINWOHNER`, `LAGE`, `HAUPTSTADT`) VALUES
(1, 'BUR', 'A', 'Burgenland', 2.9190, 'O', 'Eisenstadt'),
(2, 'KAE', 'A', 'Kaernten', 5.6100, 'S', 'Klagenfurt'),
(3, 'NIE', 'A', 'Niederoesterr.', 16.6600, 'NO', 'St.Poelten'),
(4, 'OBE', 'A', 'Oberoesterr.', 14.6500, 'N', 'Linz'),
(5, 'SAL', 'A', 'Salzburg', 1.5230, 'Z', 'Salzburg'),
(6, 'STE', 'A', 'Steiermark', 12.3700, 'SO', 'Graz'),
(7, 'TIR', 'A', 'Tirol', 7.4610, 'NW', 'Innsbruck'),
(8, 'VOR', 'A', 'Voralberg', 3.8870, 'W', 'Bregenz'),
(9, 'WIE', 'A', 'Wien', 18.6800, 'NO', 'Wien'),
(10, 'ADN', 'ADN', 'Jemen', 282.5000, 'Z', 'Aden'),
(11, 'AFG', 'AFG', 'Afghanistan', 355.3000, 'Z', 'Kabul'),
(12, 'AL', 'AL', 'Albanien', 28.7300, 'Z', 'Tirana'),
(13, 'AND', 'AND', 'Andorra', 769.6500, 'Z', 'Andorra_la_Vella'),
(14, 'AUB', 'AUB', 'Antigua_und_Barbuda', 1.0200, 'Z', 'Saint_Johns'),
(15, 'ACT', 'AUS', 'Austr.Cap.Terr.', 4.1590, 'SO', 'Canberra'),
(16, 'NOR', 'AUS', 'Nordterritorium', 2.4380, 'N', 'Darwin'),
(17, 'NSW', 'AUS', 'Neu-Sued-Wales', 75.4400, 'SO', 'Sydney'),
(18, 'QUE', 'AUS', 'Queensland', 50.7100, 'NO', 'Brisbane'),
(19, 'SUE', 'AUS', 'Suedaustralien', 16.7700, 'S', 'Adelaide'),
(20, 'TAS', 'AUS', 'Tasmania', 5.1500, 'S', 'Hobart'),
(21, 'VIC', 'AUS', 'Victoria', 921.4100, 'SO', 'Melbourne'),
(22, 'WES', 'AUS', 'Westaustralien', 25.8900, 'W', 'Perth'),
(23, 'ANT', 'B', 'Antwerpen', 4.9840, 'N', 'Antwerpen'),
(24, 'BRA', 'B', 'Brabant', 25.1300, 'Z', 'Bruessel'),
(25, 'HEN', 'B', 'Hennegau', 13.4000, 'SW', 'Mons'),
(26, 'LIM', 'B', 'Limburg', 336.4800, 'NO', 'Hasselt'),
(27, 'LUE', 'B', 'Luettich', 1.9590, 'SO', 'Luettich'),
(28, 'LUX', 'B', 'Luxemburg', 2.8190, 'SO', 'Arel'),
(29, 'NAM', 'B', 'Namur', 1.1010, 'S', 'Namur'),
(30, 'OST', 'B', 'Ostflandern', 14.9600, 'NW', 'Gent'),
(31, 'WES', 'B', 'Westflandern', 11.8700, 'W', 'Bruegge'),
(32, 'BDS', 'BDS', 'Barbados', 2.8570, 'Z', 'Bridgetown'),
(33, 'BF', 'BF', 'Burkina_Faso', 191.9000, 'Z', 'Ouagadougou'),
(34, 'BG', 'BG', 'Bulgarien', 71.0200, 'Z', 'Sofia'),
(35, 'BH', 'BH', 'Belize', 3.7460, 'Z', 'Belmopan'),
(36, 'BHU', 'BHU', 'Bhutan', 8.0760, 'Z', 'Thimbu'),
(37, 'BOL', 'BOL', 'Bolivien', 110.5000, 'Z', 'Sucre'),
(38, 'ACR', 'BR', 'Acre', 7.6920, 'W', 'Rio_Branco'),
(39, 'ALA', 'BR', 'Alagoas', 33.2200, 'O', 'Maceio'),
(40, 'AMA', 'BR', 'Amazonas', 40.8100, 'NW', 'Manaus'),
(41, 'APA', 'BR', 'Amapa', 7.5100, 'N', 'Macapa'),
(42, 'BAH', 'BR', 'Bahia', 152.0000, 'O', 'Salvador'),
(43, 'CEA', 'BR', 'Ceara', 88.4300, 'NO', 'Fortaleza'),
(44, 'ESP', 'BR', 'Esperito_Santo', 38.8500, 'SO', 'Vitoria'),
(45, 'FED', 'BR', 'Distrito_Federal', 30.1300, 'Z', 'Brasilia'),
(46, 'GOI', 'BR', 'Goias', 67.7900, 'Z', 'Goiania'),
(47, 'MAR', 'BR', 'Maranhao', 68.5100, 'N', 'Sao_Luis'),
(48, 'MAT', 'BR', 'Mato_Grosso', 34.4200, 'SW', 'Cuiaba'),
(49, 'MIN', 'BR', 'Minas_Gerais', 208.7000, 'SO', 'Belo_Horizonte'),
(50, 'PAR', 'BR', 'Para', 80.7400, 'N', 'Belem'),
(51, 'PBA', 'BR', 'Paraiba', 39.4400, 'O', 'Joao_Pessoa'),
(52, 'PER', 'BR', 'Pernambuco', 92.7800, 'O', 'Recife'),
(53, 'PIA', 'BR', 'Piaui', 31.9500, 'NO', 'Teresina'),
(54, 'PNA', 'BR', 'Parana', 113.5000, 'S', 'Curitiba'),
(55, 'RGN', 'BR', 'Rio_Grande_do_Norte', 34.0900, 'NO', 'Natal'),
(56, 'RGS', 'BR', 'Rio_Grande_do_Sul', 112.9000, 'S', 'Porto_Alegre'),
(57, 'RIO', 'BR', 'Rio_de_Janeiro', 63.2000, 'SO', 'Rio_de_Janeiro'),
(58, 'RON', 'BR', 'Rondonia', 17.4900, 'W', 'Porto_Velho'),
(59, 'ROR', 'BR', 'Roraima', 4.9690, 'N', 'Boa_Vista'),
(60, 'SAN', 'BR', 'Santa_Catarina', 67.2700, 'S', 'Florianopolis'),
(61, 'SAO', 'BR', 'Sao_Paulo', 121.8000, 'S', 'Sao_Paulo'),
(62, 'SER', 'BR', 'Sergipe', 22.2000, 'O', 'Aracaju'),
(63, 'BRN', 'BRN', 'Bahrein', 14.9300, 'Z', 'Manama'),
(64, 'BRU', 'BRU', 'Brunei', 4.2860, 'Z', 'Bandar_Seri_Begawan'),
(65, 'BS', 'BS', 'Bahamas', 3.9530, 'Z', 'Nassau'),
(66, 'BU', 'BU', 'Burundi', 108.6000, 'Z', 'Bujumbura'),
(67, 'BUR', 'BUR', 'Birma', 533.7000, 'Z', 'Rangoon'),
(68, 'C', 'C', 'Kuba', 114.8000, 'Z', 'Havanna'),
(69, 'CAM', 'CAM', 'Kamerun', 240.5000, 'Z', 'Jaunde'),
(70, 'AB', 'CDN', 'Alberta', 43.0700, 'SW', 'Edmonton'),
(71, 'BC', 'CDN', 'British_Columbia', 49.9200, 'SW', 'Victoria'),
(72, 'MB', 'CDN', 'Manitoba', 13.5200, 'Z', 'Winnipeg'),
(73, 'NB', 'CDN', 'New_Brunswick', 7.7060, 'SO', 'Fredericton'),
(74, 'NF', 'CDN', 'Neufoundland', 5.2530, 'O', 'St._Johns'),
(75, 'NS', 'CDN', 'Nova_Scotia', 9.5990, 'SO', 'Halifax'),
(76, 'NW', 'CDN', 'Northwest_Territories', 445.4100, 'N', 'Yellowknife'),
(77, 'ON', 'CDN', 'Ontario', 143.2000, 'Z', 'Toronto'),
(78, 'PE', 'CDN', 'Prince_Edward_Island', 1.5320, 'SO', 'Charlottetown'),
(79, 'PQ', 'CDN', 'Quebec', 83.9000, 'O', 'Quebec'),
(80, 'SK', 'CDN', 'Saskatchewan', 11.6200, 'Z', 'Regina'),
(81, 'YU', 'CDN', 'Yukon_Territory', 378.5800, 'NW', 'Whitehorse'),
(82, 'AG', 'CH', 'Aargau', 6.7090, 'N', 'Aarau'),
(83, 'AI', 'CH', 'Appenzell Innerrhoden', 161.0500, 'O', 'Appenzell'),
(84, 'AR', 'CH', 'Appenzell Ausserrhoden', 551.7800, 'O', 'Herisau'),
(85, 'BE', 'CH', 'Bern', 10.3100, 'Z', 'Bern'),
(86, 'BL', 'CH', 'Basel-Landschaft', 2.8860, 'N', 'Liestal'),
(87, 'BS', 'CH', 'Basel-Stadt', 1.9990, 'N', 'Basel'),
(88, 'FR', 'CH', 'Fribourg', 388.2900, 'W', 'Fribourg'),
(89, 'GE', 'CH', 'Geneve', 1.9890, 'W', 'Geneve'),
(90, 'GL', 'CH', 'Glarus', 58.9200, 'Z', 'Glarus'),
(91, 'GR', 'CH', 'Graubuenden', 1.9780, 'O', 'Chur'),
(92, 'JU', 'CH', 'Jura', 732.9000, 'N', 'Delemont'),
(93, 'LU', 'CH', 'Luzern', 4.0330, 'Z', 'Luzern'),
(94, 'NE', 'CH', 'Neuchatel', 328.1900, 'W', 'Neuchatel'),
(95, 'NW', 'CH', 'Nidwalden', 425.5600, 'Z', 'Stans'),
(96, 'OW', 'CH', 'Obwalden', 373.7800, 'Z', 'Sarnen'),
(97, 'SG', 'CH', 'St. Gallen', 754.8100, 'O', 'St. Gallen'),
(98, 'SH', 'CH', 'Schaffhausen', 346.3000, 'N', 'Schaffhausen'),
(99, 'SO', 'CH', 'Solothurn', 161.6300, 'N', 'Solothurn'),
(100, 'SZ', 'CH', 'Schwyz', 141.8300, 'Z', 'Schwyz'),
(101, 'TG', 'CH', 'Thurgau', 2.7380, 'N', 'Frauenfeld'),
(102, 'TI', 'CH', 'Tessin', 3.5430, 'S', 'Bellinzona'),
(103, 'UR', 'CH', 'Uri', 362.9900, 'Z', 'Altdorf'),
(104, 'VD', 'CH', 'Waadt', 7.9310, 'W', 'Lausanne'),
(105, 'VS', 'CH', 'Wallis', 3.4140, 'S', 'Sion'),
(106, 'ZG', 'CH', 'Zug', 1.2390, 'Z', 'Zug'),
(107, 'ZH', 'CH', 'Zuerich', 14.8800, 'N', 'Zuerich'),
(108, 'CI', 'CI', 'Elfenbeinkueste', 24.2900, 'Z', 'Abidjan'),
(109, 'CL', 'CL', 'Sri_Lanka', 21.4400, 'Z', 'Colombo'),
(110, 'CO', 'CO', 'Kolumbien', 490.7000, 'Z', 'Bogota'),
(111, 'CR', 'CR', 'Costa_Rica', 49.0600, 'Z', 'San_Jose'),
(112, 'CY', 'CY', 'Zypern', 8.5480, 'Z', 'Nikosia'),
(113, 'CZ', 'CZ', 'Tschechoslowakei', 156.0000, 'Z', 'Prag'),
(114, 'B', 'D', 'Berlin', 35.7500, 'O', 'Berlin'),
(115, 'BAW', 'D', 'Baden-Wuerttemberg', 110.2000, 'SW', 'Stuttgart'),
(116, 'BAY', 'D', 'Bayern', 130.0000, 'SO', 'Muenchen'),
(117, 'BRB', 'D', 'Brandenburg', 25.0400, 'O', 'Potsdam'),
(118, 'HB', 'D', 'Hansestadt_Bremen', 6.8100, 'N', 'Bremen'),
(119, 'HES', 'D', 'Hessen', 62.4300, 'Z', 'Wiesbaden'),
(120, 'HH', 'D', 'Hansestadt_Hamburg', 18.1000, 'N', 'Hamburg'),
(121, 'MV', 'D', 'Mecklenburg-Vorpommern', 16.1100, 'O', 'Schwerin'),
(122, 'NIE', 'D', 'Niedersachsen', 79.6300, 'N', 'Hannover'),
(123, 'NRW', 'D', 'Nordrhein-Westfalen', 17.9100, 'Z', 'Duesseldorf'),
(124, 'RPF', 'D', 'Rheinland-Pfalz', 40.7400, 'W', 'Mainz'),
(125, 'SA', 'D', 'Sachsen-Anhalt', 22.2300, 'O', 'Magdeburg'),
(126, 'SAR', 'D', 'Saarland', 9.9410, 'W', 'Saarbruecken'),
(127, 'SN', 'D', 'Sachsen', 40.8100, 'O', 'Dresden'),
(128, 'SWH', 'D', 'Schleswig-Holstein', 28.9000, 'N', 'Kiel'),
(129, 'TH', 'D', 'Thueringen', 21.5100, 'O', 'Erfurt'),
(130, 'DARS', 'DARS', 'Sahara', 5.1300, 'Z', 'El_Alaiun'),
(131, 'DK', 'DK', 'Daenemark', 57.4900, 'Z', 'Kopenhagen'),
(132, 'FA', 'DK', 'Faroeer', 492.9000, 'NW', 'Thorshavn'),
(133, 'GR', 'DK', 'Groenland', 561.7100, 'NW', 'Nuuk'),
(134, 'DOM', 'DOM', 'Dominikanische_Republik', 107.7000, 'Z', 'Santo_Domingo'),
(135, 'AG', 'AG', 'Algerien', 413.2000, 'Z', 'Algier'),
(136, 'CAD', 'E', 'Cadiz', 1.2480, 'S', 'Cadiz'),
(137, 'E', 'E', 'Spanien', 467.2000, 'Z', 'Madrid'),
(138, 'EAK', 'EAK', 'Kenia', 497.0000, 'Z', 'Nairobi'),
(139, 'EAS', 'EAS', 'Sudan', 405.3000, 'Z', 'Khartum'),
(140, 'EAT', 'EAT', 'Tansania', 573.1000, 'Z', 'Daressalam'),
(141, 'EAU', 'EAU', 'Uganda', 428.6000, 'Z', 'Kampala'),
(142, 'EC', 'EC', 'Ecuador', 166.2000, 'Z', 'Quito'),
(143, 'ES', 'ES', 'El_Salvador', 63.7800, 'Z', 'San_Salvador'),
(144, 'ET', 'ET', 'Aegypten', 975.5000, 'Z', 'Kairo'),
(145, 'ETH', 'ETH', 'Aethiopien', 1.0500, 'Z', 'Addis_Abeba'),
(146, 'ALS', 'F', 'Alsace', 18.8400, 'O', 'Strasbourg'),
(147, 'AQU', 'F', 'Aquitaine', 33.3500, 'SW', 'Bordeaux'),
(148, 'AUV', 'F', 'Auvergne', 13.5900, 'S', 'Clerm.-Ferrand'),
(149, 'BAS', 'F', 'Basse-Normandie', 14.7900, 'NW', 'Caen'),
(150, 'BOU', 'F', 'Bourgogne', 16.4400, 'O', 'Dijon'),
(151, 'BRE', 'F', 'Bretagne', 33.2900, 'W', 'Rennes'),
(152, 'CEN', 'F', 'Centre', 773.0000, 'Z', 'Orleans'),
(153, 'CHA', 'F', 'Champ.-Ardenne', 2.0300, 'NO', 'Reims'),
(154, 'COR', 'F', 'Corse', 3.3910, 'SO', 'Ajaccio'),
(155, 'F', 'F', 'Frankreich', 669.9000, 'Z', 'Paris'),
(156, 'FGU', 'F', 'Franz.-Guayana', 250.3770, 'SW', 'Cayenne'),
(157, 'FRA', 'F', 'Franche-Conte', 11.7900, 'O', 'Besancon'),
(158, 'HAU', 'F', 'Haute-Normandie', 18.4800, 'N', 'Rouen'),
(159, 'ILE', 'F', 'Ile_de_France', 12.2100, 'Z', 'Paris'),
(160, 'LAN', 'F', 'Languedoc-Roussillon', 27.2700, 'S', 'Montpellier'),
(161, 'LIM', 'F', 'Limousin', 7.4100, 'SW', 'Limoges'),
(162, 'LOR', 'F', 'Lorrain', 23.4600, 'O', 'Nancy'),
(163, 'MID', 'F', 'Midi-Pyrenes', 29.6700, 'S', 'Toulouse'),
(164, 'NOR', 'F', 'Hauts-de-France', 59.7800, 'N', 'Lille'),
(165, 'PAY', 'F', 'Pays_de_la_Lou.', 29.3030, 'W', 'Nantes'),
(166, 'PIC', 'F', 'Picardie', 19250000000.0000, 'N', 'Amiens'),
(167, 'POI', 'F', 'Poitou-Charent.', 17.9200, 'W', 'Poitiers'),
(168, 'PRO', 'F', 'Prov._Cote_Azur', 50.5900, 'S', 'Marseille'),
(169, 'RHO', 'F', 'Rhone-Alpes', 64.4900, 'SO', 'Lyon'),
(170, 'FIJI', 'FIJI', 'Fidschi', 9.0550, 'Z', 'Suva'),
(171, 'FL', 'FL', 'Liechtenstein', 378.1000, 'Z', 'Liechtenstein'),
(172, 'FSM', 'FSM', 'Mikronesien', 1.0550, 'Z', 'Kolonia'),
(173, 'GAB', 'GAB', 'Gabun', 20.2500, 'Z', 'Libreville'),
(174, 'ENG', 'GB', 'England', 556.2000, 'SO', 'London'),
(175, 'GB', 'GB', 'Grossbritannien', 660.4000, 'Z', 'London'),
(176, 'GBA', 'GB', 'Alderney', 20.8600, 'S', 'Alderney'),
(177, 'GBG', 'GB', 'Guernsey', 630.2600, 'S', 'St._Peter_Port'),
(178, 'GBJ', 'GB', 'Jersey', 1.0000, 'S', 'St._Helier'),
(179, 'GBZ', 'GB', 'Gibraltar', 345.7100, 'S', 'Gibraltar'),
(180, 'NOR', 'GB', 'Nordirland', 187.1000, 'NW', 'Belfast'),
(181, 'SCH', 'GB', 'Schottland', 54.2500, 'N', 'Edinburgh'),
(182, 'WAL', 'GB', 'Wales', 31.2500, 'SW', 'Cardiff'),
(183, 'GCA', 'GCA', 'Guatemala', 16.9100, 'Z', 'Ciudad_de_Guatemala'),
(184, 'GH', 'GH', 'Ghana', 28.8300, 'Z', 'Accra'),
(185, 'GR', 'GR', 'Griechenland', 107.7000, 'Z', 'Athen'),
(186, 'GUB', 'GUB', 'Guinea-Bissau', 18.6100, 'Z', 'Bissau'),
(187, 'GUI', 'GUI', 'Guinea', 127.2000, 'Z', 'Conakry'),
(188, 'GUY', 'GUY', 'Guyana', 7.7780, 'Z', 'Georgetown'),
(189, 'H', 'H', 'Ungarn', 97.9800, 'Z', 'Budapest'),
(190, 'HON', 'HON', 'Honduras', 92.6500, 'Z', 'Tegucigalpa'),
(191, 'ABR', 'I', 'Abbruzzen', 13.2200, 'Z', 'L\'Aquila'),
(192, 'AOS', 'I', 'Aostatal', 1.2680, 'NW', 'Aosta'),
(193, 'APU', 'I', 'Apulien', 40.6400, 'SO', 'Bari'),
(194, 'BAS', 'I', 'Basilicata', 5.7030, 'SO', 'Potenza'),
(195, 'EMI', 'I', 'Emilia-Romagna', 44.4900, 'N', 'Bologna'),
(196, 'FRI', 'I', 'Friaul-Jul.Ven.', 12.1800, 'NO', 'Triest'),
(197, 'KAL', 'I', 'Kalabrien', 19.6500, 'S', 'Catanzaro'),
(198, 'KAM', 'I', 'Kampanien', 58.3900, 'SW', 'Neapel'),
(199, 'LAT', 'I', 'Latium', 58.9800, 'Z', 'Rom'),
(200, 'LIG', 'I', 'Ligurien', 15.6500, 'NW', 'Genua'),
(201, 'LOM', 'I', 'Lombardei', 100.2000, 'NW', 'Mailand'),
(202, 'MAR', 'I', 'Marhen', 15.3800, 'NO', 'Ancona'),
(203, 'MOL', 'I', 'Molise', 3.1040, 'O', 'Campozona'),
(204, 'PIE', 'I', 'Piemont', 43.9300, 'NW', 'Turin'),
(205, 'SAR', 'I', 'Sardinien', 16.5300, 'W', 'Cagliari'),
(206, 'SIZ', 'I', 'Sizilien', 50.5700, 'S', 'Parlermo'),
(207, 'TOS', 'I', 'Toskana', 37.4200, 'N', 'Florenz'),
(208, 'TRE', 'I', 'Trentino-Suedtirol', 10.7000, 'N', 'Trient'),
(209, 'UMB', 'I', 'Umbrien', 8.8890, 'N', 'Perugia'),
(210, 'VEN', 'I', 'Venetien', 49.0800, 'NO', 'Venedig'),
(211, 'IL', 'IL', 'Israel', 87.1200, 'Z', 'Jerusalem'),
(212, 'ANI', 'IND', 'Andamanen und Nikobaren', 3.8050, 'SO', 'Port_Blair'),
(213, 'ANP', 'IND', 'Andhra_Pradesh', 496.7000, 'SW', 'Hyderabad'),
(214, 'ARP', 'IND', 'Arunachal_Pradesh', 12.5500, 'NO', 'Itanagar'),
(215, 'ASS', 'IND', 'Assam', 309.4000, 'NO', 'Dispur'),
(216, 'BIH', 'IND', 'Bihar', 990.2000, 'W', 'Patna'),
(217, 'CHA', 'IND', 'Chandigargh', 10.5500, 'N', 'Chandigargh'),
(218, 'DEH', 'IND', 'Delhi', 189.8000, 'N', 'Delhi'),
(219, 'DNH', 'IND', 'Dadra_&_Nagar_Haveli', 3.4280, 'W', 'Silvassa'),
(220, 'GDD', 'IND', 'Goa_Daman_&_Diu', 2.4290, 'W', 'Panaji'),
(221, 'GUJ', 'IND', 'Gujarat', 627.0000, 'O', 'Gandhinagar'),
(222, 'HAR', 'IND', 'Haryana', 253.5000, 'N', 'Chandigargh'),
(223, 'HIP', 'IND', 'Himachal_Pradesh', 68.5600, 'N', 'Shimla'),
(224, 'JAK', 'IND', 'Jammu_und_Kashmir', 125.5000, 'N', 'Srinagar'),
(225, 'KAR', 'IND', 'Karnataka', 640.6000, 'SW', 'Bangalore'),
(226, 'KER', 'IND', 'Kerala', 348.0000, 'S', 'Trivandrum'),
(227, 'LAK', 'IND', 'Lakshadweep', 644.2900, 'SW', 'Kavaratti'),
(228, 'MAH', 'IND', 'Maharashtra', 1.1420, 'Z', 'Bombay'),
(229, 'MAN', 'IND', 'Manipur', 27.2200, 'O', 'Imphal'),
(230, 'MAP', 'IND', 'Madhya_Pradesh', 733.4000, 'Z', 'Bhopal'),
(231, 'MEG', 'IND', 'Meghalaya', 26.5100, 'O', 'Shillong'),
(232, 'MIZ', 'IND', 'Mizoram', 11.1600, 'O', 'Aizawl'),
(233, 'NAG', 'IND', 'Nagaland', 22.7500, 'O', 'Kohima'),
(234, 'ORI', 'IND', 'Orissa', 459.9000, 'O', 'Bhubaneswar'),
(235, 'PON', 'IND', 'Pondicherry', 2.4170, 'O', 'Pondicherry'),
(236, 'PUN', 'IND', 'Punjab', 279.8000, 'N', 'Chandigargh'),
(237, 'RAJ', 'IND', 'Rajasthan', 688.9000, 'NW', 'Jaipur'),
(238, 'SIK', 'IND', 'Sikkim', 6.1900, 'NO', 'Gangtok'),
(239, 'TAN', 'IND', 'Tamil_Nadu', 678.6000, 'S', 'Madras'),
(240, 'TRI', 'IND', 'Tripura', 36.5800, 'O', 'Agartala'),
(241, 'UTP', 'IND', 'Uttar_Pradesh', 2.0420, 'N', 'Lucknow'),
(242, 'WBE', 'IND', 'West_Bengal', 903.2000, 'O', 'Calcutta'),
(243, 'BAK', 'IR', 'Kohgiluye und Boyer Ahmad', 6.5860, NULL, NULL),
(244, 'BKH', 'IR', 'Kermanschah', 9.4660, NULL, 'Kermanschah'),
(245, 'BUS', 'IR', 'Bushehr', 2.2350, NULL, 'Bandar-e_Bushehr'),
(246, 'CMB', 'IR', 'Tschahar Mahal und Bachtiyari', 9.4770, NULL, 'Sharhrekord'),
(247, 'FAR', 'IR', 'Fars', 48.5100, NULL, 'Shiraz'),
(248, 'GIL', 'IR', 'Gjilan', 542.3900, NULL, 'Rascht'),
(249, 'HAM', 'IR', 'Hamadan', 5.5440, NULL, 'Hamadan'),
(250, 'HOR', 'IR', 'Hormozgan', 17.7600, NULL, 'Bandar_Abbas'),
(251, 'ILA', 'IR', 'Ilam', 1.9400, NULL, 'Ilam'),
(252, 'ISF', 'IR', 'Isfahan', 19.6100, NULL, 'Isfahan Stadt'),
(253, 'KER', 'IR', 'Kerman', 5.3770, NULL, 'Kerman'),
(254, 'KHO', 'IR', 'Razavi-Chorasan', 59.9400, NULL, 'Kandahar'),
(255, 'KHU', 'IR', 'Khuzestan', 47.1100, NULL, 'Ctesiphon'),
(256, 'KUR', 'IR', 'Kurdistan', 58.9500, NULL, 'HewlÃªr'),
(257, 'LUR', 'IR', 'Luristan', 17.5400, NULL, 'Khorramabad'),
(258, 'MAZ', 'IR', 'Mazandaran', 30.7400, NULL, 'Sari'),
(259, 'OAS', 'IR', 'Ost-Aserbeidschan', 37.2500, NULL, 'TÃ¤bris'),
(260, 'SEM', 'IR', 'Semnan', 6.3120, NULL, 'Semnan'),
(261, 'SUB', 'IR', 'Sistan_u._Belutschistan', 27.7500, NULL, 'Zahedan'),
(262, 'TEH', 'IR', 'Teheran', 86.9400, NULL, NULL),
(263, 'WAS', 'IR', 'West-Aserbeidschan', 30.8100, NULL, 'Urmia'),
(264, 'YAZ', 'IR', 'Yazd', 5.2960, NULL, 'Yazd'),
(265, 'ZAN', 'IR', 'Zanjan', 4.3080, NULL, 'Zanjan'),
(266, 'ZEN', 'IR', 'Zentralprovinz', 17.4400, NULL, NULL),
(267, 'IRL', 'IRL', 'Irland', 47.8400, 'Z', 'Dublin'),
(268, 'IRQ', 'IRQ', 'Irak', 382.7000, 'Z', 'Bagdad'),
(269, 'IS', 'IS', 'Island', 3.3830, 'Z', 'Reykjavik'),
(270, 'J', 'J', 'Japan', 1.2680, 'Z', 'Tokyo'),
(271, 'JA', 'JA', 'Jamaika', 28.9000, 'Z', 'Kingston'),
(272, 'JB', 'JB', 'Bophuthatswana', 150.7600, 'Z', 'Mmabatho'),
(273, 'JEM', 'JEM', 'Jemen', 282.5000, 'Z', 'Sana'),
(274, 'JOR', 'JOR', 'Jordanien', 97.0200, 'Z', 'Amman'),
(275, 'KAP', 'KAP', 'Kap_Verde', 5.4630, 'Z', 'Praia'),
(276, 'KIR', 'KIR', 'Kiribati', 1.1630, 'Z', 'Bairiki'),
(277, 'KOM', 'KOM', 'Komoren', 8.1390, 'Z', 'Moroni'),
(278, 'KSA', 'KSA', 'Saudi-Arabien', 329.4000, 'Z', 'Er_Riad'),
(279, 'KT', 'KT', 'Kuwait', 41.3700, 'Z', 'Kuwait_City'),
(280, 'L', 'L', 'Luxemburg', 5.9060, 'Z', 'Luxemburg'),
(281, 'LAO', 'LAO', 'Laos', 68.5800, 'Z', 'Vientiane'),
(282, 'LAR', 'LAR', 'Libyen', 63.7500, 'Z', 'Tripolis'),
(283, 'LB', 'LB', 'Liberia', 47.3200, 'Z', 'Monrovia'),
(284, 'LS', 'LS', 'Lesotho', 22.3300, 'Z', 'Maseru'),
(285, 'M', 'M', 'Malta', 4.6020, 'Z', 'Valletta'),
(286, 'MA', 'MA', 'Marokko', 357.4000, 'Z', 'Rabat'),
(287, 'MAL', 'MAL', 'Malaysia', 316.2000, 'Z', 'Kuala_Lumpur'),
(288, 'MAR', 'MAR', 'Marshallinseln', 531.2700, 'Z', 'Uliga'),
(289, 'MC', 'MC', 'Monaco', 386.9500, 'Z', 'Monaco-Ville'),
(290, 'AGS', 'MEX', 'Aguascalientes', 13.1300, 'Z', 'Aguascalientes'),
(291, 'BC', 'MEX', 'Baja_California_Norte', 33.1600, 'NW', 'Mexicali'),
(292, 'BCS', 'MEX', 'Baja_California_Sur', 7.6390, 'W', 'La_Paz'),
(293, 'CAM', 'MEX', 'Campeche', 2.2030, 'SO', 'Campeche'),
(294, 'CHH', 'MEX', 'Chihuahua', 35.5700, 'N', 'Chihuahua'),
(295, 'CHI', 'MEX', 'Chiapas', 52.1800, 'SO', 'Tuxtla_Gutierrez'),
(296, 'COA', 'MEX', 'Coahuila', 29.5500, 'N', 'Saltillo'),
(297, 'COL', 'MEX', 'Colima', 6.5050, 'W', 'Colima'),
(298, 'DF', 'MEX', 'Distrito_Federal', 88.5500, 'Z', 'Mexico_City'),
(299, 'DGO', 'MEX', 'Durango', 184.6500, 'W', 'Durango'),
(300, 'GRO', 'MEX', 'Guerrero', 35.3300, 'S', 'Chilpancingo_d.l.Bravos'),
(301, 'GTO', 'MEX', 'Guanajuato', 1.8420, 'Z', 'Guanajuato'),
(302, 'HGO', 'MEX', 'Hidalgo', 28.5800, 'Z', 'Pachuca_de_Soto'),
(303, 'JAL', 'MEX', 'Jalisco', 82.5600, 'W', 'Guadalajara'),
(304, 'MEX', 'MEX', 'Mexico', 1.2920, 'Z', 'Toluca_de_Lerdo'),
(305, 'MIC', 'MEX', 'Michoacan', 45.8400, 'SW', 'Morelia'),
(306, 'MOR', 'MEX', 'Morelos', 19.0400, 'Z', 'Cuernavaca'),
(307, 'NAY', 'MEX', 'Nayarit', 11.8100, 'W', 'Tepic'),
(308, 'NL', 'MEX', 'Nuevo_Leon', 51.2000, 'N', 'Monterrey'),
(309, 'OAX', 'MEX', 'Oaxaca', 2.5500, 'S', 'Oaxaca_de_Juarez'),
(310, 'PUE', 'MEX', 'Puebla', 15.7600, 'Z', 'Puebla'),
(311, 'QR', 'MEX', 'Quintana_Roo', 15.0200, 'SO', 'Ciudad_Chetumal'),
(312, 'QRO', 'MEX', 'Queretaro', 6.2640, 'Z', 'Queretaro'),
(313, 'SIN', 'MEX', 'Sinaloa', 29.6600, 'W', 'Culiacan'),
(314, 'SLP', 'MEX', 'San_Luis_Potosi', 27.1800, 'Z', 'San_Luis_Potosi'),
(315, 'SON', 'MEX', 'Sonora', 28.5000, 'NW', 'Hermosillo'),
(316, 'TAB', 'MEX', 'Tabasco', 23.9500, 'S', 'Villahermosa'),
(317, 'TAM', 'MEX', 'Tamaulipas', 34.4200, 'N', 'Ciudad_Victoria'),
(318, 'TLA', 'MEX', 'Tlaxcala', 897.9500, 'Z', 'Tlaxcala_de_Xincotencatl'),
(319, 'VER', 'MEX', 'Veracruz', 4.2830, 'S', 'Jalapa_Enriquez'),
(320, 'YUC', 'MEX', 'Yucatan', 20.9700, 'SO', 'Merida'),
(321, 'ZAC', 'MEX', 'Zacatecas', 15.7900, 'Z', 'Zacatecas'),
(322, 'MON', 'MON', 'Mongolische_Volksrepublik', 30.3130, 'Z', 'Ulan_Bator'),
(323, 'MOS', 'MOS', 'Mosambique', 296.7000, 'Z', 'Maputo'),
(324, 'MS', 'MS', 'Mauritius', 12.6500, 'Z', 'Port_Louis'),
(325, 'MW', 'MW', 'Malawi', 186.2000, 'Z', 'Lilongue'),
(326, 'AA', 'N', 'Aust-Agder', 1.1370, 'S', 'Arendal'),
(327, 'AK', 'N', 'Akershus', 5.7570, 'SO', 'Oslo'),
(328, 'BU', 'N', 'Buskerud', 2.7220, 'S', 'Drammen'),
(329, 'FI', 'N', 'Finnmark', 752.0700, 'N', 'Vadsoe'),
(330, 'HE', 'N', 'Hedmark', 1.9440, 'SO', 'Hamar'),
(331, 'HO', 'N', 'Hordaland', 5.0520, 'SW', 'Bergen'),
(332, 'JM', 'N', 'Jan_Mayen', 180.0000, 'NW', NULL),
(333, 'MR', 'N', 'Moere_og_Romsdal', 2.6150, 'W', 'Molde'),
(334, 'NO', 'N', 'Nordland', 2.4280, 'N', 'Bodoe'),
(335, 'NT', 'N', 'Nord-Trondelag', 1.3510, 'Z', 'Steinkjer'),
(336, 'OES', 'N', 'Oestfold', 2.8490, 'SO', 'Moss'),
(337, 'OP', 'N', 'Oppland', 1.8780, 'Z', 'Lillehammer'),
(338, 'OS', 'N', 'Oslo', 6.3420, 'SO', 'Oslo'),
(339, 'RO', 'N', 'Rogaland', 4.5960, 'S', 'Stavanger'),
(340, 'SB', 'N', 'Svalbard', 26.6700, 'N', 'Longyearbyen'),
(341, 'SF', 'N', 'Sogn_og_Fjordane', 1.0890, 'W', 'Hermannsverk'),
(342, 'ST', 'N', 'Soer-Trondelag', 3.1730, 'Z', 'Trondheim'),
(343, 'TE', 'N', 'Telemark', 1.7140, 'S', 'Skien'),
(344, 'TR', 'N', 'Troms', 766.4900, 'N', 'Tromsoe'),
(345, 'VA', 'N', 'Vest-Agder', 1.7840, 'S', 'Kristiansand'),
(346, 'VE', 'N', 'Vestfold', 2.4080, 'SO', 'Toensberg'),
(347, 'NAU', 'NAU', 'Nauru', 136.4900, 'Z', 'Yaren'),
(348, 'NEP', 'NEP', 'Nepal', 293.0000, 'Z', 'Katmandu'),
(349, 'NIC', 'NIC', 'Nicaragua', 62.1800, 'Z', 'Managua'),
(350, 'NL', 'NL', 'Niederlande', 170.8000, 'Z', 'Amsterdam'),
(351, 'NZ', 'NZ', 'Neuseeland', 47.9400, 'Z', 'Wellington'),
(352, 'OMA', 'OMA', 'Oman', 46.3600, 'Z', 'Maskat'),
(353, 'MAC', 'P', 'Macao', 6.2250, 'SW', 'Macao'),
(354, 'P', 'P', 'Portugal', 103.1000, 'Z', 'Lissabon'),
(355, 'PA', 'PA', 'Panama', 40.9900, 'Z', 'Ciudad_de_Panama'),
(356, 'PAK', 'PAK', 'Pakistan', 1.9700, 'Z', 'Islamabad'),
(357, 'PAL', 'PAL', 'Palau', 217.2900, 'Z', 'Koror'),
(358, 'PE', 'PE', 'Peru', 321.7000, 'Z', 'Lima'),
(359, 'BO', 'PI', 'Bohol', 13.1350, 'Z', 'Tagbilaran'),
(360, 'LE', 'PI', 'Leyte', 19.5000, 'Z', NULL),
(361, 'LU', 'PI', 'Luzon', 485.2000, 'Z', NULL),
(362, 'MA', 'PI', 'Mindanao', 220.0000, 'Z', NULL),
(363, 'MO', 'PI', 'Mindoro', 8.4400, 'Z', NULL),
(364, 'NE', 'PI', 'Negros', 36.0000, 'Z', NULL),
(365, 'PAL', 'PI', 'Palawan', 8.4940, 'Z', 'Puerto_Princessa'),
(366, 'PAN', 'PI', 'Panay', 34.2000, 'Z', NULL),
(367, 'SA', 'PI', 'Samar', 10.8000, 'Z', NULL),
(368, 'PL', 'PL', 'Polen', 384.3000, 'Z', 'Warschau'),
(369, 'PNG', 'PNG', 'Papua-Neuguinea', 82.5100, 'Z', 'Port_Moresby'),
(370, 'PY', 'PY', 'Paraguay', 68.1100, 'Z', 'Asuncion'),
(371, 'Q', 'Q', 'Katar', 26.3900, 'Z', 'Doha'),
(372, 'BUE', 'RA', 'Buenos_Aires', 28.9000, 'O', 'La_Plata'),
(373, 'BUN', 'RA', 'Distrito Federal do Brasil', 30.1300, 'O', 'Buenos_Aires'),
(374, 'CAT', 'AR', 'Catamarca', 1.0200, 'NW', 'San_Fernando'),
(375, 'CES', 'RA', 'Corrientes', 3.5000, 'NO', 'Corrientes'),
(376, 'CHA', 'RA', 'Chaco', 11.3100, 'N', 'Resistencia'),
(377, 'CHU', 'RA', 'Chubut', 5.5630, 'S', 'Rawson'),
(378, 'COR', 'RA', 'Cordoba', 3.2620, 'Z', 'Cordoba'),
(379, 'ENT', 'RA', 'Entre_Rios', 13.0800, 'O', 'Parana'),
(380, 'FOR', 'RA', 'Formosa', 5.7380, 'N', 'Formosa'),
(381, 'JUY', 'RA', 'Jujuy', 7.1890, 'NW', 'San_Salvador_de_Jujuy'),
(382, 'LAP', 'RA', 'La_Pampa', 3.5310, 'Z', 'Santa_Rosa'),
(383, 'LAR', 'RA', 'La_Rioja', 3.1560, 'W', 'La_Rioja'),
(384, 'MEN', 'RA', 'Mendoza', 18.8600, 'W', 'Mendoza'),
(385, 'MIS', 'RA', 'Misiones', 11.7500, 'NO', 'Posadas'),
(386, 'NAT', 'RA', 'Nationales_Territorium', 40.0000, 'S', 'Ushuaia'),
(387, 'NEU', 'RA', 'Neuquen', 6.1970, 'SW', 'Neuquen'),
(388, 'RIO', 'RA', 'Rio_Negro', 760.2300, 'S', 'Viedma'),
(389, 'SAL', 'RA', 'Salta', 13.3300, 'NW', 'Salta'),
(390, 'SCR', 'RA', 'Santa_Cruz', 650.2100, 'S', 'Rio_Gallegos'),
(391, 'SDE', 'RA', 'Santiago_del_Estero', 9.1150, 'N', 'Santiago_del_Estero'),
(392, 'SFE', 'RA', 'Santa_Fe', 837.7600, 'O', 'Santa_Fe'),
(393, 'SJU', 'RA', 'San_Juan', 3.4700, 'W', 'San_Juan'),
(394, 'SLU', 'RA', 'San_Luis', 8.2420, 'Z', 'San_Luis'),
(395, 'TUC', 'RA', 'Tucuman', 14.0000, 'N', 'San_Miguel_de_Tucuman'),
(396, 'RB', 'RB', 'Botswana', 22.9200, 'Z', 'Gabarone'),
(397, 'RCA', 'RCA', 'Zentralafr_Rep', 46.5900, 'Z', 'Bangui'),
(398, 'RCB', 'RCB', 'Kongo', 813.4000, 'Z', 'Brazzaville'),
(399, 'RCH', 'RCH', 'Chile', 180.5000, 'Z', 'Santiago'),
(400, 'RD', 'RD', 'Djibuti', 9.5690, 'Z', 'Djibuti'),
(401, 'RGE', 'RGE', 'Aequatorialguinea', 12.6800, 'Z', 'Malabo'),
(402, 'RH', 'RH', 'Haiti', 109.8000, 'Z', 'Port_au_Prince'),
(403, 'RI', 'RI', 'Indonesien', 2.6400, 'Z', 'Djakarta'),
(404, 'RIM', 'RIM', 'Mauretanien', 44.2000, 'Z', 'Nuakschott'),
(405, 'RL', 'RL', 'Libanon', 60.8200, 'Z', 'Beirut'),
(406, 'RM', 'RM', 'Madagaskar', 255.7000, 'Z', 'Tananarive'),
(407, 'RMAL', 'RMAL', 'Malediven', 4.3630, 'Z', 'Male'),
(408, 'RMM', 'RMM', 'Mali', 185.4000, 'Z', 'Bamako'),
(409, 'RN', 'RN', 'Niger', 214.8000, 'Z', 'Niamey'),
(410, 'RO', 'RO', 'Rumaenien', 196.4000, 'Z', 'Bukarest'),
(411, 'ROC', 'ROC', 'Taiwan', 235.8000, 'Z', 'Taipeh'),
(412, 'ROK', 'ROK', 'Korea', 514.7000, 'Z', 'Seoul'),
(413, 'RPA', 'RPA', 'Angola', 297.8000, 'Z', 'Luanda'),
(414, 'RPB', 'RPB', 'Benin', 111.8000, 'Z', 'Porto_Novo'),
(415, 'RSA', 'RSA', 'Suedafrika', 567.2000, 'Z', 'Pretoria'),
(416, 'RSM', 'RSM', 'San_Marino', 334.0000, 'Z', 'San_Marino'),
(417, 'RWA', 'RWA', 'Rwanda', 122.1000, 'Z', 'Kigali'),
(418, 'AB', 'S', 'Stockholms_laen', 22.6900, 'SO', 'Stockholm'),
(419, 'AC', 'S', 'Vaesterbottens_laen', 2.6800, 'N', 'Umeo'),
(420, 'BD', 'S', 'Norrbottens_laen', 2.5100, 'N', 'Luleo'),
(421, 'C', 'S', 'Uppsala_laen', 3.6740, 'SO', 'Uppsala'),
(422, 'D', 'S', 'Soedermanslands_laen', 2.9070, 'SO', 'Nykoeping'),
(423, 'E', 'S', 'Oestergoetlands_laen', 4.5010, 'SO', 'Linkoeping'),
(424, 'F', 'S', 'Joenkoepings_laen', 3.5620, 'S', 'Joenkoeping'),
(425, 'G', 'S', 'Kronobergs_laen', 1.9700, 'S', 'Vaexjoe'),
(426, 'H', 'S', 'Kalmar_laen', 2.4320, 'S', 'Kalmar'),
(427, 'I', 'S', 'Gotlands_laen', 584.6400, 'SO', 'Visby'),
(428, 'K', 'S', 'Blekinge_laen', 1.5930, 'S', 'Karlskrona'),
(429, '', 'S', 'Skane laen', 13.4000, 'S', 'Kristianstad'),
(430, 'N', 'S', 'Hallands_laen', 3.2370, 'S', 'Halmstad'),
(431, '', 'S', 'Vaestra Goetalands laen', 16.8600, 'SW', 'Goeteborg'),
(432, 'S', 'S', 'Vaermlands_laen', 2.7990, 'SW', 'Karlstad'),
(433, 'T', 'S', 'Oerebro_laen', 2.9790, 'Z', 'Oerebro'),
(434, 'U', 'S', 'Vaestmanlands_laen', 2.7050, 'Z', 'Vaesteros'),
(435, 'W', 'S', 'Dalarnas län', 2.8570, 'W', 'Falun'),
(436, 'X', 'S', 'Gaevleborgs_laen', 2.8540, 'O', 'Gaevle'),
(437, 'Y', 'S', 'Vaesternorrlands_laen', 2.4600, 'O', 'Haernoesand'),
(438, 'Z', 'S', 'Jaemtlands_laen', 1.2960, 'W', 'Oestersund'),
(439, 'SAL', 'SAL', 'Salomonen', 6.1130, 'Z', 'Honiara'),
(440, 'SAO', 'SAO', 'Sao_Tome_u_Principe', 2.0430, 'Z', 'Sao_Tome'),
(441, 'SCN', 'SCN', 'Saint_Kitts/Nevis', 553.4500, 'Z', 'Basseterre'),
(442, 'SCV', 'SCV', 'Vatikanstadt', 10.0000, 'Z', 'Vatikanstadt'),
(443, 'SD', 'SD', 'Swasiland', 13.6700, 'Z', 'Mbabane'),
(444, 'ALA', 'SF', 'Aland', 294.8900, 'SW', 'Mariehamn'),
(445, '', '', 'Suedfinnland', 11.5700, '', ''),
(446, '', '', 'Ostfinnland', 5.6980, '', ''),
(447, '', '', 'Westfinnland', 13.8000, '', ''),
(448, 'SGP', 'SGP', 'Singapur', 56.1200, 'Z', 'Singapur'),
(449, 'SME', 'SME', 'Surinam', 5.6340, 'Z', 'Paramaribo'),
(450, 'SN', 'SN', 'Senegal', 158.5000, 'Z', 'Dakar'),
(451, 'SP', 'SP', 'Somalia', 147.4000, 'Z', 'Mogadischu'),
(452, 'SWA', 'SWA', 'Namibia', 25.3400, 'Z', 'Windhuk'),
(453, 'SY', 'SY', 'Seychellen', 958.4300, 'Z', 'Victoria'),
(454, 'SYR', 'SYR', 'Syrien', 182.7000, 'Z', 'Damaskus'),
(455, 'TCH', 'TCH', 'Tschad', 149.0000, 'Z', 'NDjamena'),
(456, 'TG', 'TG', 'Togo', 77.9800, 'Z', 'Lome'),
(457, 'THA', 'THA', 'Thailand', 690.4000, 'Z', 'Bangkok'),
(458, 'TN', 'TN', 'Tunesien', 115.3000, 'Z', 'Tunis'),
(459, 'TON', 'TON', 'Tonga', 1.0800, 'Z', 'Nukualofa'),
(460, 'TR', 'TR', 'Tuerkei', 798.1000, 'Z', 'Ankara'),
(461, 'TT', 'TT', 'Trinidad_und_Tobago', 13.6900, 'Z', 'Port_of_Spain'),
(462, 'TUV', 'TUV', 'Tuvalu', 111.9200, 'Z', 'Veiaku'),
(463, 'U', 'U', 'Uruguay', 34.5700, 'Z', 'Montevideo'),
(464, 'UAE', 'UAE', 'Vereinigte_Arabische_Emirate', 94.0000, 'Z', 'Abu_Dhabi'),
(465, 'AK', 'USA', 'Alaska', 7.3740, 'NW', 'Juneau'),
(466, 'AL', 'USA', 'Alabama', 48.8800, 'S', 'Montgomery'),
(467, 'AR', 'USA', 'Arkansas', 30.1400, 'S', 'Little_Rock'),
(468, 'AZ', 'USA', 'Arizona', 71.7200, 'SW', 'Phoenix'),
(469, 'CA', 'USA', 'California', 395.6000, 'SW', 'Sacramento'),
(470, 'CO', 'USA', 'Colorado', 56.9600, 'Z', 'Denver'),
(471, 'CT', 'USA', 'Connecticut', 35.7300, 'NO', 'Hartford'),
(472, 'DC', 'USA', 'District_of_Columbia', 6.3340, 'O', 'Washington'),
(473, 'DE', 'USA', 'Delaware', 9.6710, 'O', 'Dover'),
(474, 'FL', 'USA', 'Florida', 213.0000, 'SO', 'Tallahassee'),
(475, 'GA', 'USA', 'Georgia', 105.2000, 'SO', 'Atlanta'),
(476, 'HI', 'USA', 'Hawaii', 14.2000, 'SW', 'Honolulu'),
(477, 'IA', 'USA', 'Iowa', 31.5600, 'Z', 'Des_Moines'),
(478, 'ID', 'USA', 'Idaho', 17.5400, 'NW', 'Boise'),
(479, 'IL', 'USA', 'Illinois', 127.4000, 'Z', 'Springfield'),
(480, 'IN', 'USA', 'Indiana', 66.9200, 'Z', 'Indianapolis'),
(481, 'KS', 'USA', 'Kansas', 29.1200, 'Z', 'Topeka'),
(482, 'KY', 'USA', 'Kentucky', 44.6800, 'Z', 'Frankfort'),
(483, 'LA', 'USA', 'Louisiana', 46.6000, 'S', 'Baton_Rouge'),
(484, 'MA', 'USA', 'Massachusetts', 69.0200, 'NO', 'Boston'),
(485, 'MD', 'USA', 'Maryland', 60.4300, 'O', 'Annapolis'),
(486, 'ME', 'USA', 'Maine', 13.3800, 'NO', 'Augusta'),
(487, 'MI', 'USA', 'Michigan', 99.9600, 'N', 'Lansing'),
(488, 'MN', 'USA', 'Minnesota', 56.1100, 'N', 'St._Paul'),
(489, 'MO', 'USA', 'Missouri', 61.2600, 'Z', 'Jefferson_City'),
(490, 'MS', 'USA', 'Mississippi', 29.8700, 'S', 'Jackson'),
(491, 'MT', 'USA', 'Montana', 10.6200, 'N', 'Helena'),
(492, 'NC', 'USA', 'North_Carolina', 103.8000, 'O', 'Raleigh'),
(493, 'ND', 'USA', 'North_Dakota', 7.6000, 'N', 'Bismarck'),
(494, 'NE', 'USA', 'Nebraska', 19.2900, 'Z', 'Lincoln'),
(495, 'NH', 'USA', 'New_Hampshire', 13.5600, 'NO', 'Concord'),
(496, 'NJ', 'USA', 'New_Jersey', 89.0900, 'O', 'Trenton'),
(497, 'NM', 'USA', 'New_Mexico', 20.9500, 'S', 'Santa_Fe'),
(498, 'NV', 'USA', 'Nevada', 30.3400, 'SW', 'Carson_City'),
(499, 'NY', 'USA', 'New_York', 86.2300, 'O', 'Albany'),
(500, 'OH', 'USA', 'Ohio', 116.9000, 'O', 'Columbus'),
(501, 'OK', 'USA', 'Oklahoma', 39.4300, 'S', 'Oklahoma_City'),
(502, 'OR', 'USA', 'Oregon', 41.9100, 'NW', 'Salem'),
(503, 'PA', 'USA', 'Pennsylvania', 128.1000, 'O', 'Harrisburg'),
(504, 'RI', 'USA', 'Rhode_Island', 10.5700, 'O', 'Providence'),
(505, 'SC', 'USA', 'South_Carolina', 50.8400, 'O', 'Columbia'),
(506, 'SD', 'USA', 'South_Dakota', 8.8220, 'N', 'Pierre'),
(507, 'TN', 'USA', 'Tennessee', 67.7000, 'Z', 'Nashville'),
(508, 'TX', 'USA', 'Texas', 287.0000, 'S', 'Austin'),
(509, 'UT', 'USA', 'Utah', 31.6100, 'SW', 'Salt_Lake_City'),
(510, 'VA', 'USA', 'Virginia', 85.1800, 'O', 'Richmond'),
(511, 'VT', 'USA', 'Vermont', 6.2620, 'NO', 'Montpelier'),
(512, 'WA', 'USA', 'Washington', 75.3600, 'NW', 'Olympia'),
(513, 'WI', 'USA', 'Wisconsin', 58.1400, 'N', 'Madison'),
(514, 'WV', 'USA', 'West_Virginia', 18.0600, 'O', 'Charleston'),
(515, 'WY', 'USA', 'Wyoming', 5.7770, 'Z', 'Cheyenne'),
(516, 'VAN', 'VAN', 'Vanuatu', 2.7620, 'Z', 'Port_Vila'),
(517, 'VN', 'VN', 'Vietnam', 955.4000, 'Z', 'Hanoi'),
(518, 'ANH', 'VRC', 'Anhui', 620.0000, 'O', 'Hefei'),
(519, 'FUJ', 'VRC', 'Fujian', 385.6000, 'SO', 'Fuzhou'),
(520, 'GAN', 'VRC', 'Gansu', 255.8000, 'W', 'Lanzhou'),
(521, 'GUA', 'VRC', 'Guangxi', 483.8000, 'S', 'Nanning'),
(522, 'GUI', 'VRC', 'Guizhou', 347.5000, 'S', 'Guiang'),
(523, 'GWA', 'VRC', 'Guangdong', 1.0840, 'SO', 'Kanton'),
(524, 'HEB', 'VRC', 'Hebei', 747.0000, 'N', 'Shijiazhuang'),
(525, 'HEI', 'VRC', 'Heilongjiang', 383.1000, 'NO', 'Harbin'),
(526, 'HEN', 'VRC', 'Henan', 953.2000, 'Z', 'Zhengzhou'),
(527, 'HUB', 'VRC', 'Hubei', 585.0000, 'Z', 'Wuhan'),
(528, 'HUN', 'VRC', 'Hunan', 673.7000, 'S', 'Changsha'),
(529, 'INN', 'VRC', 'Innere_Mongolei', 247.1000, 'N', 'Hohhot'),
(530, 'JIL', 'VRC', 'Jilin', 273.3000, 'NO', 'Changchun'),
(531, 'JSU', 'VRC', 'Jiangsu', 804.0000, 'O', 'Nanjing'),
(532, 'JXI', 'VRC', 'Jiangxi', 452.0000, 'SO', 'Nanchang'),
(533, 'LIA', 'VRC', 'Liaoning', 439.0000, 'NO', 'Shenyang'),
(534, 'NIN', 'VRC', 'Ningxia', 63.0100, 'Z', 'Yinchuan'),
(535, 'PEK', 'VRC', 'Peking', 215.4000, 'NO', 'Peking'),
(536, 'QIN', 'VRC', 'Qinghai', 56.2700, 'Z', 'Xining'),
(537, 'SHA', 'VRC', 'Shaanxi', 373.3000, 'Z', 'Xian'),
(538, 'SHG', 'VRC', 'Shandong', 994.7000, 'O', 'Jinan'),
(539, 'SHX', 'VRC', 'Shanxi', 365.0000, 'Z', 'Taiyuan'),
(540, 'SIC', 'VRC', 'Sichuan', 920.0000, 'SW', 'Chengdu'),
(541, 'TIB', 'VRC', 'Tibet', 31.8000, 'W', 'Lhasa'),
(542, 'XIN', 'VRC', 'Xinjiang', 218.1000, 'NW', 'Urumqi'),
(543, 'YUN', 'VRC', 'Yunnan', 459.7000, 'SW', 'Kunming'),
(544, 'ZHE', 'VRC', 'Zhejiang', 90.0000, 'O', 'Hangzhou'),
(545, 'VRK', 'VRK', 'Kambodscha', 160.1000, 'Z', 'Phnom_Penh'),
(546, 'WAG', 'WAG', 'Gambia', 21.0100, 'Z', 'Banjul'),
(547, 'WAL', 'WAL', 'Sierra_Leone', 75.5700, 'Z', 'Freetown'),
(548, 'WAN', 'WAN', 'Nigeria', 1.9090, 'Z', 'Lagos'),
(549, 'WD', 'WD', 'Dominica', 739.2500, 'Z', 'Roseau'),
(550, 'WG', 'WG', 'Grenada', 1.0780, 'Z', 'Saint_Georges'),
(551, 'WL', 'WL', 'Saint_Lucia', 1.7880, 'Z', 'Castries'),
(552, 'WS', 'WS', 'Westsamoa', 1.9640, 'Z', 'Apia'),
(553, 'WV', 'WV', 'Saint_Vincent', 1.0980, 'Z', 'Kingstown'),
(554, 'X', 'X', 'Transkei', 19.0000, 'Z', 'Umtata'),
(555, 'YU', 'YU', 'Jugoslawien', 232.3000, 'Z', 'Belgrad'),
(556, 'YV', 'YV', 'Venezuela', 319.8000, 'Z', 'Caracas'),
(557, 'Z', 'Z', 'Sambia', 170.9000, 'Z', 'Lusaka'),
(558, 'ZRE', 'ZRE', 'Zaire', 465.0000, 'Z', 'Kinshasa'),
(559, 'ZW', 'ZW', 'Simbabwe', 165.3000, 'Z', 'Salisbury'),
(560, 'BIH', 'BIH', 'Bosnien-Herzegowina', 3507000.0000, 'Z', 'Sarajevo'),
(561, 'SLO', 'SLO', 'Slowenien', 2066000.0000, 'Z', 'Ljubljana'),
(562, 'HR', 'HR', 'Kroatien', 4154000.0000, 'Z', 'Zagreb'),
(563, 'MK', 'MK', 'Mazedonien', 2074000.0000, 'Z', 'Skopje'),
(564, 'MNE', 'MNE', 'Montenegro', 622471.0000, 'Z', 'Podgorica');

-- --------------------------------------------------------

--
-- Tabellenstruktur für Tabelle `LIEGT_AN`
--

CREATE TABLE `LIEGT_AN` (
  `id` int(11) NOT NULL,
  `ST_NAME` varchar(25) DEFAULT NULL,
  `LT_ID` varchar(4) DEFAULT NULL,
  `L_ID` varchar(4) DEFAULT NULL,
  `F_NAME` varchar(20) DEFAULT NULL,
  `S_NAME` varchar(25) DEFAULT NULL,
  `M_NAME` varchar(25) DEFAULT NULL
) ENGINE=MyISAM DEFAULT CHARSET=latin1 COLLATE=latin1_swedish_ci PACK_KEYS=1;

--
-- Daten für Tabelle `LIEGT_AN`
--

INSERT INTO `LIEGT_AN` (`id`, `ST_NAME`, `LT_ID`, `L_ID`, `F_NAME`, `S_NAME`, `M_NAME`) VALUES
(1, 'Aarhus', 'DK', 'DK', NULL, NULL, 'Ostsee'),
(2, 'Abidjan', 'CI', 'CI', NULL, NULL, 'Atlantischer_Ozean'),
(3, 'Abu_Dhabi', 'UAE', 'UAE', NULL, NULL, 'Persischer_Golf'),
(4, 'Accra', 'GH', 'GH', NULL, NULL, 'Atlantischer_Ozean'),
(5, 'Addis_Abeba', 'ETH', 'ETH', NULL, NULL, NULL),
(6, 'Adelaide', 'SUE', 'AUS', NULL, NULL, 'Indischer_Ozean'),
(7, 'Aden', 'ADN', 'ADN', NULL, NULL, 'Golf_von_Aden'),
(8, 'Ahwaz', 'KHU', 'IR', 'Karun', NULL, NULL),
(9, 'Ajaccio', 'COR', 'F', NULL, NULL, 'Mittelmeer'),
(10, 'Alexandria', 'ET', 'ET', NULL, NULL, 'Mittelmeer'),
(11, 'Algier', 'DZ', 'DZ', NULL, NULL, 'Mittelmeer'),
(12, 'Aracaju', 'SER', 'BR', NULL, NULL, 'Atlantischer_Ozean'),
(13, 'Archangelsk', 'RSF', 'RUS', 'Noerdliche_Dwina', NULL, NULL),
(14, 'Arendal', 'AA', 'N', NULL, NULL, 'Nordsee'),
(15, 'Aschaffenburg', 'BAY', 'D', 'Main', NULL, NULL),
(16, 'Astrachan', 'RSF', 'RUS', 'Wolga', NULL, NULL),
(17, 'Asuncion', 'PY', 'PY', 'Paraguay', NULL, NULL),
(18, 'Athen', 'GR', 'GR', NULL, NULL, 'Mittelmeer'),
(19, 'Augsburg', 'BAY', 'D', 'Lech', NULL, NULL),
(20, 'Bad_Hersfeld', 'HES', 'D', 'Fulda', NULL, NULL),
(21, 'Bad_Tölz', 'BAY', 'D', 'Isar', NULL, NULL),
(22, 'Baku', 'ASB', 'RUS', NULL, 'Kaspisches_Meer', NULL),
(23, 'Bamako', 'RMM', 'RMM', 'Niger', NULL, NULL),
(24, 'Bangui', 'RCA', 'RCA', 'Ubangi', NULL, NULL),
(25, 'Banjul', 'WAG', 'WAG', NULL, NULL, 'Atlantischer_Ozean'),
(26, 'Basseterre', 'SCN', 'SCN', NULL, NULL, 'Karibisches_Meer'),
(27, 'Baton_Rouge', 'LA', 'USA', 'Mississippi_River', NULL, NULL),
(28, 'Bautzen', 'SA', 'D', 'Spree', NULL, NULL),
(29, 'Beirut', 'RL', 'RL', NULL, NULL, 'Mittelmeer'),
(30, 'Belem', 'PAR', 'BR', NULL, NULL, 'Atlantischer_Ozean'),
(31, 'Belfast', 'NOR', 'GB', NULL, NULL, 'Irische_See'),
(32, 'Bengasi', 'LAR', 'LAR', NULL, NULL, 'Mittelmeer'),
(33, 'Bergen', 'HO', 'N', NULL, NULL, 'Nordsee'),
(34, 'Berlin', 'B', 'D', 'Spree', NULL, NULL),
(35, 'Bernburg', 'SA', 'D', 'Saale', NULL, NULL),
(36, 'Bismarck', 'ND', 'USA', 'Missouri_River', NULL, NULL),
(37, 'Bissau', 'GUB', 'GUB', NULL, NULL, 'Atlantischer_Ozean'),
(38, 'Bodoe', 'NO', 'N', NULL, NULL, 'Europaeisches_Nordmeer'),
(39, 'Bombay', 'MAH', 'IND', NULL, NULL, 'Indischer_Ozean'),
(40, 'Bonn', 'NRW', 'D', 'Rhein', NULL, NULL),
(41, 'Brandenburg', 'BRB', 'D', 'Havel', NULL, NULL),
(42, 'Brazzaville', 'RCB', 'RCB', 'Zaire', NULL, NULL),
(43, 'Bremen', 'HB', 'D', 'Weser', NULL, NULL),
(44, 'Bremerhafen', 'HB', 'D', 'Weser', NULL, NULL),
(45, 'Bridgetown', 'BDS', 'BDS', NULL, NULL, 'Atlantischer_Ozean'),
(46, 'Brisbane', 'QUE', 'AUS', NULL, NULL, 'Pazifischer_Ozean'),
(47, 'Budapest', 'H', 'H', 'Donau', NULL, NULL),
(48, 'Buenos_Aires', 'BUN', 'RA', 'Rio_de_la_Plata', NULL, NULL),
(49, 'Bujumbura', 'BU', 'BU', NULL, 'Tanganjikasee', NULL),
(50, 'Cardiff', 'WAL', 'GB', NULL, NULL, 'Irische_See'),
(51, 'Casablanca', 'MA', 'MA', NULL, NULL, 'Atlantischer_Ozean'),
(52, 'Castries', 'WL', 'WL', NULL, NULL, 'Karibisches_Meer'),
(53, 'Celle', 'NIE', 'D', 'Aller', NULL, NULL),
(54, 'Ceuta', 'CAD', 'E', NULL, NULL, 'Mittelmeer'),
(55, 'Charlottetown', 'PE', 'CDN', NULL, NULL, 'Atlantischer_Ozean'),
(56, 'Chicago', 'IL', 'USA', NULL, 'Lake_Michigan', NULL),
(57, 'Ciudad_de_Panama', 'PA', 'PA', NULL, NULL, 'Pazifischer_Ozean'),
(58, 'Conakry', 'GUI', 'GUI', NULL, NULL, 'Atlantischer_Ozean'),
(59, 'Corrientes', 'CES', 'RA', 'Parana', NULL, NULL),
(60, 'Cottbus', 'BRB', 'D', 'Spree', NULL, NULL),
(61, 'Dakar', 'SN', 'SN', NULL, NULL, 'Atlantischer_Ozean'),
(62, 'Daressalam', 'EAT', 'EAT', NULL, NULL, 'Indischer_Ozean'),
(63, 'Deggendorf', 'BAY', 'D', 'Donau', NULL, NULL),
(64, 'Dessau', 'SA', 'D', 'Elbe', NULL, NULL),
(65, 'Dessau', 'SA', 'D', 'Mulde', NULL, NULL),
(66, 'Detroit', 'MI', 'USA', NULL, 'Lake_Erie', NULL),
(67, 'Dillingen', 'SAR', 'D', 'Saar', NULL, NULL),
(68, 'Djibuti', 'RD', 'RD', NULL, NULL, 'Golf_von_Aden'),
(69, 'Donauwörth', 'BAY', 'D', 'Donau', NULL, NULL),
(70, 'Drammen', 'BU', 'N', NULL, NULL, 'Nordsee'),
(71, 'Dresden', 'SN', 'D', 'Elbe', NULL, NULL),
(72, 'Duala', 'CAM', 'CAM', NULL, NULL, 'Atlantischer_Ozean'),
(73, 'Dubai', 'UAE', 'UAE', NULL, NULL, 'Persischer_Golf'),
(74, 'Dublin', 'IRL', 'IRL', NULL, NULL, 'Irische_See'),
(75, 'Duesseldorf', 'NRW', 'D', 'Rhein', NULL, NULL),
(76, 'Duisburg', 'NRW', 'D', 'Rhein', NULL, NULL),
(77, 'Durres', 'AL', 'AL', NULL, NULL, 'Mittelmeer'),
(78, 'Eilenburg', 'SN', 'D', 'Mulde', NULL, NULL),
(79, 'El_Alaiun', 'DARS', 'DARS', NULL, NULL, NULL),
(80, 'Emden', 'NIE', 'D', 'Ems', NULL, NULL),
(81, 'Emsdetten', 'NRW', 'D', 'Ems', NULL, NULL),
(82, 'Esbjerg', 'DK', 'DK', NULL, NULL, 'Nordsee'),
(83, 'Espoo', 'UUS', 'SF', NULL, NULL, 'Ostsee'),
(84, 'Flensburg', 'SWH', 'D', NULL, NULL, 'Ostsee'),
(85, 'Florianopolis', 'SAN', 'BR', NULL, NULL, 'Atlantischer_Ozean'),
(86, 'Formosa', 'FOR', 'RA', 'Paraguay', NULL, NULL),
(87, 'Forst', 'BRB', 'D', 'Neiße', NULL, NULL),
(88, 'Fortaleza', 'CEA', 'BR', NULL, NULL, 'Atlantischer_Ozean'),
(89, 'Frankfurt/M', 'HES', 'D', 'Main', NULL, NULL),
(90, 'Frankfurt/O', 'BRB', 'D', 'Oder', NULL, NULL),
(91, 'Freetown', 'WAL', 'WAL', NULL, NULL, 'Atlantischer_Ozean'),
(92, 'Friedrichshafen', 'BAW', 'D', NULL, 'Bodensee', NULL),
(93, 'Fulda', 'HES', 'D', 'Fulda', NULL, NULL),
(94, 'Fürstenwalde', 'BRB', 'D', 'Spree', NULL, NULL),
(95, 'Füssen', 'BAY', 'D', NULL, 'Forggensee', NULL),
(96, 'Gabarone', 'RB', 'RB', NULL, NULL, NULL),
(97, 'Gaevle', 'X', 'S', NULL, NULL, 'Ostsee'),
(98, 'Georgetown', 'GUY', 'GUY', NULL, NULL, 'Atlantischer_Ozean'),
(99, 'Goeteborg', 'O', 'S', 'Goetaaelv', NULL, 'Ostsee'),
(100, 'Grimma', 'SN', 'D', 'Mulde', NULL, NULL),
(101, 'Guayaquil', 'EC', 'EC', NULL, NULL, 'Pazifischer_Ozean'),
(102, 'Görlitz', 'SN', 'D', 'Neiße', NULL, NULL),
(103, 'Göttingen', 'NIE', 'D', 'Leine', NULL, NULL),
(104, 'Haernoesand', 'Y', 'S', NULL, NULL, 'Ostsee'),
(105, 'Hafnarfjoerdur', 'IS', 'IS', NULL, NULL, 'Atlantischer_Ozean'),
(106, 'Halifax', 'NS', 'CDN', NULL, NULL, 'Atlantischer_Ozean'),
(107, 'Halle', 'SA', 'D', 'Saale', NULL, NULL),
(108, 'Halmstad', 'N', 'S', NULL, NULL, 'Ostsee'),
(109, 'Hamar', 'HE', 'N', NULL, 'Mjoesensee', NULL),
(110, 'Hamburg', 'HH', 'D', 'Elbe', NULL, NULL),
(111, 'Hameln', 'NIE', 'D', 'Weser', NULL, NULL),
(112, 'Hartford', 'CT', 'USA', 'Connecticut_River', NULL, NULL),
(113, 'Havanna', 'C', 'C', NULL, NULL, 'Golf_von_Mexiko'),
(114, 'Heilbronn', 'BAW', 'D', 'Neckar', NULL, NULL),
(115, 'Helsinki', 'UUS', 'SF', NULL, NULL, 'Ostsee'),
(116, 'Honolulu', 'HI', 'USA', NULL, NULL, 'Pazifischer_Ozean'),
(117, 'Höxter', 'NRW', 'D', 'Weser', NULL, NULL),
(118, 'Ingolstadt', 'BAY', 'D', 'Donau', NULL, NULL),
(119, 'Iquitos', 'PE', 'PE', 'Amazonas', NULL, NULL),
(120, 'Irkutsk', 'RSF', 'RUS', NULL, 'Baikalsee', NULL),
(121, 'Jaunde', 'CAM', 'CAM', NULL, NULL, NULL),
(122, 'Jefferson_City', 'MO', 'USA', 'Missouri_River', NULL, NULL),
(123, 'Jena', 'TH', 'D', 'Saale', NULL, NULL),
(124, 'Joao_Pessoa', 'PBA', 'BR', NULL, NULL, 'Atlantischer_Ozean'),
(125, 'Joenkoeping', 'F', 'S', NULL, 'Vaettersee', NULL),
(126, 'Joensuu', 'NKA', 'SF', NULL, 'Orisee', NULL),
(127, 'Johannesburg', 'RSA', 'RSA', NULL, NULL, NULL),
(128, 'Jyvaeskylae', 'MFI', 'SF', NULL, 'Paeijaenne', NULL),
(129, 'Kairo', 'ET', 'ET', 'Nil', NULL, 'Mittelmeer'),
(130, 'Kalmar', 'H', 'S', NULL, NULL, 'Ostsee'),
(131, 'Kampala', 'EAU', 'EAU', NULL, 'Victoriasee', NULL),
(132, 'Kansas_City', 'MO', 'USA', 'Missouri_River', NULL, NULL),
(133, 'Kapstadt', 'RSA', 'RSA', NULL, NULL, 'Atlantischer_Ozean'),
(134, 'Karlskrona', 'K', 'S', NULL, NULL, 'Ostsee'),
(135, 'Karlsruhe', 'BAW', 'D', 'Rhein', NULL, NULL),
(136, 'Karlstad', 'S', 'S', 'Klaraelv', 'Vaenersee', NULL),
(137, 'Kassel', 'HES', 'D', 'Fulda', NULL, NULL),
(138, 'Kempten', 'BAY', 'D', 'Iller', NULL, NULL),
(139, 'Khartum', 'EAS', 'EAS', 'Nil', NULL, NULL),
(140, 'Kiel', 'SWH', 'D', NULL, NULL, 'Ostsee'),
(141, 'Kiew', 'UA', 'UA', 'Dnepr', NULL, NULL),
(142, 'Kigali', 'RWA', 'RWA', NULL, NULL, NULL),
(143, 'Kingston', 'JA', 'JA', NULL, NULL, 'Karibisches_Meer'),
(144, 'Kingstown', 'WV', 'WV', NULL, NULL, 'Karibisches_Meer'),
(145, 'Kinshasa', 'ZRE', 'ZRE', 'Zaire', NULL, NULL),
(146, 'Koblenz', 'RPF', 'D', 'Rhein', NULL, NULL),
(147, 'Koblenz', 'RPF', 'D', 'Mosel', NULL, NULL),
(148, 'Konstanz', 'BAW', 'D', NULL, 'Bodensee', NULL),
(149, 'Konz', 'SAR', 'D', 'Saar', NULL, NULL),
(150, 'Konz', 'SAR', 'D', 'Mosel', NULL, NULL),
(151, 'Kopenhagen', 'DK', 'DK', NULL, NULL, 'Ostsee'),
(152, 'Kotka', 'KYM', 'SF', NULL, NULL, 'Ostsee'),
(153, 'Krasnojarsk', 'RSF', 'RUS', 'Jenissej', NULL, NULL),
(154, 'Kristiansand', 'VA', 'N', NULL, NULL, 'Nordsee'),
(155, 'Kuibyschew', 'RSF', 'RUS', 'Wolga', NULL, NULL),
(156, 'Kuopio', 'KUO', 'SF', NULL, 'Kallasee', NULL),
(157, 'Kuwait_City', 'KT', 'KT', NULL, NULL, 'Persischer_Golf'),
(158, 'Köln', 'NRW', 'D', 'Rhein', NULL, NULL),
(159, 'Lagos', 'WAN', 'WAN', NULL, NULL, 'Atlantischer_Ozean'),
(160, 'Lahti', 'HAE', 'SF', NULL, 'Paeijaenne', NULL),
(161, 'Landsberg', 'BAY', 'D', 'Lech', NULL, NULL),
(162, 'Landshut', 'BAY', 'D', 'Isar', NULL, NULL),
(163, 'Lappeenrenta', 'KYM', 'SF', NULL, 'Saimasee', NULL),
(164, 'Leningrad', 'RSF', 'RUS', 'Newa', NULL, 'Ostsee'),
(165, 'Leverkusen', 'NRW', 'D', 'Rhein', NULL, NULL),
(166, 'Libreville', 'GAB', 'GAB', NULL, NULL, 'Atlantischer_Ozean'),
(167, 'Lillehammer', 'OP', 'N', NULL, 'Mjoesensee', NULL),
(168, 'Lindau', 'BAW', 'D', NULL, 'Bodensee', NULL),
(169, 'Lingen', 'NIE', 'D', 'Ems', NULL, NULL),
(170, 'Little_Rock', 'AR', 'USA', 'Arkansas_River', NULL, NULL),
(171, 'Lobito', 'RPA', 'RPA', NULL, NULL, 'Atlantischer_Ozean'),
(172, 'Lome', 'TG', 'TG', NULL, NULL, 'Atlantischer_Ozean'),
(173, 'London', 'ENG', 'GB', 'Themse', NULL, NULL),
(174, 'Los_Angeles', 'CA', 'USA', NULL, NULL, 'Pazifischer_Ozean'),
(175, 'Luanda', 'RPA', 'RPA', NULL, NULL, 'Atlantischer_Ozean'),
(176, 'Ludwigshafen', 'RPF', 'D', 'Rhein', NULL, NULL),
(177, 'Luleo', 'BD', 'S', NULL, NULL, 'Ostsee'),
(178, 'Lusaka', 'Z', 'Z', NULL, NULL, NULL),
(179, 'Lutherstadt_Wittenberg', 'SA', 'D', 'Elbe', NULL, NULL),
(180, 'Lyon', 'RHO', 'F', 'Rhone', NULL, NULL),
(181, 'Macao', 'MAC', 'P', NULL, NULL, 'Suedchinesisches_Meer'),
(182, 'Macapa', 'APA', 'BR', 'Amazonas', NULL, NULL),
(183, 'Maceio', 'ALA', 'BR', NULL, NULL, 'Atlantischer_Ozean'),
(184, 'Madras', 'TAN', 'IND', NULL, NULL, 'Indischer_Ozean'),
(185, 'Magdeburg', 'SA', 'D', 'Elbe', NULL, NULL),
(186, 'Mainz', 'RPF', 'D', 'Rhein', NULL, NULL),
(187, 'Malmoe', 'M', 'S', NULL, NULL, 'Ostsee'),
(188, 'Managua', 'NIC', 'NIC', NULL, 'Nicaragua_See', NULL),
(189, 'Manama', 'BRN', 'BRN', NULL, NULL, 'Persischer_Golf'),
(190, 'Manaus', 'AMA', 'BR', 'Amazonas', NULL, NULL),
(191, 'Mannheim', 'BAW', 'D', 'Neckar', NULL, NULL),
(192, 'Mannheim', 'BAW', 'D', 'Rhein', NULL, NULL),
(193, 'Mannheim', 'BAW', 'D', 'Neckar', NULL, NULL),
(194, 'Maputo', 'MOS', 'MOS', NULL, NULL, 'Indischer_Ozean'),
(195, 'Maracaibo', 'YV', 'YV', NULL, 'Maracaibo_See', 'Karibisches_Meer'),
(196, 'Mariestad', 'R', 'S', NULL, 'Vaenersee', NULL),
(197, 'Marseille', 'PRO', 'F', NULL, NULL, 'Mittelmeer'),
(198, 'Maseru', 'LS', 'LS', NULL, NULL, NULL),
(199, 'Mbabane', 'SD', 'SD', NULL, NULL, NULL),
(200, 'Meiningen', 'TH', 'D', 'Werra', NULL, NULL),
(201, 'Meißen', 'SN', 'D', 'Elbe', NULL, NULL),
(202, 'Melbourne', 'VIC', 'AUS', NULL, NULL, 'Pazifischer_Ozean'),
(203, 'Melilla', 'CAD', 'E', NULL, NULL, 'Mittelmeer'),
(204, 'Meppen', 'NIE', 'D', 'Ems', NULL, NULL),
(205, 'Merseburg', 'SA', 'D', 'Saale', NULL, NULL),
(206, 'Miami', 'FL', 'USA', NULL, NULL, 'Atlantischer_Ozean'),
(207, 'Mikkeli', 'MIK', 'SF', NULL, 'Saimasee', NULL),
(208, 'Minden', 'NIE', 'D', 'Weser', NULL, NULL),
(209, 'Mmabatho', 'JB', 'JB', NULL, NULL, NULL),
(210, 'Mogadischu', 'SP', 'SP', NULL, NULL, 'Indischer_Ozean'),
(211, 'Molde', 'MR', 'N', NULL, NULL, 'Europaeisches_Nordmeer'),
(212, 'Mombasa', 'EAK', 'EAK', NULL, NULL, 'Indischer_Ozean'),
(213, 'Monaco-Ville', 'MC', 'MC', NULL, NULL, 'Mittelmeer'),
(214, 'Monrovia', 'LB', 'LB', NULL, NULL, 'Atlantischer_Ozean'),
(215, 'Montevideo', 'U', 'U', 'Rio_de_la_Plata', NULL, 'Atlantischer_Ozean'),
(216, 'Montreal', 'PQ', 'CDN', 'St._Lorenzstrom', NULL, NULL),
(217, 'Moroni', 'KOM', 'KOM', NULL, NULL, 'Indischer_Ozean'),
(218, 'Moss', 'OES', 'N', NULL, NULL, 'Nordsee'),
(219, 'Mühldorf', 'BAY', 'D', 'Inn', NULL, NULL),
(220, 'München', 'BAY', 'D', 'Isar', NULL, NULL),
(221, 'Nantes', 'PAY', 'F', 'Loire', NULL, NULL),
(222, 'Narvik', 'NO', 'N', NULL, NULL, 'Europaeisches_Nordmeer'),
(223, 'Nassau', 'BS', 'BS', NULL, NULL, 'Atlantischer_Ozean'),
(224, 'Natal', 'RGN', 'BR', NULL, NULL, 'Atlantischer_Ozean'),
(225, 'NDjamena', 'TCH', 'TCH', 'Schari', NULL, NULL),
(226, 'Neubrandenburg', 'MV', 'D', NULL, 'Tollensesee', NULL),
(227, 'Neuburg', 'BAY', 'D', 'Donau', NULL, NULL),
(228, 'New_York', 'NY', 'USA', 'Hudson_River', NULL, NULL),
(229, 'New_York', 'NY', 'USA', NULL, NULL, 'Atlantischer_Ozean'),
(230, 'Niamey', 'RN', 'RN', 'Niger', NULL, NULL),
(231, 'Nienburg', 'NIE', 'D', 'Weser', NULL, NULL),
(232, 'Nuakschott', 'RIM', 'RIM', NULL, NULL, NULL),
(233, 'Nuuk', 'GR', 'DK', NULL, NULL, 'Atlantischer_Ozean'),
(234, 'Oran', 'DZ', 'DZ', NULL, NULL, 'Mittelmeer'),
(235, 'Orleans', 'CEN', 'F', 'Loire', NULL, NULL),
(236, 'Oslo', 'OS', 'N', NULL, NULL, 'Nordsee'),
(237, 'Oslo', 'AK', 'N', NULL, NULL, 'Nordsee'),
(238, 'Ouagadougou', 'BF', 'BF', NULL, NULL, NULL),
(239, 'Oulu', 'OUL', 'SF', 'Oulujoki', NULL, 'Ostsee'),
(240, 'Panaji', 'GDD', 'IND', NULL, NULL, 'Indischer_Ozean'),
(241, 'Paramaribo', 'SME', 'SME', NULL, NULL, 'Atlantischer_Ozean'),
(242, 'Parana', 'ENT', 'RA', 'Parana', NULL, NULL),
(243, 'Paris', 'ILE', 'F', 'Seine', NULL, NULL),
(244, 'Passau', 'BAY', 'D', 'Donau', NULL, NULL),
(245, 'Passau', 'BAY', 'D', 'Inn', NULL, NULL),
(246, 'Perth', 'WES', 'AUS', NULL, NULL, 'Indischer_Ozean'),
(247, 'Pierre', 'SD', 'USA', 'Missouri_River', NULL, NULL),
(248, 'Pori', 'TUP', 'SF', 'Kokemaeenjoki', NULL, NULL),
(249, 'Porto_Alegre', 'RGS', 'BR', NULL, NULL, 'Atlantischer_Ozean'),
(250, 'Porto_Novo', 'RPB', 'RPB', NULL, NULL, NULL),
(251, 'Port_au_Prince', 'RH', 'RH', NULL, NULL, 'Karibisches_Meer'),
(252, 'Port_Blair', 'ANI', 'IND', NULL, NULL, 'Indischer_Ozean'),
(253, 'Port_Louis', 'MS', 'MS', NULL, NULL, 'Indischer_Ozean'),
(254, 'Port_of_Spain', 'TT', 'TT', NULL, NULL, 'Atlantischer_Ozean'),
(255, 'Posadas', 'MIS', 'RA', 'Parana', NULL, NULL),
(256, 'Potsdam', 'BRB', 'D', 'Havel', NULL, NULL),
(257, 'Prag', 'CZ', 'CZ', 'Moldau', NULL, NULL),
(258, 'Praia', 'KAP', 'KAP', NULL, NULL, 'Atlantischer_Ozean'),
(259, 'Pretoria', 'RSA', 'RSA', NULL, NULL, NULL),
(260, 'Providence', 'RI', 'USA', NULL, NULL, 'Atlantischer_Ozean'),
(261, 'Quebec', 'PQ', 'CDN', 'St._Lorenzstrom', NULL, NULL),
(262, 'Rabat', 'MA', 'MA', NULL, NULL, 'Atlantischer_Ozean'),
(263, 'Rasht', 'GIL', 'IR', NULL, 'Kaspisches_Meer', NULL),
(264, 'Rathenow', 'BRB', 'D', 'Havel', NULL, NULL),
(265, 'Recife', 'PER', 'BR', NULL, NULL, 'Atlantischer_Ozean'),
(266, 'Regensburg', 'BAY', 'D', 'Donau', NULL, NULL),
(267, 'Resistencia', 'CHA', 'RA', 'Parana', NULL, NULL),
(268, 'Reykjavik', 'IS', 'IS', NULL, NULL, 'Atlantischer_Ozean'),
(269, 'Rheine', 'NRW', 'D', 'Ems', NULL, NULL),
(270, 'Riedlingen', 'BAW', 'D', 'Donau', NULL, NULL),
(271, 'Riesa', 'SN', 'D', 'Elbe', NULL, NULL),
(272, 'Riga', 'LT', 'LT', 'Westliche_Dwina', NULL, 'Ostsee'),
(273, 'Rio_de_Janeiro', 'RIO', 'BR', NULL, NULL, 'Atlantischer_Ozean'),
(274, 'Rosario', 'SFE', 'RA', 'Parana', NULL, NULL),
(275, 'Roseau', 'WD', 'WD', NULL, NULL, 'Karibisches_Meer'),
(276, 'Rosenheim', 'BAY', 'D', 'Inn', NULL, NULL),
(277, 'Rostock', 'MV', 'D', NULL, NULL, 'Ostsee'),
(278, 'Rouen', 'HAU', 'F', 'Seine', NULL, NULL),
(279, 'Rovaniemi', 'LAP', 'SF', 'Ounasjoki', NULL, NULL),
(280, 'Rovaniemi', 'LAP', 'SF', 'Kemijoki', NULL, NULL),
(281, 'Saarbrücken', 'SAR', 'D', 'Saar', NULL, NULL),
(282, 'Saarlouis', 'SAR', 'D', 'Saar', NULL, NULL),
(283, 'Saint_Georges', 'WG', 'WG', NULL, NULL, 'Karibisches_Meer'),
(284, 'Saint_Johns', 'AUB', 'AUB', NULL, NULL, 'Karibisches_Meer'),
(285, 'Salisbury', 'ZW', 'ZW', NULL, NULL, NULL),
(286, 'Salt_Lake_City', 'UT', 'USA', NULL, 'Great_Salt_Lake', NULL),
(287, 'Salvador', 'BAH', 'BR', NULL, NULL, 'Atlantischer_Ozean'),
(288, 'Santa_Fe', 'SFE', 'RA', 'Parana', NULL, NULL),
(289, 'Santo_Domingo', 'DOM', 'DOM', NULL, NULL, 'Karibisches_Meer'),
(290, 'San_Diego', 'CA', 'USA', NULL, NULL, 'Pazifischer_Ozean'),
(291, 'San_Francisco', 'CA', 'USA', NULL, NULL, 'Pazifischer_Ozean'),
(292, 'Sao_Luis', 'MAR', 'BR', NULL, NULL, 'Atlantischer_Ozean'),
(293, 'Sao_Tome', 'SAO', 'SAO', NULL, NULL, 'Atlantischer_Ozean'),
(294, 'Schwedt', 'BRB', 'D', 'Oder', NULL, NULL),
(295, 'Schweinfurt', 'BAY', 'D', 'Main', NULL, NULL),
(296, 'Schwerin', 'MV', 'D', NULL, 'Schweriner_See', NULL),
(297, 'Shkoder', 'AL', 'AL', NULL, 'Skutarisee', NULL),
(298, 'Siegmaringen', 'BAW', 'D', 'Donau', NULL, NULL),
(299, 'St._Johns', 'NF', 'CDN', NULL, NULL, 'Atlantischer_Ozean'),
(300, 'St._Louis', 'MO', 'USA', 'Mississippi_River', NULL, NULL),
(301, 'St._Louis', 'MO', 'USA', 'Missouri_River', NULL, NULL),
(302, 'St._Paul', 'MN', 'USA', 'Mississippi_River', NULL, NULL),
(303, 'Sta._Isabel', 'RGE', 'RGE', NULL, NULL, NULL),
(304, 'Starnberg', 'BAY', 'D', NULL, 'Starnberger_See', NULL),
(305, 'Stavanger', 'RO', 'N', NULL, NULL, 'Nordsee'),
(306, 'Steinkjer', 'NT', 'N', NULL, NULL, 'Europaeisches_Nordmeer'),
(307, 'Stockholm', 'AB', 'S', NULL, 'Maelarsee', 'Ostsee'),
(308, 'Stralsund', 'MV', 'D', NULL, NULL, 'Ostsee'),
(309, 'Straubing', 'BAY', 'D', 'Donau', NULL, NULL),
(310, 'Stuttgart', 'BAW', 'D', 'Neckar', NULL, NULL),
(311, 'Svolvaer', 'NO', 'N', NULL, NULL, 'Europaeisches_Nordmeer'),
(312, 'Sydney', 'NSW', 'AUS', NULL, NULL, 'Pazifischer_Ozean'),
(313, 'Tallinn', 'EST', 'EST', NULL, NULL, 'Ostsee'),
(314, 'Tampere', 'HAE', 'SF', NULL, 'Naesisee', NULL),
(315, 'Tbilissi', 'GEO', 'RUS', 'Kura', NULL, NULL),
(316, 'Thorshavn', 'FA', 'DK', NULL, NULL, 'Atlantischer_Ozean'),
(317, 'Torgau', 'SN', 'D', 'Elbe', NULL, NULL),
(318, 'Toronto', 'ON', 'CDN', NULL, 'Lake_Ontario', NULL),
(319, 'Toulouse', 'MID', 'F', 'Garonne', NULL, NULL),
(320, 'Trier', 'SAR', 'D', 'Mosel', NULL, NULL),
(321, 'Tripolis', 'LAR', 'LAR', NULL, NULL, 'Mittelmeer'),
(322, 'Trivandrum', 'KER', 'IND', NULL, NULL, 'Indischer_Ozean'),
(323, 'Tromsoe', 'TR', 'N', NULL, NULL, 'Europaeisches_Nordmeer'),
(324, 'Trondheim', 'ST', 'N', NULL, NULL, 'Europaeisches_Nordmeer'),
(325, 'Tunis', 'TN', 'TN', NULL, NULL, 'Mittelmeer'),
(326, 'Turku', 'TUP', 'SF', NULL, NULL, 'Ostsee'),
(327, 'Tübingen', 'BAW', 'D', 'Neckar', NULL, NULL),
(328, 'Ulm', 'BAW', 'D', 'Donau', NULL, NULL),
(329, 'Ulm', 'BAW', 'D', 'Iller', NULL, NULL),
(330, 'Umeo', 'AC', 'S', 'Umeaelv', NULL, NULL),
(331, 'Vaasa', 'VAA', 'SF', NULL, NULL, 'Ostsee'),
(332, 'Vadsoe', 'FI', 'N', NULL, NULL, 'Barentssee'),
(333, 'Vaenersborg', 'P', 'S', 'Goetaaelv', 'Vaenersee', NULL),
(334, 'Vaesteros', 'U', 'S', NULL, 'Maelarsee', NULL),
(335, 'Valletta', 'M', 'M', NULL, NULL, 'Mittelmeer'),
(336, 'Valparaiso', 'RCH', 'RCH', NULL, NULL, 'Pazifischer_Ozean'),
(337, 'Vancouver', 'BC', 'CDN', NULL, NULL, 'Pazifischer_Ozean'),
(338, 'Victoria', 'SY', 'SY', NULL, NULL, 'Indischer_Ozean'),
(339, 'Victoria', 'BC', 'CDN', NULL, NULL, 'Pazifischer_Ozean'),
(340, 'Visby', 'I', 'S', NULL, NULL, 'Ostsee'),
(341, 'Vitoria', 'ESP', 'BR', NULL, NULL, 'Atlantischer_Ozean'),
(342, 'Vlore', 'AL', 'AL', NULL, NULL, 'Mittelmeer'),
(343, 'Völklingen', 'SAR', 'D', 'Saar', NULL, NULL),
(344, 'Waldshut_Tiengen', 'BAW', 'D', 'Rhein', NULL, NULL),
(345, 'Waren', 'MV', 'D', NULL, 'Müritz', NULL),
(346, 'Warendorf', 'NRW', 'D', 'Ems', NULL, NULL),
(347, 'Warschau', 'PL', 'PL', 'Weichsel', NULL, NULL),
(348, 'Weisenfels', 'SA', 'D', 'Saale', NULL, NULL),
(349, 'Wellington', 'NZ', 'NZ', NULL, NULL, 'Pazifischer_Ozean'),
(350, 'Wilhelmshafen', 'NIE', 'D', NULL, NULL, 'Nordsee'),
(351, 'Windhuk', 'SWA', 'SWA', NULL, NULL, NULL),
(352, 'Wladiwostok', 'RSF', 'RUS', NULL, NULL, 'Japanisches_Meer'),
(353, 'Worms', 'RPF', 'D', 'Rhein', NULL, NULL),
(354, 'Wurzen', 'SN', 'D', 'Mulde', NULL, NULL),
(355, 'Würzburg', 'BAY', 'D', 'Main', NULL, NULL),
(356, 'Yellowknife', 'NW', 'CDN', NULL, 'Great_Slave_Lake', NULL),
(357, 'Zittau', 'SN', 'D', 'Neiße', NULL, NULL);

-- --------------------------------------------------------

--
-- Tabellenstruktur für Tabelle `MEER`
--

CREATE TABLE `MEER` (
  `M_NAME` varchar(25) NOT NULL DEFAULT '',
  `TIEFE` double(16,4) DEFAULT NULL
) ENGINE=MyISAM DEFAULT CHARSET=latin1 COLLATE=latin1_swedish_ci PACK_KEYS=1;

--
-- Daten für Tabelle `MEER`
--

INSERT INTO `MEER` (`M_NAME`, `TIEFE`) VALUES
('Arabisches_Meer', 5203.0000),
('Asowsches_Meer', 100.0000),
('Atlantischer_Ozean', 9219.0000),
('Barentssee', 200.0000),
('Beringmeer', 4096.0000),
('Europaeisches_Nordmeer', 3860.0000),
('Gelbes_Meer', 200.0000),
('Golf_von_Aden', 5143.0000),
('Golf_von_Mexiko', 4375.0000),
('Golf_von_Oman', 830.0000),
('Indischer_Ozean', 6400.0000),
('Irische_See', 272.0000),
('Japanisches_Meer', 4036.0000),
('Karasee', 118.0000),
('Karibisches_Meer', 7240.0000),
('Laptewsee', 200.0000),
('Mittelmeer', 5121.0000),
('Nordpolarmeer', 5220.0000),
('Nordsee', 200.0000),
('Ochotskisches_Meer', 1644.0000),
('Ostchinesisches_Meer', 2370.0000),
('Ostsee', 459.0000),
('Ostsibirische_See', 200.0000),
('Pazifischer_Ozean', 11034.0000),
('Persischer_Golf', 102.0000),
('Rotes_Meer', 2635.0000),
('Schwarzes_Meer', 2211.0000),
('Suedchinesisches_Meer', 5420.0000),
('Tschuktschensee', 100.0000),
('Weisses_Meer', 200.0000);

-- --------------------------------------------------------

--
-- Tabellenstruktur für Tabelle `ORGANISATION`
--

CREATE TABLE `ORGANISATION` (
  `id` int(11) NOT NULL,
  `O_NAME` varchar(70) DEFAULT NULL,
  `ABKUERZUNG` varchar(20) DEFAULT NULL
) ENGINE=MyISAM DEFAULT CHARSET=latin1 COLLATE=latin1_swedish_ci PACK_KEYS=1;

--
-- Daten für Tabelle `ORGANISATION`
--

INSERT INTO `ORGANISATION` (`id`, `O_NAME`, `ABKUERZUNG`) VALUES
(1, 'Arabische Liga', 'AJA'),
(2, 'Abkommen der EWG mit Staaten Afrikas der Karibik und des Pazifiks', 'AKP'),
(3, 'Lateinamerikanische Integrationsvereinbarung', 'ALADI'),
(4, 'Pazifikpakt zwischen Australien, Neuseeland und den USA', 'ANZUS'),
(5, 'Asiatische Entwicklungsbank', 'ASDB'),
(6, 'Verband Südostasiatischer Nationen', 'ASEAN'),
(7, 'Bank für internationalen Zahlungsausgleich', 'BIZ'),
(8, 'Lateinamerikanische Exportbank', 'BLADEX'),
(9, 'Karibischer Gemeinsamer Markt', 'CARICOM'),
(10, 'Zollkooperationsrat', 'CCC'),
(11, 'Westafrikanische Wirtschaftsgemeinschaft', 'CEAO'),
(12, 'Europäische Post- und Fernmeldeministerkonferenz', 'CEPT'),
(13, 'Intergouvernementaler Rat der kupferexportierenden Länder', 'CIPEC'),
(14, 'Commonwealth', 'COMMONWEALTH'),
(15, 'Conseil de l\'Ent', 'Conseil_de_l\'Ent'),
(16, 'Wirtschaftskommission für Afrika der UNO', 'ECA'),
(17, 'Wirtschaftskommission für Europa der UNO', 'ECE'),
(18, 'Wirtschaftskommission für Lateinamerika und der Karibik der UNO', 'ECLAC'),
(19, 'Wirtschaftsgemeinschaft Westafrikanischer Staaten', 'ECOWAS'),
(20, 'Europäische Freihandelsassoziation', 'EFTA'),
(21, 'Europäisches Patentamt', 'EPA'),
(22, 'Europarat', 'ER'),
(23, 'Europäische Weltraumorganisation', 'ESA'),
(24, 'Wirtschafts- und Sozialkommission für Ostasien und den Pazifik', 'ESCAP'),
(25, 'Europäische Union', 'EU'),
(26, 'Europäische Forschungs-Kooperations-Agentur', 'EUREKA'),
(27, 'Europäische Wirtschaftgemeinschaft', 'EWG'),
(28, 'Europäisches Währungssystem', 'EWS'),
(29, 'Gruppe der Acht', 'G-8'),
(30, 'Allgemeines Zoll- und Handelsabkommen', 'GATT'),
(31, 'Interamerikanische Entwicklungsbank', 'IADB'),
(32, 'Internationale Kakaoorganisation', 'ICCO'),
(33, 'Zwischenstaatliches Auswanderungskommitee', 'ICM'),
(34, 'Islamische Weltorganisation oder Internationale Kaffeeorganisation', 'ICO'),
(35, 'Internationale Energieagentur der OECD', 'IEA'),
(36, 'Interparlamentarische Union', 'IPU'),
(37, 'Neuseeländisch-Australisches Freihandelsabkommen', 'NAFTA'),
(38, 'Organisation des Nordatlantikvertrags', 'NATO'),
(39, 'Nordischer Ministerrat', 'NMR'),
(40, 'Nordischer Rat', 'NR'),
(41, 'Arabische Erdölexportländer-Organisation', 'OAPEC'),
(42, 'Organisation Amerikanischer Staaten', 'OAS'),
(43, 'Organisation der Afrikanischen Einheit', 'OAU'),
(44, 'Organisation für wirtschaftliche Zusammenarbeit und Entwicklung', 'OECD'),
(45, 'Senegalfluß-Organisation', 'OMVS'),
(46, 'Organisation Erdölexportierender Länder', 'OPEC'),
(47, 'Südafrikanische Wirtschafts- und Währungsunion', 'SEAMEO'),
(48, 'Lateinamerikanisches Wirtschaftssystem', 'SELA'),
(49, 'Südpazifikkommission', 'SPC'),
(50, 'Wirtschaftorganisation des SPC', 'SPEC'),
(51, 'Südpazifisches Forum', 'SPF'),
(52, 'Zentralafrikanische Zoll- uund Wirtschaftsgemeinschaft', 'UDEAC'),
(53, 'Westafrikanische Währungsunion', 'UMOA'),
(54, 'Konferenz für Handel und Entwicklung der UNO', 'UNCTAD'),
(55, 'Institut für Ausbildung und Forschung', 'UNITAR'),
(56, 'Organisation der Vereinten Nationen', 'UNO'),
(57, 'Westeuropäische Union', 'WEU');

-- --------------------------------------------------------

--
-- Tabellenstruktur für Tabelle `SEE`
--

CREATE TABLE `SEE` (
  `S_NAME` varchar(25) DEFAULT NULL,
  `TIEFE` double(16,4) DEFAULT NULL,
  `FLAECHE` double(16,4) DEFAULT NULL
) ENGINE=MyISAM DEFAULT CHARSET=latin1 COLLATE=latin1_swedish_ci PACK_KEYS=1;

--
-- Daten für Tabelle `SEE`
--

INSERT INTO `SEE` (`S_NAME`, `TIEFE`, `FLAECHE`) VALUES
('Abayasee', 13.0000, 1150.0000),
('Albertsee', 48.0000, 5400.0000),
('Amadeussee', NULL, 880.0000),
('Aralsee', 67.0000, 62155.0000),
('Arresee', NULL, 41.0000),
('Assalesee', 173.0000, 54.0000),
('Baikalsee', 1620.0000, 31500.0000),
('Balaton', 11.0000, 106.0000),
('Balchaschsee', 26.0000, 18200.0000),
('Bangweulusee', 4.0000, 10000.0000),
('Bodensee', 252.0000, 538.0000),
('Cabora-Bassa-See', 171.0000, 2800.0000),
('Chankasee', 10.0000, 4400.0000),
('Chickamauga-Lake', 38.3000, 53845.8500),
('Chilwasee', 0.9000, 2513.0000),
('Comer_See', 410.0000, 146.0000),
('Disappointment-See', NULL, 330.0000),
('Eduardsee', 117.0000, 2200.0000),
('Ejassisee', NULL, NULL),
('Etoschapfanne', NULL, NULL),
('Eyre_See', 1.5000, 9300.0000),
('F.D.R._Lake', NULL, NULL),
('Gardasee', 346.0000, 370.0000),
('Genfer_See', 310.0000, 581.0000),
('Great_Bear_Lake', NULL, 31792.0000),
('Great_Salt_Lake', 8.0000, 2600.0000),
('Great_Slave_Lake', 627.0000, 28438.0000),
('Hamune_Jazmurian_See', NULL, 1097.0000),
('Inarisee', 95.0000, 1085.0000),
('Issyk-Kul', 702.0000, 6280.0000),
('Kainji-Stausee', NULL, 1000.0000),
('Kallasee', 102.0000, 900.0000),
('Karibasee', 128.0000, 520000.0000),
('Kaspisches_Meer', 995.0000, 424200.0000),
('Kentucky_Lake', 62.7800, 648.0000),
('Kyogasee', 3.0000, 1720.0000),
('Kiwusee', 80.0000, 2650.0000),
('Ladogasee', 230.0000, 18400.0000),
('Lago_de_Chapala', 12.0000, 1500.0000),
('Lago_Maggiore', 372.0000, 216.0000),
('Lake_Erie', 64.0000, 25612.0000),
('Lake_Huron', 228.0000, 61797.0000),
('Lake_Meade', 7.6200, 637.0000),
('Lake_Michigan', 281.0000, 58000.0000),
('Lake_Nipigon', NULL, 4843.0000),
('Lake_Okeechobee', 5.0000, 1813.0000),
('Lake_Ontario', 236.0000, 18941.0000),
('Lake_Powell', NULL, NULL),
('Lake_Superior', 406.0000, 84131.0000),
('Lake_Tahoe', 84.0000, 500.0000),
('Lake_Williston', NULL, 1.7610),
('Lake_Winnipeg', 21.0000, 24514.0000),
('Lake_Winnipesaukee', NULL, 186.5000),
('Leopold2-See', NULL, NULL),
('M\'Bakau-Stausee', NULL, NULL),
('Mackay_See', NULL, NULL),
('Maelarsee', 60.0000, 1140.0000),
('Makarikarisalzpfanne', NULL, NULL),
('Maracaibo_See', 6.0000, 3600.0000),
('Mjoesensee', 449.0000, 368.0000),
('Mwerusee', 18.0000, 4920.0000),
('Naesisee', NULL, 250.0000),
('Namak_See', NULL, 1806.0000),
('Nassersee', 25.0000, 5250.0000),
('Natronsee', NULL, NULL),
('Ngamisee', NULL, 650.0000),
('Nicaragua_See', 70.0000, 7997.0000),
('Njassasee', 706.0000, 30800.0000),
('Ohridsee', 286.0000, 367.0000),
('Onegasee', 120.0000, 9610.0000),
('Orisee', NULL, 200.0000),
('Paeijaenne', 93.0000, 1090.0000),
('Prespasee', 54.0000, 285.0000),
('Pskowsee', 12.0000, 3550.0000),
('Rudolfsee', 73.0000, 8500.0000),
('Rukwasee', NULL, NULL),
('Saimasee', 58.0000, 1460.0000),
('Skutarisee', 44.0000, 300.0000),
('Stefaniesee', 7.5000, 800.0000),
('Suatsee', NULL, NULL),
('Taimyrsee', NULL, 4560.0000),
('Tanasee', 72.0000, 3630.0000),
('Tanganjikasee', 1435.0000, 34000.0000),
('Titicaca_See', 272.0000, 8300.0000),
('Torrensee', NULL, 5776.0000),
('Tschadsee', 7.0000, 17000.0000),
('Tschanysee', NULL, 2500.0000),
('Tumbasee', 6.0000, 500.0000),
('Urumiyeh_See', NULL, 4868.0000),
('Vaenersee', 100.0000, 5546.0000),
('Vaettersee', 128.0000, 1900.0000),
('Victoriasee', 85.0000, 68000.0000),
('Voltastausee', NULL, 8480.0000);

-- --------------------------------------------------------

--
-- Tabellenstruktur für Tabelle `STADT`
--

CREATE TABLE `STADT` (
  `ST_NAME` varchar(25) NOT NULL DEFAULT '',
  `L_ID` varchar(4) DEFAULT NULL,
  `LT_ID` varchar(4) DEFAULT NULL,
  `EINWOHNER` int(11) DEFAULT NULL,
  `BREITE` double(16,4) DEFAULT NULL,
  `LAENGE` double(16,4) DEFAULT NULL
) ENGINE=MyISAM DEFAULT CHARSET=latin1 COLLATE=latin1_swedish_ci PACK_KEYS=1;

--
-- Daten für Tabelle `STADT`
--

INSERT INTO `STADT` (`ST_NAME`, `L_ID`, `LT_ID`, `EINWOHNER`, `BREITE`, `LAENGE`) VALUES
('Aachen', 'D', 'NRW', 245885, 508.0000, 61.0000),
('Aalborg', 'DK', 'DK', 211684, 570.0000, 100.0000),
('Aarhus', 'DK', 'DK', 336411, 561.0000, 101.0000),
('Abadan', 'IR', 'KHU', 231476, 302.0000, 482.0000),
('Abidjan', 'CI', 'CI', 4395000, 53.0000, -36.0000),
('Abu_Dhabi', 'UAE', 'UAE', 1206000, 242.7000, 543.6000),
('Accra', 'GH', 'GH', 1594000, 54.0000, -0.1000),
('Addis_Abeba', 'ETH', 'ETH', 1300000, 92.0000, 384.0000),
('Adelaide', 'AUS', 'SUE', 1070200, -345.5000, 1.3830),
('Aden', 'ADN', 'ADN', 1761000, 130.0000, 500.0000),
('Agartala', 'IND', 'TRI', 438408, 235.0000, 912.0000),
('Aguascalientes', 'MEX', 'AGS', 722250, 215.0000, -1.0220),
('Ahwaz', 'IR', 'KHU', 1185000, 312.0000, 484.0000),
('Aizawl', 'IND', 'MIZ', 293416, 234.0000, 924.0000),
('Ajaccio', 'F', 'COR', 69378, 414.0000, 84.0000),
('Akureyri', 'IS', 'IS', 18488, 654.0000, 183.0000),
('Albany', 'USA', 'NY', 98251, 423.0000, -735.0000),
('Alderney', 'GB', 'GBA', 2400, 494.3000, -21.5000),
('Aleppo', 'SYR', 'SYR', 4868000, 362.0000, 371.0000),
('Alexandria', 'ET', 'ET', 5200000, 310.0000, 300.0000),
('Algier', 'AG', 'AG', 3416000, 364.0000, 38.0000),
('Alma-Ata', 'RUS', 'KAS', 1777000, 431.4000, 765.6000),
('Amiens', 'F', 'PIC', 132874, 495.5000, 21.9000),
('Amman', 'JOR', 'JOR', 4008000, 320.0000, 355.2000),
('Amsterdam', 'NL', 'NL', 821752, 522.0000, 46.0000),
('Ancona', 'I', 'MAR', 100696, 433.8000, 132.8000),
('Andorra_la_Vella', 'AND', 'AND', 22256, 425.0000, 15.3330),
('Ankara', 'TR', 'TR', 5445000, 400.0000, 320.0000),
('Annapolis', 'USA', 'MD', 39321, 390.0000, -763.0000),
('Antwerpen', 'B', 'ANT', 498473, 511.0000, 42.3000),
('Aosta', 'I', 'AOS', 126883, 454.5000, 72.2000),
('Apia', 'WS', 'WS', 35744, -138.0000, -1717.0000),
('Aracaju', 'BR', 'SER', 571149, -110.0000, -371.0000),
('Archangelsk', 'RUS', 'RSF', 350258, 643.5000, 403.0000),
('Arendal', 'N', 'AA', 43841, 583.0000, 84.0000),
('Arlon', 'B', 'LUX', 29733, 494.0000, 55.0000),
('Aschaffenburg', 'D', 'BAY', 173504, 480.0000, 90.0000),
('Aschchabad', 'RUS', 'TRK', 1032000, 375.8000, 582.0000),
('Astrachan', 'RUS', 'RSF', 520339, 462.0000, 481.0000),
('Asuncion', 'PY', 'PY', 525294, -255.0000, -573.0000),
('Athen', 'GR', 'GR', 664046, 376.0000, 237.0000),
('Atlanta', 'USA', 'GA', 486290, 334.0000, -844.0000),
('Augsburg', 'D', 'BAY', 286374, 483.0000, 109.0000),
('Augusta', 'USA', 'ME', 201800, 442.0000, -695.0000),
('Austin', 'USA', 'TX', 950715, 301.0000, -974.0000),
('Bad_Hersfeld', 'D', 'HES', 29984, 500.0000, 90.0000),
('Bad_Toelz', 'D', 'BAY', 17652, 470.0000, 110.0000),
('Bagdad', 'IRQ', 'IRQ', 7665000, 332.0000, 443.0000),
('Bairiki', 'KIR', 'KIR', 3524, 10.0000, 1.7300),
('Bakhtaran', 'IR', 'BAK', 946651, 342.0000, 471.0000),
('Baku', 'RUS', 'ASB', 2236000, 403.0000, 495.0000),
('Baltimore', 'USA', 'MD', 619493, 392.0000, -764.0000),
('Bamako', 'RMM', 'RMM', 2009000, 123.0000, -76.0000),
('Bandar_Seri_Begawan', 'BRU', 'BRU', 100700, 49.0000, 1149.0000),
('Bandung', 'RI', 'RI', 2395000, -65.8000, 1.0740),
('Bangalore', 'IND', 'KAR', 8426000, 130.0000, 773.0000),
('Bangkok', 'THA', 'THA', 8281000, 134.4000, 1.0030),
('Bangui', 'RCA', 'RCA', 734350, 43.0000, 185.0000),
('Banjul', 'WAG', 'WAG', 31356, 134.0000, 165.0000),
('Bari', 'I', 'APU', 324198, 418.0000, 165.0000),
('Basel', 'CH', 'BS', 171017, 473.5240, 73.1450),
('Basseterre', 'SCN', 'SCN', 10443, 170.0000, -623.0000),
('Baton_Rouge', 'USA', 'LA', 225374, 302.0000, -912.0000),
('Bautzen', 'D', 'SN', 40798, 512.0000, 144.0000),
('Beirut', 'RL', 'RL', 1500000, 335.5000, 353.1000),
('Belem', 'BR', 'PAR', 143474, -12.0000, -483.0000),
('Belfast', 'GB', 'NOR', 280211, 544.0000, -56.0000),
('Belgrad', 'SRB', 'SRB', 1374000, 445.0000, 203.7000),
('Belmopan', 'BH', 'BH', 13939, 171.0000, -885.0000),
('Belo_Horizonte', 'BR', 'MIN', 1433000, -200.0000, -440.0000),
('Bengasi', 'LAR', 'LAR', 631555, 320.0000, 201.0000),
('Bergen', 'N', 'HO', 271949, 602.0000, 52.0000),
('Berlin', 'D', 'B', 3575000, 523.0000, 132.0000),
('Bern', 'CH', 'BE', 133115, 466.0000, 73.0000),
('Bernburg', 'D', 'SA', 36105, 517.8330, 117.3330),
('Besancon', 'F', 'FRA', 116676, 471.0000, 62.0000),
('Bhopal', 'IND', 'MAP', 1798000, 231.0000, 774.0000),
('Bhubaneswar', 'IND', 'ORI', 837737, 202.0000, 855.0000),
('Bischkek', 'RUS', 'KIR', 976734, 424.0000, 745.0000),
('Bismarck', 'USA', 'ND', 8976, 464.0000, -1.0050),
('Bissau', 'GUB', 'GUB', 387909, 115.0000, -155.0000),
('Boa_Vista', 'BR', 'ROR', 364742, 25.0000, -604.0000),
('Bochum', 'D', 'NRW', 364742, 515.0000, 74.0000),
('Bodoe', 'N', 'NO', 49731, 672.0000, 142.0000),
('Bogota', 'CO', 'CO', 8081000, 44.0000, -740.0000),
('Boise', 'USA', 'ID', 226570, 434.0000, -1.1620),
('Bologna', 'I', 'EMI', 388367, 443.0000, 112.2000),
('Bombay', 'IND', 'MAH', 18410000, 190.0000, 725.0000),
('Bonn', 'D', 'NRW', 318809, 504.0000, 75.0000),
('Bordeaux', 'F', 'AQU', 249712, 445.1000, -0.4000),
('Boston', 'USA', 'MA', 685094, 422.0000, -711.0000),
('Brandenburg', 'D', 'BRB', 72000, 524.0000, 125.0000),
('Brasilia', 'BR', 'FED', 2481000, -154.0000, -482.0000),
('Bratislava', 'SK', '', 424428, 485.0000, 170.0000),
('Brazzaville', 'RCB', 'RCB', 1827000, -49.0000, 151.0000),
('Bregenz', 'A', 'VOR', 29574, 473.0000, 94.5000),
('Bremen', 'D', 'HB', 557464, 537.0000, 85.0000),
('Bremerhafen', 'D', 'HB', 114025, 536.0000, 85.0000),
('Bridgetown', 'BDS', 'BDS', 110000, 131.0000, -594.0000),
('Brisbane', 'AUS', 'QUE', 2280000, -272.8000, 1.5320),
('Bruegge', 'B', 'WES', 117260, 511.0000, 20.8000),
('Bruessel', 'B', 'BRA', 174383, 505.0000, 43.0000),
('Budapest', 'H', 'H', 1756000, 472.9000, 195.0000),
('Buenos_Aires', 'RA', 'BUN', 2890000, -343.0000, -582.0000),
('Bujumbura', 'BU', 'BU', 235440, -33.0000, 293.0000),
('Bukarest', 'RO', 'RO', 1836000, 261.0000, 444.0000),
('Cadiz', 'E', 'CAD', 124892, 363.0000, -62.0000),
('Caen', 'F', 'BAS', 106260, 493.0000, -0.2000),
('Cagliari', 'I', 'SAR', 154083, 391.5000, 95.0000),
('Calcutta', 'IND', 'WBE', 4497000, 222.0000, 882.0000),
('Calgary', 'CDN', 'AB', 1336000, 510.0000, -1.1400),
('Campeche', 'MEX', 'CAM', 220389, 195.0000, -903.0000),
('Canberra', 'AUS', 'ACT', 395790, -351.0000, 1.4900),
('Caracas', 'YV', 'YV', 2082000, 103.0000, -670.0000),
('Cardiff', 'GB', 'WAL', 335145, 512.8000, 31.1000),
('Carson_City', 'USA', 'NV', 55439, 391.0000, -1.1950),
('Casablanca', 'MA', 'MA', 3360000, 335.0000, -75.0000),
('Castries', 'WL', 'WL', 4173, 140.0000, -605.0000),
('Catanzaro', 'I', 'KAL', 90240, 385.5000, 163.5000),
('Cayenne', 'F', 'FGU', 57614, 50.0000, -523.0000),
('Celle', 'D', 'NIE', 69001, 520.0000, 100.0000),
('Ceuta', 'E', 'CAD', 84726, 355.2000, -52.6000),
('Chandigargh', 'IND', 'PUN', 1055000, 305.0000, 765.0000),
('Changchun', 'VRC', 'JIL', 3400000, 435.0000, 1.2510),
('Changsha', 'VRC', 'HUN', 7432000, 281.0000, 1.1350),
('Charleston', 'USA', 'WV', 130113, 382.0000, -812.0000),
('Charlottetown', 'CDN', 'PE', 36094, 462.0000, -632.0000),
('Chemnitz', 'D', 'SN', 243521, 508.0000, 129.0000),
('Chengdu', 'VRC', 'SIC', 14000000, 331.5000, 1.0710),
('Cheyenne', 'USA', 'WY', 63624, 411.0000, -1.0500),
('Chicago', 'USA', 'IL', 2716000, 415.0000, -875.0000),
('Chihuahua', 'MEX', 'CHH', 3557000, 284.0000, -1.0610),
('Chilpancingo_d.l.Bravos', 'MEX', 'GRO', 187251, 173.0000, -993.0000),
('Chisinau', 'MD', NULL, 669694, 470.0000, 290.0000),
('Ciudad_Chetumal', 'MEX', 'QR', 151243, 183.0000, -882.0000),
('Ciudad_de_Guatemala', 'GCA', 'GCA', 1000000, 144.0000, -903.0000),
('Ciudad_de_Panama', 'PA', 'PA', 477328, 90.0000, -792.0000),
('Ciudad_Victoria', 'MEX', 'TAM', 367770, 234.0000, -991.0000),
('Clerm.-Ferrand', 'F', 'AUV', 141398, 455.0000, 34.0000),
('Cochabamba', 'BOL', 'BOL', 1758000, -171.0000, -660.0000),
('Colima', 'MEX', 'COL', 137383, 191.0000, -1.0340),
('Colombo', 'CL', 'CL', 752993, 69.0000, 798.0000),
('Columbia', 'USA', 'SC', 133114, 340.0000, -811.0000),
('Columbus', 'USA', 'OH', 879170, 395.0000, -830.0000),
('Conakry', 'GUI', 'GUI', 1660000, 93.0000, -135.0000),
('Concord', 'USA', 'NH', 92067, 431.0000, -713.0000),
('Cordoba', 'RA', 'COR', 326262, -312.0000, -641.0000),
('Corrientes', 'RA', 'CES', 1060000, -273.0000, -584.0000),
('Cottbus', 'D', 'BRB', 100416, 517.0000, 143.0000),
('Cuernavaca', 'MEX', 'MOR', 338650, 190.0000, -992.0000),
('Cuiaba', 'BR', 'MAT', 607153, -153.0000, -560.0000),
('Culiacan', 'MEX', 'SIN', 675773, 245.0000, -1.0740),
('Curitiba', 'BR', 'PNA', 1765000, -252.0000, -491.0000),
('Cuzco', 'PE', 'PE', 428450, -132.0000, -720.0000),
('Dakar', 'SN', 'SN', 1056000, 143.0000, 173.0000),
('Dallas', 'USA', 'TX', 1341000, 325.0000, -965.0000),
('Damaskus', 'SYR', 'SYR', 1711000, 335.0000, 363.0000),
('Daressalam', 'EAT', 'EAT', 4365000, -64.0000, 395.0000),
('Darwin', 'AUS', 'NOR', 132045, -130.0000, 1.3100),
('Deggendorf', 'D', 'BAY', 117601, 480.0000, 120.0000),
('Delhi', 'IND', 'DEH', 18980000, 284.0000, 771.0000),
('Denver', 'USA', 'CO', 619968, 395.0000, -1.0500),
('Dessau', 'D', 'SA', 82505, 518.0000, 122.0000),
('Des_Moines', 'USA', 'IA', 217521, 413.0000, -934.0000),
('Detroit', 'USA', 'MI', 673104, 423.0000, -830.0000),
('Dijon', 'F', 'BOU', 155114, 472.0000, 52.0000),
('Dillingen', 'D', 'SAR', 94556, 490.0000, 60.0000),
('Dispur', 'IND', 'ASS', 957352, 260.0000, 915.0000),
('Djibouti', 'RD', 'RD', 956985, 115.0000, 431.0000),
('Doha', 'Q', 'Q', 796947, 252.0000, 515.0000),
('Donauwoerth', 'D', 'BAY', 18187, 480.0000, 100.0000),
('Dortmund', 'D', 'NRW', 585813, 516.0000, 76.0000),
('Douglas', 'GB', 'GB', 27938, 540.3000, -43.1000),
('Dover', 'USA', 'DE', 37538, 391.0000, -753.0000),
('Drammen', 'N', 'BU', 66214, 594.0000, 101.0000),
('Dresden', 'D', 'SN', 543825, 511.0000, 138.0000),
('Dschambul', 'RUS', 'KAS', 358806, 423.0000, 715.0000),
('Douala', 'CAM', 'CAM', 2768000, 40.0000, 100000.0000),
('Dubai', 'UAE', 'UAE', 3137000, 250.0000, 552.0000),
('Dublin', 'IRL', 'IRL', 544107, 532.0000, -62.0000),
('Duesseldorf', 'D', 'NRW', 612178, 511.0000, 65.0000),
('Duisburg', 'D', 'NRW', 491231, 510.0000, 60.0000),
('Durango', 'MEX', 'DGO', 565300, 240.0000, -1.0440),
('Durres', 'AL', 'AL', 113249, 412.0000, 193.0000),
('Dushanbe', 'RUS', 'TAD', 770027, 383.0000, 684.8000),
('Edinburgh', 'GB', 'SCH', 482005, 555.7000, -31.2000),
('Edmonton', 'CDN', 'AB', 981280, 531.0000, -1.1340),
('Eilenburg', 'D', 'SN', 17072, 510.0000, 120.0000),
('Eisenstadt', 'A', 'BUR', 14339, 478.0000, 165.0000),
('Elbasan', 'AL', 'AL', 224689, 411.0000, 201.0000),
('El_Alaiun', 'DARS', 'DARS', 217732, 271.0000, -132.0000),
('Emden', 'D', 'NIE', 50083, 510.0000, 120.0000),
('Emsdetten', 'D', 'NRW', 35668, 520.0000, 70.0000),
('Erfurt', 'D', 'TH', 210118, 510.0000, 110.0000),
('Eriwan', 'RUS', 'ARM', 1075000, 401.0000, 444.0000),
('Er_Riad', 'KSA', 'KSA', 5188000, 247.0000, 468.0000),
('Esbjerg', 'DK', 'DK', 115932, 553.0000, 83.0000),
('Espoo', 'SF', 'UUS', 272193, 602.0000, 243.0000),
('Essen', 'D', 'NRW', 582624, 516.0000, 70.0000),
('Falun', 'S', 'W', 37291, 603.0000, 153.0000),
('Flensburg', 'D', 'SWH', 85942, 540.0000, 90.0000),
('Florenz', 'I', 'TOS', 382258, 434.8000, 111.7000),
('Florianopolis', 'BR', 'SAN', 477798, -273.0000, -583.0000),
('Formosa', 'RA', 'FOR', 573823, -265.0000, -581.0000),
('Forst', 'D', 'BRB', 21304, 510.0000, 140.0000),
('Fortaleza', 'BR', 'CEA', 2643000, -33.0000, -383.0000),
('Fort_Worth', 'USA', 'TX', 874168, 324.0000, -971.0000),
('Frankfort', 'USA', 'KY', 27621, 381.0000, -845.0000),
('Frankfurt/M', 'D', 'HES', 736414, 510.0000, 86.0000),
('Frankfurt/O', 'D', 'BRB', 58193, 523.0000, 141.0000),
('Fredericton', 'CDN', 'NB', 58220, 455.0000, -525.0000),
('Freetown', 'WAL', 'WAL', 1056000, 82.0000, 131.0000),
('Friedrichshafen', 'D', 'BAW', 56730, 470.0000, 90.0000),
('Fuerstenwalde', 'D', 'BRB', 32867, 520.0000, 140.0000),
('Fuessen', 'D', 'BAY', 14236, 470.0000, 100.0000),
('Fulda', 'D', 'HES', 221170, 500.0000, 90.0000),
('Fuzhou', 'VRC', 'FUJ', 7660000, 260.0000, 1.1900),
('Gabarone', 'RB', 'RB', 231592, -245.0000, 256.0000),
('Gaevle', 'S', 'X', 75451, 604.0000, 170.0000),
('Gandhinagar', 'IND', 'GUJ', 292167, 232.0000, 722.0000),
('Gangtok', 'IND', 'SIK', 100286, 273.0000, 883.0000),
('Genf', 'CH', 'GE', 198979, 461.2000, 69.0000),
('Gent', 'B', 'OST', 248358, 514.0000, 35.0000),
('Genua', 'I', 'LIG', 583601, 442.5000, 85.8000),
('Georgetown', 'GUY', 'GUY', 222200, 65.0000, -585.0000),
('Ghom', 'IR', 'ZEN', 1201000, 344.0000, 505.0000),
('Gibraltar', 'GB', 'GBZ', 34571, 367.0000, -52.2000),
('Goerlitz', 'D', 'SN', 55928, 512.0000, 150.0000),
('Goeteborg', 'S', 'O', 572779, 574.0000, 120.0000),
('Goettingen', 'D', 'NIE', 118914, 516.0000, 99.0000),
('Goiania', 'BR', 'GOI', 1302000, -163.0000, -492.0000),
('Graz', 'A', 'STE', 434969, 474.0000, 152.6000),
('Grimma', 'D', 'SN', 19106, 510.0000, 120.0000),
('Guadalajara', 'MEX', 'JAL', 1495000, 204.0000, -1.0320),
('Guanajuato', 'MEX', 'GTO', 184239, 210.0000, -1.0120),
('Guayaquil', 'EC', 'EC', 2291000, -20.0000, -800.0000),
('Guiyang', 'VRC', 'GUI', 3718449, 260.0000, 1.0600),
('Haemeenlinna', 'SF', 'HAE', 93595, 610.0000, 243.0000),
('Haernoesand', 'S', 'Y', 17556, 624.0000, 180.0000),
('Hafnarfjoerdur', 'IS', 'IS', 28703, 640.0000, -220.0000),
('Halifax', 'CDN', 'NS', 431479, 444.0000, -634.0000),
('Halle', 'D', 'SA', 233705, 515.0000, 120.0000),
('Halmstad', 'S', 'N', 66124, 564.0000, 130.0000),
('Hamadan', 'IR', 'HAM', 554406, 345.0000, 483.0000),
('Hamar', 'N', 'HE', 29520, 605.0000, 115.0000),
('Hamburg', 'D', 'HH', 1810000, 533.0000, 100.0000),
('Hameln', 'D', 'NIE', 57342, 520.0000, 90.0000),
('Hammerfest', 'N', 'FI', 10287, 704.0000, 234.0000),
('Hangzhou', 'VRC', 'ZHE', 1740000, 302.0000, 1.2550),
('Hannover', 'D', 'NIE', 532163, 522.0000, 94.0000),
('Hanoi', 'VN', 'VN', 7782000, 210.0000, 1.0550),
('Harbin', 'VRC', 'HEI', 4517549, 454.0000, 1.2640),
('Harrisburg', 'USA', 'PA', 49192, 402.0000, -765.0000),
('Hartford', 'USA', 'CT', 123400, 413.0000, -724.0000),
('Hasselt', 'B', 'LIM', 77651, 507.0000, 52.0000),
('Havanna', 'C', 'C', 2130000, 230.0000, -823.0000),
('Hefei', 'VRC', 'ANH', 7869000, 320.0000, 1.1700),
('Heilbronn', 'D', 'BAW', 122567, 480.0000, 90.0000),
('Helena', 'USA', 'MT', 31429, 464.0000, -1.1210),
('Helsinki', 'SF', 'UUS', 631695, 602.0000, 245.0000),
('Hendersonville', 'USA', 'NC', 57517, 352.0000, -822.0000),
('Hermannsverk', 'N', 'SF', 2062, 611.0000, 65.0000),
('Hermosillo', 'MEX', 'SON', 812229, 290.0000, -1.1100),
('Hiroshima', 'J', 'J', 1119000, 343.0000, 1.3230),
('Ho-Chi-Minh-Stadt', 'VN', 'VN', 8637000, 105.0000, 1.0650),
('Hobart', 'AUS', 'TAS', 206097, -425.0000, 1.4710),
('Hoexter', 'D', 'NRW', 31288, 510.0000, 90.0000),
('Hohhot', 'VRC', 'INN', 2866615, 410.0000, 1.1300),
('Homs', 'SYR', 'SYR', 775404, 347.0000, 366.0000),
('Honiara', 'SAL', 'SAL', 64609, -94.0000, 15990.0000),
('Honolulu', 'USA', 'HI', 351792, 212.0000, -1.5750),
('Hyderabad', 'IND', 'ANP', 6810000, 171.0000, 782.0000),
('Imphal', 'IND', 'MAN', 265000, 245.0000, 940.0000),
('Indianapolis', 'USA', 'IN', 872680, 395.0000, -861.0000),
('Ingolstadt', 'D', 'BAY', 132438, 480.0000, 110.0000),
('Innsbruck', 'A', 'TIR', 308290, 471.7000, 112.2000),
('Iquitos', 'PE', 'PE', 437376, -34.0000, -732.0000),
('Irkutsk', 'RUS', 'RSF', 601993, 521.6000, 1.0420),
('Isfahan', 'IR', 'ISF', 1961000, 324.0000, 514.0000),
('Islamabad', 'PAK', 'PAK', 1015000, 336.0000, 732.0000),
('Itanagar', 'IND', 'ARP', 59490, 271.0000, 934.0000),
('Jackson', 'USA', 'MS', 166965, 322.0000, -901.0000),
('Jaipur', 'IND', 'RAJ', 3073000, 270.0000, 755.0000),
('Jakarta', 'RI', 'RI', 9608000, -61.0000, 1.0650),
('Jakutsk', 'RUS', 'RSF', 282419, 620.5000, 1.2940),
('Jalapa_Enriquez', 'MEX', 'VER', 424755, 193.0000, -970.0000),
('Jammu', 'IND', 'JAK', 503690, 322.0000, 743.0000),
('Jaunde', 'CAM', 'CAM', 4000000, 38.0000, 115.0000),
('Jefferson_City', 'USA', 'MO', 42895, 384.0000, -921.0000),
('Jena', 'D', 'TH', 110321, 508.0000, 117.0000),
('Jerusalem', 'IL', 'IL', 874186, 314.5000, 351.2000),
('Jinan', 'VRC', 'SHG', 6814000, 365.0000, 1.1700),
('Joao_Pessoa', 'BR', 'PBA', 720954, -71.0000, -350.0000),
('Joenkoeping', 'S', 'F', 93797, 574.0000, 140.0000),
('Joensuu', 'SF', 'NKA', 122978, 624.0000, 295.0000),
('Johannesburg', 'RSA', 'RSA', 957441, -261.0000, 283.0000),
('Jokkmokk', 'S', 'BD', 2786, 661.0000, 195.0000),
('Juneau', 'USA', 'AK', 32164, 580.0000, 1.3600),
('Jyvaeskylae', 'SF', 'MFI', 138109, 621.0000, 252.0000),
('Kabul', 'AFG', 'AFG', 4635000, 343.5000, 695.0000),
('Kairo', 'ET', 'ET', 19500000, 300.0000, 312.0000),
('Kalmar', 'S', 'H', 36392, 564.0000, 163.0000),
('Kampala', 'EAU', 'EAU', 1507000, 0.2000, 323.0000),
('Kansas_City', 'USA', 'MO', 488943, 390.0000, -945.0000),
('Kanton', 'VRC', 'GWA', 1488000, 230.0000, 1.1400),
('Kapstadt', 'RSA', 'RSA', 433688, -339.0000, 185.0000),
('Karlskrona', 'S', 'K', 66675, 561.0000, 153.0000),
('Karlsruhe', 'D', 'BAW', 307755, 490.0000, 84.0000),
('Karlstad', 'S', 'S', 61492, 593.0000, 133.0000),
('Kasan', 'RUS', 'RSF', 1169000, 554.7000, 491.1000),
('Kassel', 'D', 'HES', 197984, 513.0000, 95.0000),
('Katmandu', 'NEP', 'NEP', 1003000, 274.5000, 852.5000),
('Keflavik', 'IS', 'IS', 15930, 640.0000, -225.0000),
('Kempten', 'D', 'BAY', 67529, 470.0000, 100.0000),
('Khartum', 'EAS', 'EAS', 8363915, 153.0000, 324.0000),
('Kiel', 'D', 'SWH', 246306, 542.0000, 107.0000),
('Kiew', 'UA', 'UKR', 2884000, 503.0000, 303.0000),
('Kigali', 'RWA', 'RWA', 859332, -16.0000, 296.0000),
('Kingston', 'JA', 'JA', 666041, 180.0000, -765.0000),
('Kingstown', 'WV', 'WV', 16500, 131.0000, -611.0000),
('Kinshasa', 'ZRE', 'ZRE', 11860000, -43.0000, 152.0000),
('Kischinjow', 'RUS', 'MOL', 669694, 472.0000, 281.0000),
('Klagenfurt', 'A', 'KAE', 99790, 463.8000, 142.1000),
('Koblenz', 'D', 'RPF', 112586, 504.0000, 75.0000),
('Koeln', 'D', 'NRW', 1061000, 509.0000, 69.0000),
('Kohima', 'IND', 'NAG', 115283, 255.0000, 941.0000),
('Kolonia', 'FSM', 'FSM', 1061000, 69.0000, 1582.0000),
('Konstanz', 'D', 'BAW', 282191, 470.0000, 90.0000),
('Konz', 'D', 'RPF', 17892, 490.0000, 60.0000),
('Kopenhagen', 'DK', 'DK', 602481, 554.0000, 123.0000),
('Korce', 'AL', 'AL', 51000, 404.0000, 205.0000),
('Koror', 'PAL', 'PAL', 11200, 72.0000, 1344.0000),
('Kotka', 'SF', 'KYM', 54187, 603.0000, 265.0000),
('Krasnojarsk', 'RUS', 'RSF', 1007000, 560.0000, 925.3000),
('Kristiansand', 'N', 'VA', 85983, 581.0000, 80.0000),
('Kristianstad', 'S', 'L', 40145, 560.0000, 140.0000),
('Kuala_Lumpur', 'MAL', 'MAL', 1808000, 31.0000, 1.0140),
('Kuibyschew', 'RUS', 'RSF', 1170000, 525.0000, 500.0000),
('Kunming', 'VRC', 'YUN', 6728000, 255.0000, 1.0240),
('Kuopio', 'SF', 'KUO', 117331, 625.0000, 274.0000),
('Kuwait_City', 'KT', 'KT', 63600, 293.0000, 473.0000),
('Kyoto', 'J', 'J', 1475000, 350.0000, 1.3540),
('L\'Aquila', 'I', 'ABR', 69605, 422.4000, 132.0000),
('Lagos', 'WAN', 'WAN', 31049, 63.0000, 33.0000),
('Lahti', 'SF', 'HAE', 119098, 605.0000, 252.0000),
('Landsberg', 'D', 'BAY', 27712, 480.0000, 100.0000),
('Landshut', 'D', 'BAY', 71193, 485.0000, 121.0000),
('Lansing', 'USA', 'MI', 116986, 424.0000, -844.0000),
('Lanzhou', 'VRC', 'GAN', 3090000, 360.0000, 1.0400),
('Lappeenrenta', 'SF', 'KYM', 72872, 605.0000, 265.0000),
('Las_Vegas', 'USA', 'NV', 641676, 362.0000, -1.1520),
('La_Paz', 'BOL', 'BOL', 713000, -162.0000, -681.0000),
('La_Plata', 'RA', 'BUE', 740369, -350.0000, -580.0000),
('La_Rioja', 'RA', 'LAR', 315675, -293.0000, -670.0000),
('Leipzig', 'D', 'SN', 560472, 514.0000, 123.0000),
('Leningrad', 'RUS', 'RSF', 4991000, 595.8000, 301.8000),
('Leverkusen', 'D', 'NRW', 163487, 510.0000, 70.0000),
('Lhasa', 'VRC', 'TIB', 474499, 295.0000, 910.0000),
('Libreville', 'GAB', 'GAB', 703939, 0.3000, 93.0000),
('Liechtenstein', 'FL', 'FL', 37810, 470.8000, 93.0000),
('Lille', 'F', 'NOR', 232741, 503.7000, 33.0000),
('Lillehammer', 'N', 'OP', 27028, 611.0000, 103.0000),
('Lilongue', 'MW', 'MW', 986000, -139.0000, 337.0000),
('Lima', 'PE', 'PE', 8574974, -120.0000, -770.0000),
('Limoges', 'F', 'LIM', 133627, 455.0000, 12.0000),
('Lincoln', 'USA', 'NE', 130200, 405.0000, -964.0000),
('Lindau', 'D', 'BAW', 24673, 475.0000, 96.0000),
('Lingen', 'D', 'NIE', 52289, 520.0000, 70.0000),
('Linkoeping', 'S', 'E', 104232, 583.0000, 153.0000),
('Linz', 'A', 'OBE', 203012, 481.8000, 141.8000),
('Lissabon', 'P', 'P', 504718, 284.0000, -91.0000),
('Little_Rock', 'USA', 'AR', 198606, 344.0000, -923.0000),
('Ljubljana', 'SLO', '', 279631, 460.0000, 145.0000),
('Lobito', 'RPA', 'RPA', 324050, -122.0000, 134.0000),
('Lome', 'TG', 'TG', 839566, 61.0000, 11.0000),
('London', 'GB', 'ENG', 8136000, 513.0000, -0.5000),
('Los_Angeles', 'USA', 'CA', 4000000, 340.0000, -1.1800),
('Luanda', 'RPA', 'RPA', 2250000, -86.0000, 132.0000),
('Lucknow', 'IND', 'UTP', 2817000, 270.0000, 810.0000),
('Ludwigshafen', 'D', 'RPF', 166621, 490.0000, 80.0000),
('Luettich', 'B', 'LUE', 195965, 505.0000, 55.0000),
('Luleo', 'S', 'BD', 77470, 654.0000, 221.0000),
('Lusaka', 'Z', 'Z', 1747000, -153.0000, 282.0000),
('Lutherstadt_Wittenberg', 'D', 'SA', 46276, 518.0000, 127.0000),
('Luxemburg', 'L', 'L', 590667, 494.0000, 60.8000),
('Lyon', 'F', 'RHO', 513275, 455.0000, 45.0000),
('Macao', 'P', 'MAC', 622567, 221.5000, 1.1330),
('Macapa', 'BR', 'APA', 369287, 0.5000, -520.0000),
('Maceio', 'BR', 'ALA', 932078, -93.0000, -355.0000),
('Madison', 'USA', 'WI', 255214, 430.0000, -892.0000),
('Madras', 'IND', 'TAN', 4647000, 130.0000, 801.0000),
('Madrid', 'E', 'E', 3174000, 402.0000, 34.0000),
('Magdeburg', 'D', 'SA', 235723, 522.0000, 117.0000),
('Mailand', 'I', 'LOM', 1352000, 452.9000, 91.1000),
('Mainz', 'D', 'RPF', 209779, 500.0000, 81.0000),
('Malabo', 'RGE', 'RGE', 297000, 37.0000, 87.0000),
('Male', 'RMAL', 'RMAL', 142909, 41.0000, 735.0000),
('Malmoe', 'S', 'M', 316588, 553.0000, 130.0000),
('Managua', 'NIC', 'NIC', 1093760, 123.0000, -862.0000),
('Manama', 'BRN', 'BRN', 155000, 262.0000, 505.0000),
('Manaus', 'BR', 'AMA', 1793000, -30.0000, -600.0000),
('Manila', 'PI', 'LU', 1780000, 145.0000, 1.2150),
('Mannheim', 'D', 'BAW', 305780, 490.0000, 80.0000),
('Maputo', 'MOS', 'MOS', 1101170, -259.0000, 325.0000),
('Maracaibo', 'YV', 'YV', 1653000, 104.0000, -714.0000),
('Mariehamn', 'SF', 'ALA', 11621, 601.0000, 195.0000),
('Mariestad', 'S', 'R', 24700, 584.0000, 135.0000),
('Marseille', 'F', 'PRO', 861635, 432.0000, 52.0000),
('Maseru', 'LS', 'LS', 330760, -292.0000, 273.0000),
('Mashhad', 'IR', 'KHO', 3001000, 362.0000, 594.0000),
('Maskat', 'OMA', 'OMA', 1720000, 235.0000, 583.0000),
('Mbabane', 'SD', 'SD', 94874, -250.0000, 311.0000),
('Medellin', 'CO', 'CO', 2508000, 62.0000, -753.0000),
('Meiningen', 'D', 'TH', 225350, 500.0000, 100.0000),
('Meißen', 'D', 'SN', 27736, 510.0000, 130.0000),
('Melbourne', 'AUS', 'VIC', 4443000, -374.0000, 1.4500),
('Melilla', 'E', 'CAD', 78476, 351.5000, -25.7000),
('Mendoza', 'RA', 'MEN', 1886000, -330.0000, -690.0000),
('Meppen', 'D', 'NIE', 34862, 520.0000, 70.0000),
('Merida', 'MEX', 'YUC', 777615, 210.0000, -894.0000),
('Merseburg', 'D', 'SA', 36075, 510.0000, 110.0000),
('Mexicali', 'MEX', 'BC', 689775, 324.0000, -1.1530),
('Mexico_City', 'MEX', 'DF', 8885000, 192.0000, -991.0000),
('Miami', 'USA', 'FL', 463347, 254.0000, -801.0000),
('Mikkeli', 'SF', 'MIK', 48970, 614.0000, 272.0000),
('Minden', 'D', 'NRW', 83307, 520.0000, 80.0000),
('Minsk', 'BY', 'BLR', 1975000, 534.0000, 273.0000),
('Mmabatho', 'JB', 'JB', 38297, -258.0000, 255.0000),
('Mogadischu', 'SP', 'SP', 1977000, 22.0000, 453.0000),
('Molde', 'N', 'MR', 26048, 625.0000, 71.0000),
('Mombasa', 'EAK', 'EAK', 915101, -40.0000, 394.0000),
('Monaco-Ville', 'MC', 'MC', 975, 437.0000, 72.0000),
('Monrovia', 'LB', 'LB', 37061, 63.0000, -105.0000),
('Mons', 'B', 'HEN', 95299, 503.0000, 36.0000),
('Monterrey', 'MEX', 'NL', 1136000, 254.0000, -1.0020),
('Montevideo', 'U', 'U', 1381000, -345.0000, -565.0000),
('Montgomery', 'USA', 'AL', 199518, 322.0000, -863.0000),
('Montpelier', 'USA', 'VT', 7484, 442.0000, -724.0000),
('Montpellier', 'F', 'LAN', 277639, 433.0000, 35.0000),
('Montreal', 'CDN', 'PQ', 1780000, 453.0000, -735.0000),
('Morelia', 'MEX', 'MIC', 597511, 194.0000, -1.0110),
('Moroni', 'KOM', 'KOM', 54000, -117.0000, 432.0000),
('Moskau', 'RUS', 'RSF', 11920000, 554.5000, 373.4000),
('Moss', 'N', 'OES', 31308, 593.0000, 104.0000),
('Muehldorf', 'D', 'BAY', 17654, 480.0000, 120.0000),
('Muenchen', 'D', 'BAY', 1450000, 481.0000, 113.0000),
('Murmansk', 'RUS', 'RSF', 303754, 685.8000, 330.3000),
('Münster', 'D', 'NRW', 310039, 500.0000, 84.5000),
('N\'Djamena', 'TCH', 'TCH', 530000, 121.0000, 150.0000),
('Nairobi', 'EAK', 'EAK', 3134000, -12.0000, 365.0000),
('Namur', 'B', 'NAM', 110175, 503.0000, 45.0000),
('Nanchang', 'VRC', 'JXI', 1420000, 284.0000, 1.1550),
('Nancy', 'F', 'LOR', 105162, 484.0000, 61.0000),
('Nanjing', 'VRC', 'JSU', 8335000, 325.0000, 1.1900),
('Nanning', 'VRC', 'GUA', 6914000, 225.0000, 1.0850),
('Nantes', 'F', 'PAY', 303382, 471.0000, 13.0000),
('Narvik', 'N', 'NO', 14141, 683.0000, 173.0000),
('Nashville', 'USA', 'TN', 691243, 361.0000, -864.0000),
('Nassau', 'BS', 'BS', 266100, 250.0000, -773.0000),
('Natal', 'BR', 'RGN', 803739, -55.0000, -351.0000),
('Neapel', 'I', 'KAM', 972130, 405.0000, 141.5000),
('Neubrandenburg', 'D', 'MV', 79041, 536.0000, 132.0000),
('Neuburg', 'D', 'BAY', 29182, 487.0000, 111.0000),
('Neuquen', 'RA', 'NEU', 619745, -390.0000, -680.0000),
('New_York', 'USA', 'NY', 8623000, 404.0000, -740.0000),
('Niamey', 'RN', 'RN', 1027000, 132.0000, 21.0000),
('Nikosia', 'CY', 'CY', 276410, 354.0000, 332.0000),
('Nienburg', 'D', 'NIE', 30691, 520.0000, 90.0000),
('Nuakschott', 'RIM', 'RIM', 958399, 180.0000, -159.0000),
('Nuernberg', 'D', 'BAY', 509975, 495.0000, 110.0000),
('Nukualofa', 'TON', 'TON', 23658, 200.0000, 1.7500),
('Nuuk', 'DK', 'GR', 17635, 640.0000, -520.0000),
('Nykoeping', 'S', 'D', 38069, 585.0000, 170.0000),
('Oaxaca_de_Juarez', 'MEX', 'OAX', 255029, 170.0000, -964.0000),
('Odense', 'DK', 'DK', 200703, 553.0000, 102.0000),
('Oerebro', 'S', 'T', 107038, 592.0000, 150.0000),
('Oestersund', 'S', 'Z', 49806, 632.0000, 143.0000),
('Oklahoma_City', 'USA', 'OK', 643648, 353.0000, -973.0000),
('Olympia', 'USA', 'WA', 51609, 470.0000, -1.2300),
('Oran', 'DZ', 'DZ', 1454000, 354.0000, 0.4000),
('Orleans', 'F', 'CEN', 393292, 475.0000, 15.0000),
('Oslo', 'N', 'OS', 634293, 594.0000, 115.0000),
('Ottawa', 'CDN', 'ON', 994837, 453.0000, -755.0000),
('Ouagadougou', 'BF', 'BF', 2200000, 123.0000, -15.0000),
('Oulu', 'SF', 'OUL', 199526, 653.0000, 252.0000),
('Pachuca_de_Soto', 'MEX', 'HGO', 256584, 201.0000, -984.0000),
('Palembang', 'RI', 'RI', 1455000, -55.0000, 1.0450),
('Panaji', 'IND', 'GDD', 40017, 154.0000, 740.0000),
('Paramaribo', 'SME', 'SME', 240924, 55.0000, -551.0000),
('Parana', 'RA', 'ENT', 11350000, -320.0000, -600.0000),
('Paris', 'F', 'ILE', 2141000, 485.0000, 22.0000),
('Parlermo', 'I', 'SIZ', 673735, 381.0000, 132.0000),
('Passau', 'D', 'BAY', 50798, 486.0000, 135.0000),
('Patna', 'IND', 'BIH', 2047000, 254.0000, 850.0000),
('Peking', 'VRC', 'PEK', 21540000, 395.0000, 1.1620),
('Perth', 'AUS', 'WES', 1985000, -315.5000, 1.1540),
('Perugia', 'I', 'UMB', 166676, 431.0000, 122.0000),
('Phnom_Penh', 'VRK', 'VRK', 1502000, 113.5000, 1.0450),
('Phoenix', 'USA', 'AZ', 1626000, 332.0000, 1.1220),
('Pierre', 'USA', 'SD', 14004, 442.0000, -1.0030),
('Poitiers', 'F', 'POI', 87918, 464.0000, 0.2000),
('Pondicherry', 'IND', 'PON', 241773, 120.0000, 795.0000),
('Pori', 'SF', 'TUP', 85059, 613.0000, 212.0000),
('Porto_Alegre', 'BR', 'RGS', 1409000, -300.0000, -515.0000),
('Porto_Novo', 'RPB', 'RPB', 264320, 63.0000, 24.0000),
('Porto_Velho', 'BR', 'RON', 369259, -85.0000, -635.0000),
('Port_au_Prince', 'RH', 'RH', 1275000, 184.0000, -722.0000),
('Port_Blair', 'IND', 'ANI', 100186, 114.0000, 925.0000),
('Port_Louis', 'MS', 'MS', 148147, 473.0000, -32.0000),
('Port_Moresby', 'PNG', 'PNG', 364125, -93.0000, 1471.0000),
('Port_of_Spain', 'TT', 'TT', 37074, 104.0000, -612.0000),
('Port_Vila', 'VAN', 'VAN', 44039, -177.0000, 1683.0000),
('Posadas', 'RA', 'MIS', 252981, -273.0000, -560.0000),
('Potenza', 'I', 'BAS', 67168, 404.0000, 154.7000),
('Potsdam', 'D', 'BRB', 171810, 524.0000, 131.0000),
('Prag', 'CZ', 'CZ', 1281000, 505.0000, 142.2000),
('Praia', 'KAP', 'KAP', 140000, 149.0000, -235.0000),
('Pretoria', 'RSA', 'RSA', 741651, -254.0000, 281.0000),
('Providence', 'USA', 'RI', 180393, 415.0000, -712.0000),
('Puebla', 'MEX', 'PUE', 6169000, 190.0000, -981.0000),
('Quebec', 'CDN', 'PQ', 8390000, 465.0000, -711.0000),
('Queretaro', 'MEX', 'QRO', 626495, 204.0000, -1.0020),
('Quito', 'EC', 'EC', 1619000, -0.1000, -783.0000),
('Rabat', 'MA', 'MA', 577827, 336.0000, -65.0000),
('Radebeul', 'D', 'SN', 33387, 510.0000, 130.0000),
('Raleigh', 'USA', 'NC', 464758, 355.0000, -784.0000),
('Randers', 'DK', 'DK', 62687, 563.0000, 100.0000),
('Rangoon', 'BUR', 'BUR', 5210000, 164.5000, 962.0000),
('Rapid_City', 'USA', 'SD', 74421, 441.0000, -1.0310),
('Rasht', 'IR', 'GIL', 679995, 372.0000, 494.0000),
('Rathenow', 'D', 'BRB', 25791, 520.0000, 120.0000),
('Rawson', 'RA', 'CHU', 26183, -431.0000, -650.0000),
('Rayyan', 'Q', 'Q', 605712, 251.0000, 510.0000),
('Recife', 'BR', 'PER', 1555000, -80.0000, -350.0000),
('Regensburg', 'D', 'BAY', 145465, 490.0000, 120.0000),
('Regina', 'CDN', 'SK', 228928, 502.0000, -1.0440),
('Reims', 'F', 'CHA', 184076, 491.0000, 45.0000),
('Rennes', 'F', 'BRE', 215366, 481.0000, -14.0000),
('Resistencia', 'RA', 'CHA', 350000, -273.0000, -590.0000),
('Reykjavik', 'IS', 'IS', 122853, 641.0000, -220.0000),
('Rheine', 'D', 'NRW', 76530, 522.0000, 74.0000),
('Richmond', 'USA', 'VA', 227032, 373.0000, -773.0000),
('Riedlingen', 'D', 'BAW', 10286, 481.0000, 94.0000),
('Riesa', 'D', 'SN', 34777, 513.0000, 133.0000),
('Riga', 'LV', 'LET', 641423, 570.0000, 141.0000),
('Rio_Branco', 'BR', 'ACR', 319825, -95.0000, -675.0000),
('Rio_de_Janeiro', 'BR', 'RIO', 6320000, -230.0000, -432.0000),
('Rio_Gallegos', 'RA', 'SCR', 79000, -514.0000, -692.0000),
('Rom', 'I', 'LAT', 2873000, 415.0000, 143.0000),
('Rosario', 'RA', 'SFE', 1121441, -330.0000, -605.0000),
('Roseau', 'WD', 'WD', 14725, 152.0000, -613.0000),
('Rosenheim', 'D', 'BAY', 257466, 478.0000, 121.0000),
('Rostock', 'D', 'MV', 207513, 541.0000, 121.0000),
('Rouen', 'F', 'HAU', 110169, 493.0000, 15.0000),
('Rovaniemi', 'SF', 'LAP', 62231, 663.0000, 244.0000),
('Saarbruecken', 'D', 'SAR', 178151, 491.0000, 66.0000),
('Saarlouis', 'D', 'SAR', 37770, 490.0000, 60.0000),
('Sacramento', 'USA', 'CA', 501901, 383.0000, -1.2150),
('Saint_George\'s', 'WG', 'WG', 2596, 124.0000, -614.0000),
('Saint_John\'s', 'AUB', 'AUB', 21926, 173.0000, -615.0000),
('Salem', 'USA', 'OR', 11160, 445.0000, -1.2310),
('Salisbury', 'ZW', 'ZW', 45000, -175.0000, 312.0000),
('Salta', 'RA', 'SAL', 1333000, -245.0000, -653.0000),
('Saltillo', 'MEX', 'COA', 709671, 253.0000, -1.0100),
('Salt_Lake_City', 'USA', 'UT', 200544, 404.0000, -1.1200),
('Salvador', 'BR', 'BAH', 2677000, -130.0000, -383.0000),
('Salzburg', 'A', 'SAL', 152367, 474.9000, 132.0000),
('Sana\'a', 'JEM', 'JEM', 3937000, 152.1000, 441.1000),
('Santa_Fe', 'USA', 'NM', 83776, 354.0000, -1.0600),
('Santa_Rosa', 'RA', 'LAP', 284670, -364.0000, -642.0000),
('Santiago', 'RCH', 'RCH', 5614000, -333.0000, -705.0000),
('Santiago_del_Estero', 'RA', 'SDE', 911506, -280.0000, -642.0000),
('Santo_Domingo', 'DOM', 'DOM', 965040, 183.0000, -700.0000),
('San_Antonio', 'USA', 'TX', 1493000, 293.0000, -984.0000),
('San_Diego', 'USA', 'CA', 1420000, 325.0000, -1.1700),
('San_Fernando', 'RA', 'CAT', 95174, -283.0000, -655.0000),
('San_Francisco', 'USA', 'CA', 884363, 375.0000, -1.2250),
('San_Jose', 'CR', 'CR', 339581, 100.0000, -842.0000),
('San_Juan', 'RA', 'SJU', 347052, -313.0000, -683.0000),
('San_Luis', 'RA', 'SLU', 824229, -332.0000, -662.0000),
('San_Luis_Potosi', 'MEX', 'SLP', 824229, 221.0000, -1.0100),
('San_Marino', 'RSM', 'RSM', 33400, 435.0000, 122.0000),
('San_Miguel_de_Tucuman', 'RA', 'TUC', 830000, -265.0000, -652.0000),
('San_Salvador', 'ES', 'ES', 238244, 134.0000, -892.0000),
('San_Salvador_de_Jujuy', 'RA', 'JUY', 233754, -241.0000, -652.0000),
('Sao_Luis', 'BR', 'MAR', 958545, -23.0000, -441.0000),
('Sao_Paulo', 'BR', 'SAO', 12180000, -234.0000, -465.0000),
('Sao_Tome', 'SAO', 'SAO', 204327, 2.0000, 66.0000),
('Sapporo', 'J', 'J', 1952000, 430.0000, 1.4110),
('Sarajevo', 'BIH', '', 438443, 438.0000, 184.0000),
('Saskatoon', 'CDN', 'SK', 273010, 520.0000, -1.0700),
('Schiraz', 'IR', 'FAR', 1566000, 294.0000, 523.0000),
('Schwedt', 'D', 'BRB', 35162, 531.0000, 142.0000),
('Schweinfurt', 'D', 'BAY', 106500, 500.0000, 100.0000),
('Schwerin', 'D', 'MV', 95668, 537.0000, 114.0000),
('Seoul', 'ROK', 'ROK', 9766000, 374.0000, 1.2700),
('Shanghai', 'VRC', 'JSU', 26320000, 311.5000, 1.2130),
('Shenyang', 'VRC', 'LIA', 4642000, 420.0000, 1.2330),
('Shijiazhuang', 'VRC', 'HEB', 3100000, 380.0000, 1.1450),
('Shillong', 'IND', 'MEG', 143229, 254.0000, 915.0000),
('Shkoder', 'AL', 'AL', 142513, 422.0000, 192.0000),
('Sigmaringen', 'D', 'BAW', 130275, 480.0000, 91.0000),
('Silvassa', 'IND', 'DNH', 98265, 202.0000, 731.0000),
('Simla', 'IND', 'HIP', 169578, 310.0000, 771.0000),
('Singapur', 'SGP', 'SGP', 5612000, 12.9000, 1.0340),
('Skien', 'N', 'TE', 53439, 591.0000, 94.0000),
('Skopje', 'MK', '', 546824, 420.0000, 214.0000),
('Sofia', 'BG', 'BG', 1236000, 424.5000, 233.0000),
('Springfield', 'USA', 'IL', 114868, 394.0000, -895.0000),
('Srinagar', 'IND', 'JAK', 1181000, 340.0000, 743.0000),
('St.Poelten', 'A', 'NIE', 154045, 481.3000, 153.8000),
('St._Helier', 'GB', 'GBJ', 33500, 491.5000, -20.8000),
('St._John\'s', 'CDN', 'NF', 113948, 473.0000, -525.0000),
('St._Louis', 'USA', 'MO', 318069, 385.0000, -902.0000),
('St._Paul', 'USA', 'MN', 306621, 450.0000, -930.0000),
('St._Peter_Port', 'GB', 'GBG', 18207, 492.9000, -23.5000),
('Sta._Isabel', 'RGE', 'RGE', 7270, 35.0000, 85.0000),
('Starnberg', 'D', 'BAY', 23223, 470.0000, 110.0000),
('Stavanger', 'N', 'RO', 130754, 590.0000, 55.0000),
('Steinkjer', 'N', 'NT', 21555, 640.0000, 113.0000),
('Stockholm', 'S', 'AB', 962154, 592.0000, 180.0000),
('Stralsund', 'D', 'MV', 59610, 543.0000, 131.0000),
('Strasbourg', 'F', 'ALS', 277270, 483.0000, 74.0000),
('Straubing', 'D', 'BAY', 44496, 488.0000, 125.0000),
('Stuttgart', 'D', 'BAW', 628032, 487.0000, 91.0000),
('Sucre', 'BOL', 'BOL', 300000, -190.0000, -651.0000),
('Surabaja', 'RI', 'RI', 2765000, -71.5000, 1.1240),
('Suva', 'FIJI', 'FIJI', 88271, 469.0000, 95.0000),
('Svolvaer', 'N', 'NO', 4720, 682.0000, 143.0000),
('Sydney', 'AUS', 'NSW', 4627000, -335.3000, 1.5110),
('Taebriz', 'IR', 'OAS', 1559000, 381.0000, 462.0000),
('Taipeh', 'ROC', 'ROC', 2674000, 250.0000, 1.2130),
('Taiyuan', 'VRC', 'SHX', 4201591, 380.0000, 1.1230),
('Tallahassee', 'USA', 'FL', 191049, 302.0000, -841.0000),
('Tallinn', 'EST', 'EST', 426538, 593.0000, 250.0000),
('Tampere', 'SF', 'HAE', 226696, 613.0000, 235.0000),
('Tananarive', 'RM', 'RM', 1816000, -186.0000, 474.0000),
('Taschkent', 'RUS', 'USB', 2393000, 411.6000, 691.6000),
('Tbilissi', 'RUS', 'GEO', 2393000, 415.0000, 445.0000),
('Tegucigalpa', 'HON', 'HON', 1158000, 148.0000, -872.0000),
('Teheran', 'IR', 'TEH', 8694000, 354.0000, 513.0000),
('Tepic', 'MEX', 'NAY', 332863, 213.0000, -1.0450),
('Teresina', 'BR', 'PIA', 814230, -50.0000, -425.0000),
('Thimbu', 'BHU', 'BHU', 114551, 275.0000, 896.0000),
('Thohoyandou', 'V', 'V', 69453, -229.0000, 304.0000),
('Thorshavn', 'DK', 'FA', 13083, 620.0000, -65.0000),
('Tirana', 'AL', 'AL', 418495, 462.0000, 107.0000),
('Tlaxcala_de_Xincotencatl', 'MEX', 'TLA', 116800, 192.0000, -981.0000),
('Toensberg', 'N', 'VE', 41550, 592.0000, 102.0000),
('Tokyo', 'J', 'J', 9273000, 354.5000, 1.3940),
('Toluca_de_Lerdo', 'MEX', 'MEX', 489333, 192.0000, -994.0000),
('Topeka', 'USA', 'KS', 126587, 390.0000, -954.0000),
('Torgau', 'D', 'SN', 20015, 510.0000, 120.0000),
('Toronto', 'CDN', 'ON', 2930000, 435.0000, -795.0000),
('Toulouse', 'F', 'MID', 471941, 434.0000, 12.0000),
('Trenton', 'USA', 'NJ', 84964, 401.0000, -745.0000),
('Trient', 'I', 'TRE', 117417, 460.0000, 111.0000),
('Trier', 'D', 'RPF', 114914, 497.0000, 66.0000),
('Triest', 'I', 'FRI', 204234, 453.9000, 134.5000),
('Tripolis', 'LAR', 'LAR', 1158000, 373.0000, 223.0000),
('Trivandrum', 'IND', 'KER', 957730, 82.0000, 770.0000),
('Tromsoe', 'N', 'TR', 71590, 694.0000, 190.0000),
('Trondheim', 'N', 'ST', 182035, 633.0000, 102.0000),
('Tuebingen', 'D', 'BAW', 89011, 486.0000, 90.0000),
('Tunis', 'TN', 'TN', 638845, 364.0000, 106.0000),
('Turin', 'I', 'PIE', 886837, 455.0000, 73.9000),
('Turku', 'SF', 'TUP', 186756, 603.0000, 221.0000),
('Tuxtla_Gutierrez', 'MEX', 'CHI', 537102, 165.0000, -931.0000),
('Ulan_Bator', 'MON', 'MON', 1452000, 480.0000, 1.0700),
('Uliga', 'MAR', 'MAR', 7600, 70.0000, 1713.0000),
('Ulm', 'D', 'BAW', 122636, 483.0000, 100.0000),
('Umeo', 'S', 'AC', 84761, 635.0000, 201.0000),
('Umtata', 'X', 'X', 210783, 313.3000, 283.8000),
('Uppsala', 'S', 'C', 168096, 595.0000, 174.0000),
('Urumiyeh', 'IR', 'WAS', 736224, 373.0000, 450.0000),
('Urumqi', 'VRC', 'XIN', 1500000, 440.0000, 880.0000),
('Ushuaia', 'RA', 'NAT', 64000, -545.0000, -683.0000),
('Vaasa', 'SF', 'VAA', 66405, 630.0000, 213.0000),
('Vadsoe', 'N', 'FI', 6223, 705.0000, 295.0000),
('Vaenersborg', 'S', 'P', 21699, 582.0000, 122.0000),
('Vaesteros', 'S', 'U', 117732, 594.0000, 163.0000),
('Vaexjoe', 'S', 'G', 66275, 565.0000, 150.0000),
('Valletta', 'M', 'M', 5730, 350.8000, 142.0000),
('Valparaiso', 'RCH', 'RCH', 295113, -331.0000, -713.0000),
('Vancouver', 'CDN', 'BC', 675218, 485.0000, -1.2240),
('Vatikanstadt', 'SCV', 'SCV', 1000, 415.0000, 123.0000),
('Veiaku', 'TUV', 'TUV', 8000, -85.0000, 1719.0000),
('Venedig', 'I', 'VEN', 261905, 452.7000, 122.0000),
('Victoria', 'CDN', 'BC', 92141, 481.0000, -1.2300),
('Viedma', 'RA', 'RIO', 52789, -405.0000, -631.0000),
('Vientiane', 'LAO', 'LAO', 620000, 180.0000, 1.0240),
('Villahermosa', 'MEX', 'TAB', 353577, 180.0000, -930.0000),
('Vilnius', 'LT', 'LIT', 544386, 544.0000, 253.0000),
('Visby', 'S', 'I', 24330, 573.0000, 182.0000),
('Vitoria', 'BR', 'ESP', 249176, -202.0000, -403.0000),
('Vlore', 'AL', 'AL', 79513, 403.0000, 193.0000),
('Voelklingen', 'D', 'SAR', 40086, 490.0000, 60.0000),
('Wakrah', 'Q', 'Q', 87970, 251.0000, 515.0000),
('Waldshut_Tiengen', 'D', 'BAW', 22729, 476.0000, 82.0000),
('Waren', 'D', 'MV', 21223, 530.0000, 120.0000),
('Warendorf', 'D', 'NRW', 38134, 510.0000, 70.0000),
('Warschau', 'PL', 'PL', 1765000, 521.3000, 210.0000),
('Washington', 'USA', 'DC', 633427, 385.0000, -770.0000),
('Weisenfels', 'D', 'SA', 33436, 512.0000, 119.0000),
('Wellington', 'NZ', 'NZ', 212700, -412.0000, 1.7440),
('Whitehorse', 'CDN', 'YU', 25085, 604.0000, -1.3500),
('Wien', 'A', 'WIE', 1868000, 481.0000, 162.0000),
('Wiesbaden', 'D', 'HES', 276218, 500.7000, 81.7000),
('Wilhelmshaven', 'D', 'NIE', 76293, 536.0000, 81.0000),
('Williamsburg', 'USA', 'VA', 32926, 372.0000, -765.0000),
('Windhuk', 'SWA', 'SWA', 325858, -223.0000, 172.0000),
('Winnipeg', 'CDN', 'MB', 749534, 495.0000, -971.0000),
('Wladiwostok', 'RUS', 'RSF', 598927, 430.7000, 1.3150),
('Worms', 'D', 'RPF', 83000, 490.0000, 80.0000),
('Wuerzburg', 'D', 'BAY', 124873, 498.0000, 99.0000),
('Wuhan', 'VRC', 'HUB', 10610000, 304.5000, 1.1410),
('Wurzen', 'D', 'SN', 16992, 514.0000, 127.0000),
('Xian', 'VRC', 'SHA', 4000000, 340.0000, 1.0900),
('Xining', 'VRC', 'QIN', 2210000, 370.0000, 1.0200),
('Yaren', 'NAU', 'NAU', 12090, -5.0000, 1669.0000),
('Yellowknife', 'CDN', 'NW', 19569, 623.0000, -1.1420),
('Yinchuan', 'VRC', 'NIN', 1177613, 383.0000, 1.0620),
('Yokohama', 'J', 'J', 3725000, 353.0000, 1.3930),
('Zacatecas', 'MEX', 'ZAC', 1579000, 225.0000, -1.0240),
('Zagreb', 'HR', '', 792875, 458.0000, 159.0000),
('Zhengzhou', 'VRC', 'HEN', 10120000, 345.0000, 1.1400),
('Zittau', 'D', 'SN', 28906, 508.0000, 148.0000),
('Zuerich', 'CH', 'ZH', 409241, 473.0000, 853.0000),
('Lausanne', 'CH', 'VD', 138905, 465.0000, 663.0000),
('Chur', 'CH', 'GR', 32957, 468.0000, 953.0000),
('Zug', 'CH', 'ZG', 123948, 471.0000, 852.0000),
('Luzern', 'CH', 'LU', 403397, 470.0000, 830.0000),
('Winterthur', 'CH', 'ZH', 110912, 474.0000, 873.0000),
('St. Gallen', 'CH', 'SG', 75522, 474.0000, 937.0000),
('Thun', 'CH', 'BE', 42623, 467.0000, 762.0000),
('Freiburg', 'CH', 'FR', 38829, 464.0000, 709.0000),
('Neuenburg', 'CH', 'NE', 32819, 465.0000, 655.0000),
('Yverdon les bains', 'CH', 'VD', 25815, 467.0000, 655.0000),
('Biel', 'CH', 'BE', 54640, 471.0000, 724.0000),
('Sitten', 'CH', 'VS', 29304, 462.0000, 736.0000);

-- --------------------------------------------------------

--
-- Tabellenstruktur für Tabelle `UMFASST`
--

CREATE TABLE `UMFASST` (
  `id` int(11) NOT NULL,
  `L_ID` varchar(4) DEFAULT NULL,
  `K_NAME` varchar(10) DEFAULT NULL,
  `PROZENT` double(16,4) DEFAULT NULL
) ENGINE=MyISAM DEFAULT CHARSET=latin1 COLLATE=latin1_swedish_ci PACK_KEYS=1;

--
-- Daten für Tabelle `UMFASST`
--

INSERT INTO `UMFASST` (`id`, `L_ID`, `K_NAME`, `PROZENT`) VALUES
(1, 'A', 'Europa', 100.0000),
(2, 'ADN', 'Asien', 100.0000),
(3, 'AFG', 'Asien', 100.0000),
(4, 'AL', 'Europa', 100.0000),
(5, 'AN', 'Europa', 100.0000),
(6, 'AUB', 'Amerika', 100.0000),
(7, 'AUS', 'Australien', 100.0000),
(8, 'BE', 'Europa', 100.0000),
(9, 'BDS', 'Amerika', 100.0000),
(10, 'BF', 'Amerika', 100.0000),
(11, 'BG', 'Europa', 100.0000),
(12, 'BH', 'Amerika', 100.0000),
(13, 'BHU', 'Asien', 100.0000),
(14, 'BIH', 'Europa', 100.0000),
(15, 'BOL', 'Amerika', 100.0000),
(16, 'BR', 'Amerika', 100.0000),
(17, 'BRN', 'Asien', 100.0000),
(18, 'BRU', 'Asien', 100.0000),
(19, 'BS', 'Amerika', 100.0000),
(20, 'BU', 'Afrika', 100.0000),
(21, 'BUR', 'Asien', 100.0000),
(22, 'BY', 'Europa', 100.0000),
(23, 'C', 'Amerika', 100.0000),
(24, 'CAM', 'Afrika', 100.0000),
(25, 'CDN', 'Amerika', 100.0000),
(26, 'CH', 'Europa', 100.0000),
(27, 'CI', 'Afrika', 100.0000),
(28, 'CL', 'Asien', 100.0000),
(29, 'CO', 'Amerika', 100.0000),
(30, 'CR', 'Amerika', 100.0000),
(31, 'CY', 'Europa', 100.0000),
(32, 'CZ', 'Europa', 100.0000),
(33, 'D', 'Europa', 100.0000),
(34, 'DARS', 'Afrika', 100.0000),
(35, 'DK', 'Europa', 100.0000),
(36, 'DOM', 'Amerika', 100.0000),
(37, 'DZ', 'Afrika', 100.0000),
(38, 'E', 'Europa', 100.0000),
(39, 'EAK', 'Afrika', 100.0000),
(40, 'EAS', 'Afrika', 100.0000),
(41, 'EAT', 'Afrika', 100.0000),
(42, 'EAU', 'Afrika', 100.0000),
(43, 'EC', 'Amerika', 100.0000),
(44, 'ES', 'Amerika', 100.0000),
(45, 'EST', 'Europa', 100.0000),
(46, 'ET', 'Afrika', 90.0000),
(47, 'ET', 'Asien', 10.0000),
(48, 'ETH', 'Afrika', 100.0000),
(49, 'F', 'Europa', 100.0000),
(50, 'FIJI', 'Australien', 100.0000),
(51, 'FL', 'Europa', 100.0000),
(52, 'FSM', 'Australien', 100.0000),
(53, 'GAB', 'Afrika', 100.0000),
(54, 'GB', 'Europa', 100.0000),
(55, 'GCA', 'Amerika', 100.0000),
(56, 'GH', 'Afrika', 100.0000),
(57, 'GR', 'Europa', 100.0000),
(58, 'GUB', 'Afrika', 100.0000),
(59, 'GUI', 'Afrika', 100.0000),
(60, 'GUY', 'Amerika', 100.0000),
(61, 'H', 'Europa', 100.0000),
(62, 'HON', 'Amerika', 100.0000),
(63, 'HR', 'Europa', 100.0000),
(64, 'I', 'Europa', 100.0000),
(65, 'IL', 'Asien', 100.0000),
(66, 'IND', 'Asien', 100.0000),
(67, 'IR', 'Asien', 100.0000),
(68, 'IRL', 'Europa', 100.0000),
(69, 'IRQ', 'Asien', 100.0000),
(70, 'IS', 'Europa', 100.0000),
(71, 'J', 'Asien', 100.0000),
(72, 'JA', 'Amerika', 100.0000),
(73, 'JB', 'Afrika', 100.0000),
(74, 'JEM', 'Asien', 100.0000),
(75, 'JOR', 'Asien', 100.0000),
(76, 'KAP', 'Afrika', 100.0000),
(77, 'KIR', 'Australien', 100.0000),
(78, 'KOM', 'Afrika', 100.0000),
(79, 'KSA', 'Asien', 100.0000),
(80, 'KT', 'Asien', 100.0000),
(81, 'L', 'Europa', 100.0000),
(82, 'LAO', 'Asien', 100.0000),
(83, 'LAR', 'Afrika', 100.0000),
(84, 'LB', 'Afrika', 100.0000),
(85, 'LS', 'Afrika', 100.0000),
(86, 'LT', 'Europa', 100.0000),
(87, 'LV', 'Europa', 100.0000),
(88, 'M', 'Europa', 100.0000),
(89, 'MA', 'Afrika', 100.0000),
(90, 'MAL', 'Asien', 100.0000),
(91, 'MAR', 'Australien', 100.0000),
(92, 'MC', 'Europa', 100.0000),
(93, 'MD', 'Europa', 100.0000),
(94, 'MEX', 'Amerika', 100.0000),
(95, 'MK', 'Europa', 100.0000),
(96, 'MON', 'Asien', 100.0000),
(97, 'MOS', 'Afrika', 100.0000),
(98, 'MS', 'Afrika', 100.0000),
(99, 'MW', 'Afrika', 100.0000),
(100, 'N', 'Europa', 100.0000),
(101, 'NAU', 'Australien', 100.0000),
(102, 'NEP', 'Asien', 100.0000),
(103, 'NIC', 'Amerika', 100.0000),
(104, 'NL', 'Europa', 100.0000),
(105, 'NZ', 'Australien', 100.0000),
(106, 'OMA', 'Asien', 100.0000),
(107, 'P', 'Europa', 100.0000),
(108, 'PA', 'Amerika', 100.0000),
(109, 'PAK', 'Asien', 100.0000),
(110, 'PAL', 'Australien', 100.0000),
(111, 'PE', 'Amerika', 100.0000),
(112, 'PI', 'Asien', 100.0000),
(113, 'PL', 'Europa', 100.0000),
(114, 'PNG', 'Australien', 100.0000),
(115, 'PY', 'Amerika', 100.0000),
(116, 'Q', 'Asien', 100.0000),
(117, 'RA', 'Amerika', 100.0000),
(118, 'RB', 'Afrika', 100.0000),
(119, 'RCA', 'Afrika', 100.0000),
(120, 'RCB', 'Afrika', 100.0000),
(121, 'RCH', 'Amerika', 100.0000),
(122, 'RD', 'Afrika', 100.0000),
(123, 'RGE', 'Afrika', 100.0000),
(124, 'RH', 'Amerika', 100.0000),
(125, 'RI', 'Asien', 100.0000),
(126, 'RIM', 'Afrika', 100.0000),
(127, 'RL', 'Asien', 100.0000),
(128, 'RM', 'Afrika', 100.0000),
(129, 'RMAL', 'Asien', 100.0000),
(130, 'RMM', 'Afrika', 100.0000),
(131, 'RN', 'Afrika', 100.0000),
(132, 'RO', 'Europa', 100.0000),
(133, 'ROC', 'Asien', 100.0000),
(134, 'ROK', 'Asien', 100.0000),
(135, 'RPA', 'Afrika', 100.0000),
(136, 'RPB', 'Afrika', 100.0000),
(137, 'RSA', 'Afrika', 100.0000),
(138, 'RSM', 'Europa', 100.0000),
(139, 'RUS', 'Asien', 80.0000),
(140, 'RUS', 'Europa', 20.0000),
(141, 'RWA', 'Afrika', 100.0000),
(142, 'S', 'Europa', 100.0000),
(143, 'SAL', 'Australien', 100.0000),
(144, 'SAO', 'Afrika', 100.0000),
(145, 'SCN', 'Amerika', 100.0000),
(146, 'SCV', 'Europa', 100.0000),
(147, 'SD', 'Afrika', 100.0000),
(148, 'SF', 'Europa', 100.0000),
(149, 'SGP', 'Asien', 100.0000),
(150, 'SK', 'Europa', 100.0000),
(151, 'SLO', 'Europa', 100.0000),
(152, 'SME', 'Amerika', 100.0000),
(153, 'SN', 'Afrika', 100.0000),
(154, 'SP', 'Afrika', 100.0000),
(155, 'SWA', 'Afrika', 100.0000),
(156, 'SY', 'Afrika', 100.0000),
(157, 'SYR', 'Asien', 100.0000),
(158, 'TCH', 'Afrika', 100.0000),
(159, 'TG', 'Afrika', 100.0000),
(160, 'THA', 'Asien', 100.0000),
(161, 'TN', 'Afrika', 100.0000),
(162, 'TON', 'Australien', 100.0000),
(163, 'TR', 'Asien', 68.0000),
(164, 'TR', 'Europa', 32.0000),
(165, 'TT', 'Amerika', 100.0000),
(166, 'TUV', 'Australien', 100.0000),
(167, 'U', 'Amerika', 100.0000),
(168, 'UA', 'Europa', 100.0000),
(169, 'UAE', 'Asien', 100.0000),
(170, 'USA', 'Amerika', 100.0000),
(171, 'V', 'Afrika', 100.0000),
(172, 'VAN', 'Australien', 100.0000),
(173, 'VN', 'Asien', 100.0000),
(174, 'VRC', 'Asien', 100.0000),
(175, 'VRK', 'Asien', 100.0000),
(176, 'WAG', 'Afrika', 100.0000),
(177, 'WAL', 'Afrika', 100.0000),
(178, 'WAN', 'Afrika', 100.0000),
(179, 'WD', 'Amerika', 100.0000),
(180, 'WG', 'Amerika', 100.0000),
(181, 'WL', 'Amerika', 100.0000),
(182, 'WS', 'Australien', 100.0000),
(183, 'WV', 'Amerika', 100.0000),
(184, 'X', 'Afrika', 100.0000),
(185, 'MNE', 'Europa', 100.0000),
(186, 'YV', 'Amerika', 100.0000),
(187, 'Z', 'Afrika', 100.0000),
(188, 'ZRE', 'Afrika', 100.0000),
(189, 'ZW', 'Afrika', 100.0000),
(190, 'CHI', 'Asien', 100.0000);

-- --------------------------------------------------------

--
-- Tabellenstruktur für Tabelle `WUESTE`
--

CREATE TABLE `WUESTE` (
  `id` int(11) NOT NULL,
  `W_NAME` varchar(25) DEFAULT NULL,
  `FLAECHE` double(16,4) DEFAULT NULL,
  `WUESTENART` varchar(17) DEFAULT NULL
) ENGINE=MyISAM DEFAULT CHARSET=latin1 COLLATE=latin1_swedish_ci PACK_KEYS=1;

--
-- Daten für Tabelle `WUESTE`
--

INSERT INTO `WUESTE` (`id`, `W_NAME`, `FLAECHE`, `WUESTENART`) VALUES
(1, 'Arabische_Wueste', 22000.0000, 'Wueste/Halbwueste'),
(2, 'Asauad', 35000.0000, 'Sandwueste'),
(3, 'Atacama', 180000.0000, 'Trockenwueste'),
(4, 'Dschurab', 15000.0000, 'Wueste/Halbwueste'),
(5, 'Erg_Igidi', 35000.0000, 'Sandwueste'),
(6, 'Erg_Rebiana', 6500.0000, 'Sandwueste'),
(7, 'Erg_Schesch', 45000.0000, 'Sandwueste'),
(8, 'Fesan', 130000.0000, 'Sandwueste'),
(9, 'Gibsonwueste', 310800.0000, 'Stein'),
(10, 'Grosser_Erg_von_Bilma', 25000.0000, 'Sandwueste'),
(11, 'Grosse_Sandwueste', 267250.0000, 'Sand'),
(12, 'Grosse_Victoriawueste', 34875.0000, 'Sand'),
(13, 'Hamada_des_Draa', 20000.0000, 'Felswueste'),
(14, 'Hamada_el-Hamra', 84000.0000, 'Felswueste'),
(15, 'Kalahari', 930000.0000, 'Wueste/Halbwueste'),
(16, 'Karakum', 350000.0000, 'Sand'),
(17, 'Kysylkum', 200000.0000, 'Sand'),
(18, 'Libysche_Wueste', 190000.0000, 'Sandwueste'),
(19, 'Makteir', 25000.0000, 'Sandwueste'),
(20, 'Mujunkum', 37500.0000, 'Sand'),
(21, 'Nubische_Wueste', 30000.0000, 'Wueste/Halbwueste'),
(22, 'Oestl._Grosser_Erg', 70000.0000, 'Sandwueste'),
(23, 'Sagia_el-Hamra', 15000.0000, 'Wueste/Halbwueste'),
(24, 'Simpsonwueste', 176500.0000, 'Sand'),
(25, 'Tanamiwueste', 184500.0000, 'Sand'),
(26, 'Tanesruft', 30000.0000, 'Wueste/Halbwueste'),
(27, 'Tenere', 70000.0000, 'Sandwueste'),
(28, 'Trarza', 25000.0000, 'Sandwueste'),
(29, 'Uaran', 20000.0000, 'Sandwueste'),
(30, 'Westl._Grosser_Erg', 40000.0000, 'Sandwueste');

--
-- Indizes der exportierten Tabellen
--

--
-- Indizes für die Tabelle `aufgaben`
--
ALTER TABLE `aufgaben`
  ADD PRIMARY KEY (`id`);

--
-- Indizes für die Tabelle `BERG`
--
ALTER TABLE `BERG`
  ADD UNIQUE KEY `B_NAME` (`B_NAME`);

--
-- Indizes für die Tabelle `EBENE`
--
ALTER TABLE `EBENE`
  ADD UNIQUE KEY `E_NAME` (`E_NAME`);

--
-- Indizes für die Tabelle `FLUSS`
--
ALTER TABLE `FLUSS`
  ADD PRIMARY KEY (`F_NAME`),
  ADD UNIQUE KEY `F_NAME` (`F_NAME`);

--
-- Indizes für die Tabelle `GEO_BERG`
--
ALTER TABLE `GEO_BERG`
  ADD PRIMARY KEY (`id`);

--
-- Indizes für die Tabelle `GEO_FLUSS`
--
ALTER TABLE `GEO_FLUSS`
  ADD PRIMARY KEY (`id`);

--
-- Indizes für die Tabelle `GEO_MEER`
--
ALTER TABLE `GEO_MEER`
  ADD PRIMARY KEY (`id`);

--
-- Indizes für die Tabelle `GEO_SEE`
--
ALTER TABLE `GEO_SEE`
  ADD PRIMARY KEY (`id`);

--
-- Indizes für die Tabelle `INSEL`
--
ALTER TABLE `INSEL`
  ADD PRIMARY KEY (`I_NAME`),
  ADD UNIQUE KEY `I_NAME` (`I_NAME`);

--
-- Indizes für die Tabelle `IST_BENACHBART_ZU`
--
ALTER TABLE `IST_BENACHBART_ZU`
  ADD PRIMARY KEY (`id`);

--
-- Indizes für die Tabelle `KONTINENT`
--
ALTER TABLE `KONTINENT`
  ADD UNIQUE KEY `K_NAME` (`K_NAME`);

--
-- Indizes für die Tabelle `LAND`
--
ALTER TABLE `LAND`
  ADD UNIQUE KEY `L_ID_2` (`L_ID`),
  ADD UNIQUE KEY `L_ID_3` (`L_ID`),
  ADD KEY `L_ID` (`L_ID`);

--
-- Indizes für die Tabelle `LANDTEIL`
--
ALTER TABLE `LANDTEIL`
  ADD PRIMARY KEY (`id`);

--
-- Indizes für die Tabelle `LIEGT_AN`
--
ALTER TABLE `LIEGT_AN`
  ADD PRIMARY KEY (`id`);

--
-- Indizes für die Tabelle `MEER`
--
ALTER TABLE `MEER`
  ADD UNIQUE KEY `M_NAME` (`M_NAME`);

--
-- Indizes für die Tabelle `ORGANISATION`
--
ALTER TABLE `ORGANISATION`
  ADD PRIMARY KEY (`id`);

--
-- Indizes für die Tabelle `STADT`
--
ALTER TABLE `STADT`
  ADD UNIQUE KEY `ST_NAME` (`ST_NAME`);

--
-- Indizes für die Tabelle `UMFASST`
--
ALTER TABLE `UMFASST`
  ADD PRIMARY KEY (`id`);

--
-- Indizes für die Tabelle `WUESTE`
--
ALTER TABLE `WUESTE`
  ADD PRIMARY KEY (`id`);

--
-- AUTO_INCREMENT für exportierte Tabellen
--

--
-- AUTO_INCREMENT für Tabelle `aufgaben`
--
ALTER TABLE `aufgaben`
  MODIFY `id` int(11) NOT NULL AUTO_INCREMENT, AUTO_INCREMENT=14;

--
-- AUTO_INCREMENT für Tabelle `GEO_BERG`
--
ALTER TABLE `GEO_BERG`
  MODIFY `id` int(11) NOT NULL AUTO_INCREMENT, AUTO_INCREMENT=119;

--
-- AUTO_INCREMENT für Tabelle `GEO_FLUSS`
--
ALTER TABLE `GEO_FLUSS`
  MODIFY `id` int(11) NOT NULL AUTO_INCREMENT, AUTO_INCREMENT=301;

--
-- AUTO_INCREMENT für Tabelle `GEO_MEER`
--
ALTER TABLE `GEO_MEER`
  MODIFY `id` int(11) NOT NULL AUTO_INCREMENT, AUTO_INCREMENT=348;

--
-- AUTO_INCREMENT für Tabelle `GEO_SEE`
--
ALTER TABLE `GEO_SEE`
  MODIFY `id` int(11) NOT NULL AUTO_INCREMENT, AUTO_INCREMENT=152;

--
-- AUTO_INCREMENT für Tabelle `IST_BENACHBART_ZU`
--
ALTER TABLE `IST_BENACHBART_ZU`
  MODIFY `id` int(11) NOT NULL AUTO_INCREMENT, AUTO_INCREMENT=349;

--
-- AUTO_INCREMENT für Tabelle `LANDTEIL`
--
ALTER TABLE `LANDTEIL`
  MODIFY `id` int(11) NOT NULL AUTO_INCREMENT, AUTO_INCREMENT=565;

--
-- AUTO_INCREMENT für Tabelle `LIEGT_AN`
--
ALTER TABLE `LIEGT_AN`
  MODIFY `id` int(11) NOT NULL AUTO_INCREMENT, AUTO_INCREMENT=358;

--
-- AUTO_INCREMENT für Tabelle `ORGANISATION`
--
ALTER TABLE `ORGANISATION`
  MODIFY `id` int(11) NOT NULL AUTO_INCREMENT, AUTO_INCREMENT=58;

--
-- AUTO_INCREMENT für Tabelle `UMFASST`
--
ALTER TABLE `UMFASST`
  MODIFY `id` int(11) NOT NULL AUTO_INCREMENT, AUTO_INCREMENT=195;

--
-- AUTO_INCREMENT für Tabelle `WUESTE`
--
ALTER TABLE `WUESTE`
  MODIFY `id` int(11) NOT NULL AUTO_INCREMENT, AUTO_INCREMENT=33;
COMMIT;

/*!40101 SET CHARACTER_SET_CLIENT=@OLD_CHARACTER_SET_CLIENT */;
/*!40101 SET CHARACTER_SET_RESULTS=@OLD_CHARACTER_SET_RESULTS */;
/*!40101 SET COLLATION_CONNECTION=@OLD_COLLATION_CONNECTION */;
